INSERT INTO `PE0_wpmailsmtp_debug_events` VALUES
(942, 'Mailer: Other SMTP\r\nSMTP Error: The following recipients failed: webdev@parrishconsulting.com: No Such User Here', '{"file":"\\/home\\/kouilwmy\\/public_html\\/pappabears\\/wp-admin\\/includes\\/class-wp-automatic-updater.php","line":1359}', 0, '2024-01-18 16:12:03'),
(943, 'Mailer: Other SMTP\r\nPHPMailer was able to connect to SMTP server but failed while trying to send an email.', '{"file":"\\/home\\/kouilwmy\\/public_html\\/pappabears\\/wp-content\\/plugins\\/wpforms-lite\\/src\\/Emails\\/Mailer.php","line":531}', 0, '2024-01-18 20:25:12'),
(944, 'Mailer: Other SMTP\r\nSMTP Error: The following recipients failed: O.Snyder@parrishconsulting.com: No Such User Here', '{"file":"\\/home\\/kouilwmy\\/public_html\\/pappabears\\/wp-content\\/plugins\\/wpforms-lite\\/src\\/Emails\\/Mailer.php","line":531}', 0, '2024-01-18 20:25:12'),
(945, 'Mailer: Other SMTP\r\nPHPMailer was able to connect to SMTP server but failed while trying to send an email.', '{"file":"\\/home\\/kouilwmy\\/public_html\\/pappabears\\/wp-admin\\/includes\\/class-wp-automatic-updater.php","line":1359}', 0, '2024-01-19 04:10:12'),
(946, 'Mailer: Other SMTP\r\nSMTP Error: The following recipients failed: webdev@parrishconsulting.com: No Such User Here', '{"file":"\\/home\\/kouilwmy\\/public_html\\/pappabears\\/wp-admin\\/includes\\/class-wp-automatic-updater.php","line":1359}', 0, '2024-01-19 04:10:12'),
(947, 'Mailer: Other SMTP\r\nPHPMailer was able to connect to SMTP server but failed while trying to send an email.', '{"file":"\\/home\\/kouilwmy\\/public_html\\/pappabears\\/wp-admin\\/includes\\/class-wp-automatic-updater.php","line":1359}', 0, '2024-01-19 16:11:52'),
(948, 'Mailer: Other SMTP\r\nSMTP Error: The following recipients failed: webdev@parrishconsulting.com: No Such User Here', '{"file":"\\/home\\/kouilwmy\\/public_html\\/pappabears\\/wp-admin\\/includes\\/class-wp-automatic-updater.php","line":1359}', 0, '2024-01-19 16:11:52'),
(949, 'Mailer: Other SMTP\r\nPHPMailer was able to connect to SMTP server but failed while trying to send an email.', '{"file":"\\/home\\/kouilwmy\\/public_html\\/pappabears\\/wp-content\\/plugins\\/wpforms-lite\\/src\\/Emails\\/Mailer.php","line":531}', 0, '2024-01-20 02:01:49'),
(950, 'Mailer: Other SMTP\r\nSMTP Error: The following recipients failed: O.Snyder@parrishconsulting.com: No Such User Here', '{"file":"\\/home\\/kouilwmy\\/public_html\\/pappabears\\/wp-content\\/plugins\\/wpforms-lite\\/src\\/Emails\\/Mailer.php","line":531}', 0, '2024-01-20 02:01:49'),
(951, 'Mailer: Other SMTP\r\nPHPMailer was able to connect to SMTP server but failed while trying to send an email.', '{"file":"\\/home\\/kouilwmy\\/public_html\\/pappabears\\/wp-admin\\/includes\\/class-wp-automatic-updater.php","line":1359}', 0, '2024-01-20 04:07:41'),
(952, 'Mailer: Other SMTP\r\nSMTP Error: The following recipients failed: webdev@parrishconsulting.com: No Such User Here', '{"file":"\\/home\\/kouilwmy\\/public_html\\/pappabears\\/wp-admin\\/includes\\/class-wp-automatic-updater.php","line":1359}', 0, '2024-01-20 04:07:41'),
(953, 'Mailer: Other SMTP\r\nPHPMailer was able to connect to SMTP server but failed while trying to send an email.', '{"file":"\\/home\\/kouilwmy\\/public_html\\/pappabears\\/wp-content\\/plugins\\/wpforms-lite\\/src\\/Emails\\/Mailer.php","line":531}', 0, '2024-01-21 13:37:16'),
(954, 'Mailer: Other SMTP\r\nSMTP Error: The following recipients failed: O.Snyder@parrishconsulting.com: No Such User Here', '{"file":"\\/home\\/kouilwmy\\/public_html\\/pappabears\\/wp-content\\/plugins\\/wpforms-lite\\/src\\/Emails\\/Mailer.php","line":531}', 0, '2024-01-21 13:37:16'),
(955, 'Mailer: Other SMTP\r\nPHPMailer was able to connect to SMTP server but failed while trying to send an email.', '{"file":"\\/home\\/kouilwmy\\/public_html\\/pappabears\\/wp-content\\/plugins\\/wpforms-lite\\/src\\/Emails\\/Mailer.php","line":531}', 0, '2024-01-21 13:48:22'),
(956, 'Mailer: Other SMTP\r\nSMTP Error: The following recipients failed: O.Snyder@parrishconsulting.com: No Such User Here', '{"file":"\\/home\\/kouilwmy\\/public_html\\/pappabears\\/wp-content\\/plugins\\/wpforms-lite\\/src\\/Emails\\/Mailer.php","line":531}', 0, '2024-01-21 13:48:22'),
(957, 'Mailer: Other SMTP\r\nPHPMailer was able to connect to SMTP server but failed while trying to send an email.', '{"file":"\\/home\\/kouilwmy\\/public_html\\/pappabears\\/wp-content\\/plugins\\/wpforms-lite\\/src\\/Emails\\/Mailer.php","line":531}', 0, '2024-01-22 14:03:33'),
(958, 'Mailer: Other SMTP\r\nSMTP Error: The following recipients failed: webdev@parrishconsulting.com: No Such User Here', '{"file":"\\/home\\/kouilwmy\\/public_html\\/pappabears\\/wp-content\\/plugins\\/wpforms-lite\\/src\\/Emails\\/Mailer.php","line":531}', 0, '2024-01-22 14:03:33'),
(959, 'Mailer: Other SMTP\r\nPHPMailer was able to connect to SMTP server but failed while trying to send an email.', '{"file":"\\/home\\/kouilwmy\\/public_html\\/pappabears\\/wp-content\\/plugins\\/wp-mail-smtp\\/src\\/Reports\\/Emails\\/Summary.php","line":112}', 0, '2024-01-22 19:17:27'),
(960, 'Mailer: Other SMTP\r\nSMTP Error: The following recipients failed: webdev@parrishconsulting.com: No Such User Here', '{"file":"\\/home\\/kouilwmy\\/public_html\\/pappabears\\/wp-content\\/plugins\\/wp-mail-smtp\\/src\\/Reports\\/Emails\\/Summary.php","line":112}', 0, '2024-01-22 19:17:27'),
(961, 'Mailer: Other SMTP\r\nPHPMailer was able to connect to SMTP server but failed while trying to send an email.', '{"file":"\\/home\\/kouilwmy\\/public_html\\/pappabears\\/wp-admin\\/includes\\/class-wp-automatic-updater.php","line":1359}', 0, '2024-01-23 04:07:47'),
(962, 'Mailer: Other SMTP\r\nSMTP Error: The following recipients failed: webdev@parrishconsulting.com: No Such User Here', '{"file":"\\/home\\/kouilwmy\\/public_html\\/pappabears\\/wp-admin\\/includes\\/class-wp-automatic-updater.php","line":1359}', 0, '2024-01-23 04:07:47'),
(963, 'Mailer: Other SMTP\r\nPHPMailer was able to connect to SMTP server but failed while trying to send an email.', '{"file":"\\/home\\/kouilwmy\\/public_html\\/pappabears\\/wp-admin\\/includes\\/class-wp-automatic-updater.php","line":1359}', 0, '2024-01-23 16:27:56'),
(964, 'Mailer: Other SMTP\r\nSMTP Error: The following recipients failed: webdev@parrishconsulting.com: No Such User Here', '{"file":"\\/home\\/kouilwmy\\/public_html\\/pappabears\\/wp-admin\\/includes\\/class-wp-automatic-updater.php","line":1359}', 0, '2024-01-23 16:27:56'),
(965, 'Mailer: Other SMTP\r\nPHPMailer was able to connect to SMTP server but failed while trying to send an email.', '{"file":"\\/home\\/kouilwmy\\/public_html\\/pappabears\\/wp-content\\/plugins\\/wpforms-lite\\/src\\/Emails\\/Mailer.php","line":531}', 0, '2024-01-24 03:25:26'),
(966, 'Mailer: Other SMTP\r\nSMTP Error: The following recipients failed: O.Snyder@parrishconsulting.com: No Such User Here', '{"file":"\\/home\\/kouilwmy\\/public_html\\/pappabears\\/wp-content\\/plugins\\/wpforms-lite\\/src\\/Emails\\/Mailer.php","line":531}', 0, '2024-01-24 03:25:26'),
(967, 'Mailer: Other SMTP\r\nPHPMailer was able to connect to SMTP server but failed while trying to send an email.', '{"file":"\\/home\\/kouilwmy\\/public_html\\/pappabears\\/wp-content\\/plugins\\/wpforms-lite\\/src\\/Emails\\/Mailer.php","line":531}', 0, '2024-01-24 20:30:07'),
(968, 'Mailer: Other SMTP\r\nSMTP Error: The following recipients failed: O.Snyder@parrishconsulting.com: No Such User Here', '{"file":"\\/home\\/kouilwmy\\/public_html\\/pappabears\\/wp-content\\/plugins\\/wpforms-lite\\/src\\/Emails\\/Mailer.php","line":531}', 0, '2024-01-24 20:30:07'),
(969, 'Mailer: Other SMTP\r\nPHPMailer was able to connect to SMTP server but failed while trying to send an email.', '{"file":"\\/home\\/kouilwmy\\/public_html\\/pappabears\\/wp-admin\\/includes\\/class-wp-automatic-updater.php","line":1359}', 0, '2024-01-25 16:20:39'),
(970, 'Mailer: Other SMTP\r\nSMTP Error: The following recipients failed: webdev@parrishconsulting.com: No Such User Here', '{"file":"\\/home\\/kouilwmy\\/public_html\\/pappabears\\/wp-admin\\/includes\\/class-wp-automatic-updater.php","line":1359}', 0, '2024-01-25 16:20:40'),
(971, 'Mailer: Other SMTP\r\nPHPMailer was able to connect to SMTP server but failed while trying to send an email.', '{"file":"\\/home\\/kouilwmy\\/public_html\\/pappabears\\/wp-content\\/plugins\\/wpforms-lite\\/src\\/Emails\\/Mailer.php","line":531}', 0, '2024-01-26 21:13:31'),
(972, 'Mailer: Other SMTP\r\nSMTP Error: The following recipients failed: O.Snyder@parrishconsulting.com: No Such User Here', '{"file":"\\/home\\/kouilwmy\\/public_html\\/pappabears\\/wp-content\\/plugins\\/wpforms-lite\\/src\\/Emails\\/Mailer.php","line":531}', 0, '2024-01-26 21:13:31'),
(973, 'Mailer: Other SMTP\r\nPHPMailer was able to connect to SMTP server but failed while trying to send an email.', '{"file":"\\/home\\/kouilwmy\\/public_html\\/pappabears\\/wp-admin\\/includes\\/class-wp-automatic-updater.php","line":1359}', 0, '2024-01-27 04:13:01'),
(974, 'Mailer: Other SMTP\r\nSMTP Error: The following recipients failed: webdev@parrishconsulting.com: No Such User Here', '{"file":"\\/home\\/kouilwmy\\/public_html\\/pappabears\\/wp-admin\\/includes\\/class-wp-automatic-updater.php","line":1359}', 0, '2024-01-27 04:13:01'),
(975, 'Mailer: Other SMTP\r\nPHPMailer was able to connect to SMTP server but failed while trying to send an email.', '{"file":"\\/home\\/kouilwmy\\/public_html\\/pappabears\\/wp-content\\/plugins\\/wpforms-lite\\/src\\/Emails\\/Mailer.php","line":531}', 0, '2024-01-27 09:12:58'),
(976, 'Mailer: Other SMTP\r\nSMTP Error: The following recipients failed: O.Snyder@parrishconsulting.com: No Such User Here', '{"file":"\\/home\\/kouilwmy\\/public_html\\/pappabears\\/wp-content\\/plugins\\/wpforms-lite\\/src\\/Emails\\/Mailer.php","line":531}', 0, '2024-01-27 09:12:58'),
(977, 'Mailer: Other SMTP\r\nPHPMailer was able to connect to SMTP server but failed while trying to send an email.', '{"file":"\\/home\\/kouilwmy\\/public_html\\/pappabears\\/wp-content\\/plugins\\/wpforms-lite\\/src\\/Emails\\/Mailer.php","line":531}', 0, '2024-01-29 14:00:49'),
(978, 'Mailer: Other SMTP\r\nSMTP Error: The following recipients failed: webdev@parrishconsulting.com: No Such User Here', '{"file":"\\/home\\/kouilwmy\\/public_html\\/pappabears\\/wp-content\\/plugins\\/wpforms-lite\\/src\\/Emails\\/Mailer.php","line":531}', 0, '2024-01-29 14:00:49'),
(979, 'Mailer: Other SMTP\r\nPHPMailer was able to connect to SMTP server but failed while trying to send an email.', '{"file":"\\/home\\/kouilwmy\\/public_html\\/pappabears\\/wp-admin\\/includes\\/class-wp-automatic-updater.php","line":1359}', 0, '2024-01-29 16:09:54'),
(980, 'Mailer: Other SMTP\r\nSMTP Error: The following recipients failed: webdev@parrishconsulting.com: No Such User Here', '{"file":"\\/home\\/kouilwmy\\/public_html\\/pappabears\\/wp-admin\\/includes\\/class-wp-automatic-updater.php","line":1359}', 0, '2024-01-29 16:09:54'),
(981, 'Mailer: Other SMTP\r\nPHPMailer was able to connect to SMTP server but failed while trying to send an email.', '{"file":"\\/home\\/kouilwmy\\/public_html\\/pappabears\\/wp-content\\/plugins\\/wp-mail-smtp\\/src\\/Reports\\/Emails\\/Summary.php","line":112}', 0, '2024-01-29 19:21:40'),
(982, 'Mailer: Other SMTP\r\nSMTP Error: The following recipients failed: webdev@parrishconsulting.com: No Such User Here', '{"file":"\\/home\\/kouilwmy\\/public_html\\/pappabears\\/wp-content\\/plugins\\/wp-mail-smtp\\/src\\/Reports\\/Emails\\/Summary.php","line":112}', 0, '2024-01-29 19:21:40'),
(983, 'Mailer: Other SMTP\r\nPHPMailer was able to connect to SMTP server but failed while trying to send an email.', '{"file":"\\/home\\/kouilwmy\\/public_html\\/pappabears\\/wp-content\\/plugins\\/wpforms-lite\\/src\\/Emails\\/Mailer.php","line":531}', 0, '2024-01-29 20:01:47'),
(984, 'Mailer: Other SMTP\r\nSMTP Error: The following recipients failed: O.Snyder@parrishconsulting.com: No Such User Here', '{"file":"\\/home\\/kouilwmy\\/public_html\\/pappabears\\/wp-content\\/plugins\\/wpforms-lite\\/src\\/Emails\\/Mailer.php","line":531}', 0, '2024-01-29 20:01:47'),
(985, 'Mailer: Other SMTP\r\nPHPMailer was able to connect to SMTP server but failed while trying to send an email.', '{"file":"\\/home\\/kouilwmy\\/public_html\\/pappabears\\/wp-content\\/plugins\\/wpforms-lite\\/src\\/Emails\\/Mailer.php","line":531}', 0, '2024-01-30 10:20:24'),
(986, 'Mailer: Other SMTP\r\nSMTP Error: The following recipients failed: O.Snyder@parrishconsulting.com: No Such User Here', '{"file":"\\/home\\/kouilwmy\\/public_html\\/pappabears\\/wp-content\\/plugins\\/wpforms-lite\\/src\\/Emails\\/Mailer.php","line":531}', 0, '2024-01-30 10:20:24'),
(987, 'Mailer: Other SMTP\r\nPHPMailer was able to connect to SMTP server but failed while trying to send an email.', '{"file":"\\/home\\/kouilwmy\\/public_html\\/pappabears\\/wp-admin\\/includes\\/class-wp-automatic-updater.php","line":1359}', 0, '2024-01-30 16:35:19'),
(988, 'Mailer: Other SMTP\r\nSMTP Error: The following recipients failed: webdev@parrishconsulting.com: No Such User Here', '{"file":"\\/home\\/kouilwmy\\/public_html\\/pappabears\\/wp-admin\\/includes\\/class-wp-automatic-updater.php","line":1359}', 0, '2024-01-30 16:35:19'),
(989, 'Mailer: Other SMTP\r\nPHPMailer was able to connect to SMTP server but failed while trying to send an email.', '{"file":"\\/home\\/kouilwmy\\/public_html\\/pappabears\\/wp-admin\\/includes\\/class-wp-automatic-updater.php","line":1359}', 0, '2024-01-31 04:07:25'),
(990, 'Mailer: Other SMTP\r\nSMTP Error: The following recipients failed: webdev@parrishconsulting.com: No Such User Here', '{"file":"\\/home\\/kouilwmy\\/public_html\\/pappabears\\/wp-admin\\/includes\\/class-wp-automatic-updater.php","line":1359}', 0, '2024-01-31 04:07:25'),
(991, 'Mailer: Other SMTP\r\nPHPMailer was able to connect to SMTP server but failed while trying to send an email.', '{"file":"\\/home\\/kouilwmy\\/public_html\\/pappabears\\/wp-admin\\/includes\\/class-wp-automatic-updater.php","line":976}', 0, '2024-01-31 14:10:41'),
(992, 'Mailer: Other SMTP\r\nSMTP Error: The following recipients failed: webdev@parrishconsulting.com: No Such User Here', '{"file":"\\/home\\/kouilwmy\\/public_html\\/pappabears\\/wp-admin\\/includes\\/class-wp-automatic-updater.php","line":976}', 0, '2024-01-31 14:10:41'),
(993, 'Mailer: Other SMTP\r\nPHPMailer was able to connect to SMTP server but failed while trying to send an email.', '{"file":"\\/home\\/kouilwmy\\/public_html\\/pappabears\\/wp-admin\\/includes\\/class-wp-automatic-updater.php","line":1359}', 0, '2024-02-01 16:11:28'),
(994, 'Mailer: Other SMTP\r\nSMTP Error: The following recipients failed: webdev@parrishconsulting.com: No Such User Here', '{"file":"\\/home\\/kouilwmy\\/public_html\\/pappabears\\/wp-admin\\/includes\\/class-wp-automatic-updater.php","line":1359}', 0, '2024-02-01 16:11:28'),
(995, 'Mailer: Other SMTP\r\nPHPMailer was able to connect to SMTP server but failed while trying to send an email.', '{"file":"\\/home\\/kouilwmy\\/public_html\\/pappabears\\/wp-admin\\/includes\\/class-wp-automatic-updater.php","line":1359}', 0, '2024-02-02 16:08:00'),
(996, 'Mailer: Other SMTP\r\nSMTP Error: The following recipients failed: webdev@parrishconsulting.com: No Such User Here', '{"file":"\\/home\\/kouilwmy\\/public_html\\/pappabears\\/wp-admin\\/includes\\/class-wp-automatic-updater.php","line":1359}', 0, '2024-02-02 16:08:00'),
(997, 'Mailer: Other SMTP\r\nPHPMailer was able to connect to SMTP server but failed while trying to send an email.', '{"file":"\\/home\\/kouilwmy\\/public_html\\/pappabears\\/wp-admin\\/includes\\/class-wp-automatic-updater.php","line":1359}', 0, '2024-02-04 16:08:12'),
(998, 'Mailer: Other SMTP\r\nSMTP Error: The following recipients failed: webdev@parrishconsulting.com: No Such User Here', '{"file":"\\/home\\/kouilwmy\\/public_html\\/pappabears\\/wp-admin\\/includes\\/class-wp-automatic-updater.php","line":1359}', 0, '2024-02-04 16:08:12'),
(999, 'Mailer: Other SMTP\r\nPHPMailer was able to connect to SMTP server but failed while trying to send an email.', '{"file":"\\/home\\/kouilwmy\\/public_html\\/pappabears\\/wp-content\\/plugins\\/wpforms-lite\\/src\\/Emails\\/Mailer.php","line":531}', 0, '2024-02-05 14:00:02'),
(1000, 'Mailer: Other SMTP\r\nSMTP Error: The following recipients failed: webdev@parrishconsulting.com: No Such User Here', '{"file":"\\/home\\/kouilwmy\\/public_html\\/pappabears\\/wp-content\\/plugins\\/wpforms-lite\\/src\\/Emails\\/Mailer.php","line":531}', 0, '2024-02-05 14:00:02'),
(1001, 'Mailer: Other SMTP\r\nPHPMailer was able to connect to SMTP server but failed while trying to send an email.', '{"file":"\\/home\\/kouilwmy\\/public_html\\/pappabears\\/wp-admin\\/includes\\/class-wp-automatic-updater.php","line":1359}', 0, '2024-02-05 16:08:57'),
(1002, 'Mailer: Other SMTP\r\nSMTP Error: The following recipients failed: webdev@parrishconsulting.com: No Such User Here', '{"file":"\\/home\\/kouilwmy\\/public_html\\/pappabears\\/wp-admin\\/includes\\/class-wp-automatic-updater.php","line":1359}', 0, '2024-02-05 16:08:57'),
(1003, 'Mailer: Other SMTP\r\nPHPMailer was able to connect to SMTP server but failed while trying to send an email.', '{"file":"\\/home\\/kouilwmy\\/public_html\\/pappabears\\/wp-content\\/plugins\\/wp-mail-smtp\\/src\\/Reports\\/Emails\\/Summary.php","line":112}', 0, '2024-02-05 19:21:42'),
(1004, 'Mailer: Other SMTP\r\nSMTP Error: The following recipients failed: webdev@parrishconsulting.com: No Such User Here', '{"file":"\\/home\\/kouilwmy\\/public_html\\/pappabears\\/wp-content\\/plugins\\/wp-mail-smtp\\/src\\/Reports\\/Emails\\/Summary.php","line":112}', 0, '2024-02-05 19:21:42'),
(1005, 'Mailer: Other SMTP\r\nPHPMailer was able to connect to SMTP server but failed while trying to send an email.', '{"file":"\\/home\\/kouilwmy\\/public_html\\/pappabears\\/wp-content\\/plugins\\/wpforms-lite\\/src\\/Emails\\/Mailer.php","line":531}', 0, '2024-02-05 22:30:21'),
(1006, 'Mailer: Other SMTP\r\nSMTP Error: The following recipients failed: O.Snyder@parrishconsulting.com: No Such User Here', '{"file":"\\/home\\/kouilwmy\\/public_html\\/pappabears\\/wp-content\\/plugins\\/wpforms-lite\\/src\\/Emails\\/Mailer.php","line":531}', 0, '2024-02-05 22:30:21'),
(1007, 'Mailer: Other SMTP\r\nPHPMailer was able to connect to SMTP server but failed while trying to send an email.', '{"file":"\\/home\\/kouilwmy\\/public_html\\/pappabears\\/wp-admin\\/includes\\/class-wp-automatic-updater.php","line":1359}', 0, '2024-02-06 16:23:09'),
(1008, 'Mailer: Other SMTP\r\nSMTP Error: The following recipients failed: webdev@parrishconsulting.com: No Such User Here', '{"file":"\\/home\\/kouilwmy\\/public_html\\/pappabears\\/wp-admin\\/includes\\/class-wp-automatic-updater.php","line":1359}', 0, '2024-02-06 16:23:09'),
(1009, 'Mailer: Other SMTP\r\nPHPMailer was able to connect to SMTP server but failed while trying to send an email.', '{"file":"\\/home\\/kouilwmy\\/public_html\\/pappabears\\/wp-content\\/plugins\\/wpforms-lite\\/src\\/Emails\\/Mailer.php","line":531}', 0, '2024-02-06 22:24:01'),
(1010, 'Mailer: Other SMTP\r\nSMTP Error: The following recipients failed: O.Snyder@parrishconsulting.com: No Such User Here', '{"file":"\\/home\\/kouilwmy\\/public_html\\/pappabears\\/wp-content\\/plugins\\/wpforms-lite\\/src\\/Emails\\/Mailer.php","line":531}', 0, '2024-02-06 22:24:01'),
(1011, 'Mailer: Other SMTP\r\nPHPMailer was able to connect to SMTP server but failed while trying to send an email.', '{"file":"\\/home\\/kouilwmy\\/public_html\\/pappabears\\/wp-admin\\/includes\\/class-wp-automatic-updater.php","line":1359}', 0, '2024-02-07 04:16:49'),
(1012, 'Mailer: Other SMTP\r\nSMTP Error: The following recipients failed: webdev@parrishconsulting.com: No Such User Here', '{"file":"\\/home\\/kouilwmy\\/public_html\\/pappabears\\/wp-admin\\/includes\\/class-wp-automatic-updater.php","line":1359}', 0, '2024-02-07 04:16:49'),
(1013, 'Mailer: Other SMTP\r\nPHPMailer was able to connect to SMTP server but failed while trying to send an email.', '{"file":"\\/home\\/kouilwmy\\/public_html\\/pappabears\\/wp-admin\\/includes\\/class-wp-automatic-updater.php","line":1359}', 0, '2024-02-07 16:11:52'),
(1014, 'Mailer: Other SMTP\r\nSMTP Error: The following recipients failed: webdev@parrishconsulting.com: No Such User Here', '{"file":"\\/home\\/kouilwmy\\/public_html\\/pappabears\\/wp-admin\\/includes\\/class-wp-automatic-updater.php","line":1359}', 0, '2024-02-07 16:11:52'),
(1015, 'Mailer: Other SMTP\r\nPHPMailer was able to connect to SMTP server but failed while trying to send an email.', '{"file":"\\/home\\/kouilwmy\\/public_html\\/pappabears\\/wp-content\\/plugins\\/wpforms-lite\\/src\\/Emails\\/Mailer.php","line":531}', 0, '2024-02-08 01:44:41'),
(1016, 'Mailer: Other SMTP\r\nSMTP Error: The following recipients failed: O.Snyder@parrishconsulting.com: No Such User Here', '{"file":"\\/home\\/kouilwmy\\/public_html\\/pappabears\\/wp-content\\/plugins\\/wpforms-lite\\/src\\/Emails\\/Mailer.php","line":531}', 0, '2024-02-08 01:44:41'),
(1017, 'Mailer: Other SMTP\r\nPHPMailer was able to connect to SMTP server but failed while trying to send an email.', '{"file":"\\/home\\/kouilwmy\\/public_html\\/pappabears\\/wp-content\\/plugins\\/wpforms-lite\\/src\\/Emails\\/Mailer.php","line":531}', 0, '2024-02-08 08:40:20'),
(1018, 'Mailer: Other SMTP\r\nSMTP Error: The following recipients failed: O.Snyder@parrishconsulting.com: No Such User Here', '{"file":"\\/home\\/kouilwmy\\/public_html\\/pappabears\\/wp-content\\/plugins\\/wpforms-lite\\/src\\/Emails\\/Mailer.php","line":531}', 0, '2024-02-08 08:40:20'),
(1019, 'Mailer: Other SMTP\r\nPHPMailer was able to connect to SMTP server but failed while trying to send an email.', '{"file":"\\/home\\/kouilwmy\\/public_html\\/pappabears\\/wp-admin\\/includes\\/class-wp-automatic-updater.php","line":1359}', 0, '2024-02-11 16:09:17'),
(1020, 'Mailer: Other SMTP\r\nSMTP Error: The following recipients failed: webdev@parrishconsulting.com: No Such User Here', '{"file":"\\/home\\/kouilwmy\\/public_html\\/pappabears\\/wp-admin\\/includes\\/class-wp-automatic-updater.php","line":1359}', 0, '2024-02-11 16:09:17'),
(1021, 'Mailer: Other SMTP\r\nPHPMailer was able to connect to SMTP server but failed while trying to send an email.', '{"file":"\\/home\\/kouilwmy\\/public_html\\/pappabears\\/wp-content\\/plugins\\/wpforms-lite\\/src\\/Emails\\/Mailer.php","line":531}', 0, '2024-02-12 00:49:25'),
(1022, 'Mailer: Other SMTP\r\nSMTP Error: The following recipients failed: O.Snyder@parrishconsulting.com: No Such User Here', '{"file":"\\/home\\/kouilwmy\\/public_html\\/pappabears\\/wp-content\\/plugins\\/wpforms-lite\\/src\\/Emails\\/Mailer.php","line":531}', 0, '2024-02-12 00:49:25'),
(1023, 'Mailer: Other SMTP\r\nPHPMailer was able to connect to SMTP server but failed while trying to send an email.', '{"file":"\\/home\\/kouilwmy\\/public_html\\/pappabears\\/wp-content\\/plugins\\/wpforms-lite\\/src\\/Emails\\/Mailer.php","line":531}', 0, '2024-02-12 14:02:07'),
(1024, 'Mailer: Other SMTP\r\nSMTP Error: The following recipients failed: webdev@parrishconsulting.com: No Such User Here', '{"file":"\\/home\\/kouilwmy\\/public_html\\/pappabears\\/wp-content\\/plugins\\/wpforms-lite\\/src\\/Emails\\/Mailer.php","line":531}', 0, '2024-02-12 14:02:07'),
(1025, 'Mailer: Other SMTP\r\nPHPMailer was able to connect to SMTP server but failed while trying to send an email.', '{"file":"\\/home\\/kouilwmy\\/public_html\\/pappabears\\/wp-content\\/plugins\\/wpforms-lite\\/src\\/Emails\\/Mailer.php","line":531}', 0, '2024-02-12 16:21:02'),
(1026, 'Mailer: Other SMTP\r\nSMTP Error: The following recipients failed: O.Snyder@parrishconsulting.com: No Such User Here', '{"file":"\\/home\\/kouilwmy\\/public_html\\/pappabears\\/wp-content\\/plugins\\/wpforms-lite\\/src\\/Emails\\/Mailer.php","line":531}', 0, '2024-02-12 16:21:02'),
(1027, 'Mailer: Other SMTP\r\nPHPMailer was able to connect to SMTP server but failed while trying to send an email.', '{"file":"\\/home\\/kouilwmy\\/public_html\\/pappabears\\/wp-content\\/plugins\\/wp-mail-smtp\\/src\\/Reports\\/Emails\\/Summary.php","line":112}', 0, '2024-02-12 19:24:51'),
(1028, 'Mailer: Other SMTP\r\nSMTP Error: The following recipients failed: webdev@parrishconsulting.com: No Such User Here', '{"file":"\\/home\\/kouilwmy\\/public_html\\/pappabears\\/wp-content\\/plugins\\/wp-mail-smtp\\/src\\/Reports\\/Emails\\/Summary.php","line":112}', 0, '2024-02-12 19:24:51'),
(1029, 'Mailer: Other SMTP\r\nPHPMailer was able to connect to SMTP server but failed while trying to send an email.', '{"file":"\\/home\\/kouilwmy\\/public_html\\/pappabears\\/wp-admin\\/includes\\/class-wp-automatic-updater.php","line":1359}', 0, '2024-02-13 16:11:06'),
(1030, 'Mailer: Other SMTP\r\nSMTP Error: The following recipients failed: webdev@parrishconsulting.com: No Such User Here', '{"file":"\\/home\\/kouilwmy\\/public_html\\/pappabears\\/wp-admin\\/includes\\/class-wp-automatic-updater.php","line":1359}', 0, '2024-02-13 16:11:06'),
(1031, 'Mailer: Other SMTP\r\nPHPMailer was able to connect to SMTP server but failed while trying to send an email.', '{"file":"\\/home\\/kouilwmy\\/public_html\\/pappabears\\/wp-admin\\/includes\\/class-wp-automatic-updater.php","line":1359}', 0, '2024-02-14 16:08:57'),
(1032, 'Mailer: Other SMTP\r\nSMTP Error: The following recipients failed: webdev@parrishconsulting.com: No Such User Here', '{"file":"\\/home\\/kouilwmy\\/public_html\\/pappabears\\/wp-admin\\/includes\\/class-wp-automatic-updater.php","line":1359}', 0, '2024-02-14 16:08:57'),
(1033, 'Mailer: Other SMTP\r\nPHPMailer was able to connect to SMTP server but failed while trying to send an email.', '{"file":"\\/home\\/kouilwmy\\/public_html\\/pappabears\\/wp-admin\\/includes\\/class-wp-automatic-updater.php","line":1359}', 0, '2024-02-15 16:08:14'),
(1034, 'Mailer: Other SMTP\r\nSMTP Error: The following recipients failed: webdev@parrishconsulting.com: No Such User Here', '{"file":"\\/home\\/kouilwmy\\/public_html\\/pappabears\\/wp-admin\\/includes\\/class-wp-automatic-updater.php","line":1359}', 0, '2024-02-15 16:08:14'),
(1035, 'Mailer: Other SMTP\r\nPHPMailer was able to connect to SMTP server but failed while trying to send an email.', '{"file":"\\/home\\/kouilwmy\\/public_html\\/pappabears\\/wp-content\\/plugins\\/wpforms-lite\\/src\\/Emails\\/Mailer.php","line":531}', 0, '2024-02-15 17:13:16'),
(1036, 'Mailer: Other SMTP\r\nSMTP Error: The following recipients failed: O.Snyder@parrishconsulting.com: No Such User Here', '{"file":"\\/home\\/kouilwmy\\/public_html\\/pappabears\\/wp-content\\/plugins\\/wpforms-lite\\/src\\/Emails\\/Mailer.php","line":531}', 0, '2024-02-15 17:13:16'),
(1037, 'Mailer: Other SMTP\r\nPHPMailer was able to connect to SMTP server but failed while trying to send an email.', '{"file":"\\/home\\/kouilwmy\\/public_html\\/pappabears\\/wp-content\\/plugins\\/wpforms-lite\\/src\\/Emails\\/Mailer.php","line":531}', 0, '2024-02-15 17:28:01'),
(1038, 'Mailer: Other SMTP\r\nSMTP Error: The following recipients failed: O.Snyder@parrishconsulting.com: No Such User Here', '{"file":"\\/home\\/kouilwmy\\/public_html\\/pappabears\\/wp-content\\/plugins\\/wpforms-lite\\/src\\/Emails\\/Mailer.php","line":531}', 0, '2024-02-15 17:28:01'),
(1039, 'Mailer: Other SMTP\r\nPHPMailer was able to connect to SMTP server but failed while trying to send an email.', '{"file":"\\/home\\/kouilwmy\\/public_html\\/pappabears\\/wp-admin\\/includes\\/class-wp-automatic-updater.php","line":1359}', 0, '2024-02-16 04:13:58'),
(1040, 'Mailer: Other SMTP\r\nSMTP Error: The following recipients failed: webdev@parrishconsulting.com: No Such User Here', '{"file":"\\/home\\/kouilwmy\\/public_html\\/pappabears\\/wp-admin\\/includes\\/class-wp-automatic-updater.php","line":1359}', 0, '2024-02-16 04:13:58'),
(1041, 'Mailer: Other SMTP\r\nPHPMailer was able to connect to SMTP server but failed while trying to send an email.', '{"file":"\\/home\\/kouilwmy\\/public_html\\/pappabears\\/wp-admin\\/includes\\/class-wp-automatic-updater.php","line":1359}', 0, '2024-02-17 16:07:35'),
(1042, 'Mailer: Other SMTP\r\nSMTP Error: The following recipients failed: webdev@parrishconsulting.com: No Such User Here', '{"file":"\\/home\\/kouilwmy\\/public_html\\/pappabears\\/wp-admin\\/includes\\/class-wp-automatic-updater.php","line":1359}', 0, '2024-02-17 16:07:35'),
(1043, 'Mailer: Other SMTP\r\nPHPMailer was able to connect to SMTP server but failed while trying to send an email.', '{"file":"\\/home\\/kouilwmy\\/public_html\\/pappabears\\/wp-content\\/plugins\\/wpforms-lite\\/src\\/Emails\\/Mailer.php","line":531}', 0, '2024-02-17 17:26:57'),
(1044, 'Mailer: Other SMTP\r\nSMTP Error: The following recipients failed: O.Snyder@parrishconsulting.com: No Such User Here', '{"file":"\\/home\\/kouilwmy\\/public_html\\/pappabears\\/wp-content\\/plugins\\/wpforms-lite\\/src\\/Emails\\/Mailer.php","line":531}', 0, '2024-02-17 17:26:57'),
(1045, 'Mailer: Other SMTP\r\nPHPMailer was able to connect to SMTP server but failed while trying to send an email.', '{"file":"\\/home\\/kouilwmy\\/public_html\\/pappabears\\/wp-admin\\/includes\\/class-wp-automatic-updater.php","line":1359}', 0, '2024-02-18 04:07:38'),
(1046, 'Mailer: Other SMTP\r\nSMTP Error: The following recipients failed: webdev@parrishconsulting.com: No Such User Here', '{"file":"\\/home\\/kouilwmy\\/public_html\\/pappabears\\/wp-admin\\/includes\\/class-wp-automatic-updater.php","line":1359}', 0, '2024-02-18 04:07:38'),
(1047, 'Mailer: Other SMTP\r\nPHPMailer was able to connect to SMTP server but failed while trying to send an email.', '{"file":"\\/home\\/kouilwmy\\/public_html\\/pappabears\\/wp-content\\/plugins\\/wpforms-lite\\/src\\/Emails\\/Mailer.php","line":531}', 0, '2024-02-19 14:00:46'),
(1048, 'Mailer: Other SMTP\r\nSMTP Error: The following recipients failed: webdev@parrishconsulting.com: No Such User Here', '{"file":"\\/home\\/kouilwmy\\/public_html\\/pappabears\\/wp-content\\/plugins\\/wpforms-lite\\/src\\/Emails\\/Mailer.php","line":531}', 0, '2024-02-19 14:00:46'),
(1049, 'Mailer: Other SMTP\r\nPHPMailer was able to connect to SMTP server but failed while trying to send an email.', '{"file":"\\/home\\/kouilwmy\\/public_html\\/pappabears\\/wp-admin\\/includes\\/class-wp-automatic-updater.php","line":1359}', 0, '2024-02-19 16:07:32'),
(1050, 'Mailer: Other SMTP\r\nSMTP Error: The following recipients failed: webdev@parrishconsulting.com: No Such User Here', '{"file":"\\/home\\/kouilwmy\\/public_html\\/pappabears\\/wp-admin\\/includes\\/class-wp-automatic-updater.php","line":1359}', 0, '2024-02-19 16:07:32'),
(1051, 'Mailer: Other SMTP\r\nPHPMailer was able to connect to SMTP server but failed while trying to send an email.', '{"file":"\\/home\\/kouilwmy\\/public_html\\/pappabears\\/wp-content\\/plugins\\/wp-mail-smtp\\/src\\/Reports\\/Emails\\/Summary.php","line":112}', 0, '2024-02-19 19:28:19'),
(1052, 'Mailer: Other SMTP\r\nSMTP Error: The following recipients failed: webdev@parrishconsulting.com: No Such User Here', '{"file":"\\/home\\/kouilwmy\\/public_html\\/pappabears\\/wp-content\\/plugins\\/wp-mail-smtp\\/src\\/Reports\\/Emails\\/Summary.php","line":112}', 0, '2024-02-19 19:28:19'),
(1053, 'Mailer: Other SMTP\r\nPHPMailer was able to connect to SMTP server but failed while trying to send an email.', '{"file":"\\/home\\/kouilwmy\\/public_html\\/pappabears\\/wp-content\\/plugins\\/wpforms-lite\\/src\\/Emails\\/Mailer.php","line":531}', 0, '2024-02-20 00:41:55'),
(1054, 'Mailer: Other SMTP\r\nSMTP Error: The following recipients failed: O.Snyder@parrishconsulting.com: No Such User Here', '{"file":"\\/home\\/kouilwmy\\/public_html\\/pappabears\\/wp-content\\/plugins\\/wpforms-lite\\/src\\/Emails\\/Mailer.php","line":531}', 0, '2024-02-20 00:41:55'),
(1055, 'Mailer: Other SMTP\r\nPHPMailer was able to connect to SMTP server but failed while trying to send an email.', '{"file":"\\/home\\/kouilwmy\\/public_html\\/pappabears\\/wp-content\\/plugins\\/wpforms-lite\\/src\\/Emails\\/Mailer.php","line":531}', 0, '2024-02-20 02:58:28'),
(1056, 'Mailer: Other SMTP\r\nSMTP Error: The following recipients failed: O.Snyder@parrishconsulting.com: No Such User Here', '{"file":"\\/home\\/kouilwmy\\/public_html\\/pappabears\\/wp-content\\/plugins\\/wpforms-lite\\/src\\/Emails\\/Mailer.php","line":531}', 0, '2024-02-20 02:58:28'),
(1057, 'Mailer: Other SMTP\r\nPHPMailer was able to connect to SMTP server but failed while trying to send an email.', '{"file":"\\/home\\/kouilwmy\\/public_html\\/pappabears\\/wp-admin\\/includes\\/class-wp-automatic-updater.php","line":1359}', 0, '2024-02-20 04:07:47'),
(1058, 'Mailer: Other SMTP\r\nSMTP Error: The following recipients failed: webdev@parrishconsulting.com: No Such User Here', '{"file":"\\/home\\/kouilwmy\\/public_html\\/pappabears\\/wp-admin\\/includes\\/class-wp-automatic-updater.php","line":1359}', 0, '2024-02-20 04:07:47'),
(1059, 'Mailer: Other SMTP\r\nPHPMailer was able to connect to SMTP server but failed while trying to send an email.', '{"file":"\\/home\\/kouilwmy\\/public_html\\/pappabears\\/wp-admin\\/includes\\/class-wp-automatic-updater.php","line":1359}', 0, '2024-02-20 16:07:45'),
(1060, 'Mailer: Other SMTP\r\nSMTP Error: The following recipients failed: webdev@parrishconsulting.com: No Such User Here', '{"file":"\\/home\\/kouilwmy\\/public_html\\/pappabears\\/wp-admin\\/includes\\/class-wp-automatic-updater.php","line":1359}', 0, '2024-02-20 16:07:45'),
(1061, 'Mailer: Other SMTP\r\nPHPMailer was able to connect to SMTP server but failed while trying to send an email.', '{"file":"\\/home\\/kouilwmy\\/public_html\\/pappabears\\/wp-admin\\/includes\\/class-wp-automatic-updater.php","line":1359}', 0, '2024-02-21 04:09:36'),
(1062, 'Mailer: Other SMTP\r\nSMTP Error: The following recipients failed: webdev@parrishconsulting.com: No Such User Here', '{"file":"\\/home\\/kouilwmy\\/public_html\\/pappabears\\/wp-admin\\/includes\\/class-wp-automatic-updater.php","line":1359}', 0, '2024-02-21 04:09:36'),
(1063, 'Mailer: Other SMTP\r\nPHPMailer was able to connect to SMTP server but failed while trying to send an email.', '{"file":"\\/home\\/kouilwmy\\/public_html\\/pappabears\\/wp-admin\\/includes\\/class-wp-automatic-updater.php","line":1359}', 0, '2024-02-21 16:07:52'),
(1064, 'Mailer: Other SMTP\r\nSMTP Error: The following recipients failed: webdev@parrishconsulting.com: No Such User Here', '{"file":"\\/home\\/kouilwmy\\/public_html\\/pappabears\\/wp-admin\\/includes\\/class-wp-automatic-updater.php","line":1359}', 0, '2024-02-21 16:07:52'),
(1065, 'Mailer: Other SMTP\r\nPHPMailer was able to connect to SMTP server but failed while trying to send an email.', '{"file":"\\/home\\/kouilwmy\\/public_html\\/pappabears\\/wp-content\\/plugins\\/wpforms-lite\\/src\\/Emails\\/Mailer.php","line":531}', 0, '2024-02-22 21:25:49'),
(1066, 'Mailer: Other SMTP\r\nSMTP Error: The following recipients failed: O.Snyder@parrishconsulting.com: No Such User Here', '{"file":"\\/home\\/kouilwmy\\/public_html\\/pappabears\\/wp-content\\/plugins\\/wpforms-lite\\/src\\/Emails\\/Mailer.php","line":531}', 0, '2024-02-22 21:25:49'),
(1067, 'Mailer: Other SMTP\r\nPHPMailer was able to connect to SMTP server but failed while trying to send an email.', '{"file":"\\/home\\/kouilwmy\\/public_html\\/pappabears\\/wp-content\\/plugins\\/wpforms-lite\\/src\\/Emails\\/Mailer.php","line":531}', 0, '2024-02-23 15:54:09'),
(1068, 'Mailer: Other SMTP\r\nSMTP Error: The following recipients failed: O.Snyder@parrishconsulting.com: No Such User Here', '{"file":"\\/home\\/kouilwmy\\/public_html\\/pappabears\\/wp-content\\/plugins\\/wpforms-lite\\/src\\/Emails\\/Mailer.php","line":531}', 0, '2024-02-23 15:54:09'),
(1069, 'Mailer: Other SMTP\r\nPHPMailer was able to connect to SMTP server but failed while trying to send an email.', '{"file":"\\/home\\/kouilwmy\\/public_html\\/pappabears\\/wp-content\\/plugins\\/wpforms-lite\\/src\\/Emails\\/Mailer.php","line":531}', 0, '2024-02-24 12:28:25'),
(1070, 'Mailer: Other SMTP\r\nSMTP Error: The following recipients failed: O.Snyder@parrishconsulting.com: No Such User Here', '{"file":"\\/home\\/kouilwmy\\/public_html\\/pappabears\\/wp-content\\/plugins\\/wpforms-lite\\/src\\/Emails\\/Mailer.php","line":531}', 0, '2024-02-24 12:28:25'),
(1071, 'Mailer: Other SMTP\r\nPHPMailer was able to connect to SMTP server but failed while trying to send an email.', '{"file":"\\/home\\/kouilwmy\\/public_html\\/pappabears\\/wp-admin\\/includes\\/class-wp-automatic-updater.php","line":1359}', 0, '2024-02-24 16:12:01'),
(1072, 'Mailer: Other SMTP\r\nSMTP Error: The following recipients failed: webdev@parrishconsulting.com: No Such User Here', '{"file":"\\/home\\/kouilwmy\\/public_html\\/pappabears\\/wp-admin\\/includes\\/class-wp-automatic-updater.php","line":1359}', 0, '2024-02-24 16:12:01'),
(1073, 'Mailer: Other SMTP\r\nPHPMailer was able to connect to SMTP server but failed while trying to send an email.', '{"file":"\\/home\\/kouilwmy\\/public_html\\/pappabears\\/wp-content\\/plugins\\/wpforms-lite\\/src\\/Emails\\/Mailer.php","line":531}', 0, '2024-02-25 03:42:21'),
(1074, 'Mailer: Other SMTP\r\nSMTP Error: The following recipients failed: O.Snyder@parrishconsulting.com: No Such User Here', '{"file":"\\/home\\/kouilwmy\\/public_html\\/pappabears\\/wp-content\\/plugins\\/wpforms-lite\\/src\\/Emails\\/Mailer.php","line":531}', 0, '2024-02-25 03:42:21'),
(1075, 'Mailer: Other SMTP\r\nPHPMailer was able to connect to SMTP server but failed while trying to send an email.', '{"file":"\\/home\\/kouilwmy\\/public_html\\/pappabears\\/wp-content\\/plugins\\/wpforms-lite\\/src\\/Emails\\/Mailer.php","line":531}', 0, '2024-02-25 20:39:13'),
(1076, 'Mailer: Other SMTP\r\nSMTP Error: The following recipients failed: O.Snyder@parrishconsulting.com: No Such User Here', '{"file":"\\/home\\/kouilwmy\\/public_html\\/pappabears\\/wp-content\\/plugins\\/wpforms-lite\\/src\\/Emails\\/Mailer.php","line":531}', 0, '2024-02-25 20:39:13'),
(1077, 'Mailer: Other SMTP\r\nPHPMailer was able to connect to SMTP server but failed while trying to send an email.', '{"file":"\\/home\\/kouilwmy\\/public_html\\/pappabears\\/wp-content\\/plugins\\/wpforms-lite\\/src\\/Emails\\/Mailer.php","line":531}', 0, '2024-02-26 14:06:56'),
(1078, 'Mailer: Other SMTP\r\nSMTP Error: The following recipients failed: webdev@parrishconsulting.com: No Such User Here', '{"file":"\\/home\\/kouilwmy\\/public_html\\/pappabears\\/wp-content\\/plugins\\/wpforms-lite\\/src\\/Emails\\/Mailer.php","line":531}', 0, '2024-02-26 14:06:56'),
(1079, 'Mailer: Other SMTP\r\nPHPMailer was able to connect to SMTP server but failed while trying to send an email.', '{"file":"\\/home\\/kouilwmy\\/public_html\\/pappabears\\/wp-content\\/plugins\\/wpforms-lite\\/src\\/Emails\\/Mailer.php","line":531}', 0, '2024-02-26 15:27:46'),
(1080, 'Mailer: Other SMTP\r\nSMTP Error: The following recipients failed: O.Snyder@parrishconsulting.com: No Such User Here', '{"file":"\\/home\\/kouilwmy\\/public_html\\/pappabears\\/wp-content\\/plugins\\/wpforms-lite\\/src\\/Emails\\/Mailer.php","line":531}', 0, '2024-02-26 15:27:46'),
(1081, 'Mailer: Other SMTP\r\nPHPMailer was able to connect to SMTP server but failed while trying to send an email.', '{"file":"\\/home\\/kouilwmy\\/public_html\\/pappabears\\/wp-admin\\/includes\\/class-wp-automatic-updater.php","line":1359}', 0, '2024-02-26 16:34:39'),
(1082, 'Mailer: Other SMTP\r\nSMTP Error: The following recipients failed: webdev@parrishconsulting.com: No Such User Here', '{"file":"\\/home\\/kouilwmy\\/public_html\\/pappabears\\/wp-admin\\/includes\\/class-wp-automatic-updater.php","line":1359}', 0, '2024-02-26 16:34:39'),
(1083, 'Mailer: Other SMTP\r\nPHPMailer was able to connect to SMTP server but failed while trying to send an email.', '{"file":"\\/home\\/kouilwmy\\/public_html\\/pappabears\\/wp-content\\/plugins\\/wpforms-lite\\/src\\/Emails\\/Mailer.php","line":531}', 0, '2024-02-26 16:37:38'),
(1084, 'Mailer: Other SMTP\r\nSMTP Error: The following recipients failed: O.Snyder@parrishconsulting.com: No Such User Here', '{"file":"\\/home\\/kouilwmy\\/public_html\\/pappabears\\/wp-content\\/plugins\\/wpforms-lite\\/src\\/Emails\\/Mailer.php","line":531}', 0, '2024-02-26 16:37:38'),
(1085, 'Mailer: Other SMTP\r\nPHPMailer was able to connect to SMTP server but failed while trying to send an email.', '{"file":"\\/home\\/kouilwmy\\/public_html\\/pappabears\\/wp-content\\/plugins\\/wp-mail-smtp\\/src\\/Reports\\/Emails\\/Summary.php","line":112}', 0, '2024-02-26 19:35:31'),
(1086, 'Mailer: Other SMTP\r\nSMTP Error: The following recipients failed: webdev@parrishconsulting.com: No Such User Here', '{"file":"\\/home\\/kouilwmy\\/public_html\\/pappabears\\/wp-content\\/plugins\\/wp-mail-smtp\\/src\\/Reports\\/Emails\\/Summary.php","line":112}', 0, '2024-02-26 19:35:31'),
(1087, 'Mailer: Other SMTP\r\nPHPMailer was able to connect to SMTP server but failed while trying to send an email.', '{"file":"\\/home\\/kouilwmy\\/public_html\\/pappabears\\/wp-content\\/plugins\\/wpforms-lite\\/src\\/Emails\\/Mailer.php","line":531}', 0, '2024-02-26 23:09:38'),
(1088, 'Mailer: Other SMTP\r\nSMTP Error: The following recipients failed: O.Snyder@parrishconsulting.com: No Such User Here', '{"file":"\\/home\\/kouilwmy\\/public_html\\/pappabears\\/wp-content\\/plugins\\/wpforms-lite\\/src\\/Emails\\/Mailer.php","line":531}', 0, '2024-02-26 23:09:38'),
(1089, 'Mailer: Other SMTP\r\nPHPMailer was able to connect to SMTP server but failed while trying to send an email.', '{"file":"\\/home\\/kouilwmy\\/public_html\\/pappabears\\/wp-admin\\/includes\\/class-wp-automatic-updater.php","line":1359}', 0, '2024-02-27 04:25:52'),
(1090, 'Mailer: Other SMTP\r\nSMTP Error: The following recipients failed: webdev@parrishconsulting.com: No Such User Here', '{"file":"\\/home\\/kouilwmy\\/public_html\\/pappabears\\/wp-admin\\/includes\\/class-wp-automatic-updater.php","line":1359}', 0, '2024-02-27 04:25:52'),
(1091, 'Mailer: Other SMTP\r\nPHPMailer was able to connect to SMTP server but failed while trying to send an email.', '{"file":"\\/home\\/kouilwmy\\/public_html\\/pappabears\\/wp-content\\/plugins\\/wpforms-lite\\/src\\/Emails\\/Mailer.php","line":531}', 0, '2024-02-27 14:05:26'),
(1092, 'Mailer: Other SMTP\r\nSMTP Error: The following recipients failed: O.Snyder@parrishconsulting.com: No Such User Here', '{"file":"\\/home\\/kouilwmy\\/public_html\\/pappabears\\/wp-content\\/plugins\\/wpforms-lite\\/src\\/Emails\\/Mailer.php","line":531}', 0, '2024-02-27 14:05:26'),
(1093, 'Mailer: Other SMTP\r\nPHPMailer was able to connect to SMTP server but failed while trying to send an email.', '{"file":"\\/home\\/kouilwmy\\/public_html\\/pappabears\\/wp-content\\/plugins\\/wpforms-lite\\/src\\/Emails\\/Mailer.php","line":531}', 0, '2024-02-27 16:17:00'),
(1094, 'Mailer: Other SMTP\r\nSMTP Error: The following recipients failed: O.Snyder@parrishconsulting.com: No Such User Here', '{"file":"\\/home\\/kouilwmy\\/public_html\\/pappabears\\/wp-content\\/plugins\\/wpforms-lite\\/src\\/Emails\\/Mailer.php","line":531}', 0, '2024-02-27 16:17:00'),
(1095, 'Mailer: Other SMTP\r\nPHPMailer was able to connect to SMTP server but failed while trying to send an email.', '{"file":"\\/home\\/kouilwmy\\/public_html\\/pappabears\\/wp-admin\\/includes\\/class-wp-automatic-updater.php","line":1359}', 0, '2024-02-28 16:08:17'),
(1096, 'Mailer: Other SMTP\r\nSMTP Error: The following recipients failed: webdev@parrishconsulting.com: No Such User Here', '{"file":"\\/home\\/kouilwmy\\/public_html\\/pappabears\\/wp-admin\\/includes\\/class-wp-automatic-updater.php","line":1359}', 0, '2024-02-28 16:08:17'),
(1097, 'Mailer: Other SMTP\r\nPHPMailer was able to connect to SMTP server but failed while trying to send an email.', '{"file":"\\/home\\/kouilwmy\\/public_html\\/pappabears\\/wp-content\\/plugins\\/wpforms-lite\\/src\\/Emails\\/Mailer.php","line":531}', 0, '2024-02-28 22:56:35'),
(1098, 'Mailer: Other SMTP\r\nSMTP Error: The following recipients failed: O.Snyder@parrishconsulting.com: No Such User Here', '{"file":"\\/home\\/kouilwmy\\/public_html\\/pappabears\\/wp-content\\/plugins\\/wpforms-lite\\/src\\/Emails\\/Mailer.php","line":531}', 0, '2024-02-28 22:56:35'),
(1099, 'Mailer: Other SMTP\r\nPHPMailer was able to connect to SMTP server but failed while trying to send an email.', '{"file":"\\/home\\/kouilwmy\\/public_html\\/pappabears\\/wp-content\\/plugins\\/wpforms-lite\\/src\\/Emails\\/Mailer.php","line":531}', 0, '2024-02-29 02:20:10'),
(1100, 'Mailer: Other SMTP\r\nSMTP Error: The following recipients failed: O.Snyder@parrishconsulting.com: No Such User Here', '{"file":"\\/home\\/kouilwmy\\/public_html\\/pappabears\\/wp-content\\/plugins\\/wpforms-lite\\/src\\/Emails\\/Mailer.php","line":531}', 0, '2024-02-29 02:20:10'),
(1101, 'Mailer: Other SMTP\r\nPHPMailer was able to connect to SMTP server but failed while trying to send an email.', '{"file":"\\/home\\/kouilwmy\\/public_html\\/pappabears\\/wp-admin\\/includes\\/class-wp-automatic-updater.php","line":1359}', 0, '2024-02-29 04:07:53'),
(1102, 'Mailer: Other SMTP\r\nSMTP Error: The following recipients failed: webdev@parrishconsulting.com: No Such User Here', '{"file":"\\/home\\/kouilwmy\\/public_html\\/pappabears\\/wp-admin\\/includes\\/class-wp-automatic-updater.php","line":1359}', 0, '2024-02-29 04:07:53'),
(1103, 'Mailer: Other SMTP\r\nPHPMailer was able to connect to SMTP server but failed while trying to send an email.', '{"file":"\\/home\\/kouilwmy\\/public_html\\/pappabears\\/wp-admin\\/includes\\/class-wp-automatic-updater.php","line":1359}', 0, '2024-02-29 16:10:22'),
(1104, 'Mailer: Other SMTP\r\nSMTP Error: The following recipients failed: webdev@parrishconsulting.com: No Such User Here', '{"file":"\\/home\\/kouilwmy\\/public_html\\/pappabears\\/wp-admin\\/includes\\/class-wp-automatic-updater.php","line":1359}', 0, '2024-02-29 16:10:22'),
(1105, 'Mailer: Other SMTP\r\nPHPMailer was able to connect to SMTP server but failed while trying to send an email.', '{"file":"\\/home\\/kouilwmy\\/public_html\\/pappabears\\/wp-content\\/plugins\\/wpforms-lite\\/src\\/Emails\\/Mailer.php","line":531}', 0, '2024-03-01 18:23:27'),
(1106, 'Mailer: Other SMTP\r\nSMTP Error: The following recipients failed: O.Snyder@parrishconsulting.com: No Such User Here', '{"file":"\\/home\\/kouilwmy\\/public_html\\/pappabears\\/wp-content\\/plugins\\/wpforms-lite\\/src\\/Emails\\/Mailer.php","line":531}', 0, '2024-03-01 18:23:27'),
(1107, 'Mailer: Other SMTP\r\nPHPMailer was able to connect to SMTP server but failed while trying to send an email.', '{"file":"\\/home\\/kouilwmy\\/public_html\\/pappabears\\/wp-admin\\/includes\\/class-wp-automatic-updater.php","line":1359}', 0, '2024-03-03 16:09:10'),
(1108, 'Mailer: Other SMTP\r\nSMTP Error: The following recipients failed: webdev@parrishconsulting.com: No Such User Here', '{"file":"\\/home\\/kouilwmy\\/public_html\\/pappabears\\/wp-admin\\/includes\\/class-wp-automatic-updater.php","line":1359}', 0, '2024-03-03 16:09:10'),
(1109, 'Mailer: Other SMTP\r\nPHPMailer was able to connect to SMTP server but failed while trying to send an email.', '{"file":"\\/home\\/kouilwmy\\/public_html\\/pappabears\\/wp-content\\/plugins\\/wpforms-lite\\/src\\/Emails\\/Mailer.php","line":531}', 0, '2024-03-04 11:21:05'),
(1110, 'Mailer: Other SMTP\r\nSMTP Error: The following recipients failed: O.Snyder@parrishconsulting.com: No Such User Here', '{"file":"\\/home\\/kouilwmy\\/public_html\\/pappabears\\/wp-content\\/plugins\\/wpforms-lite\\/src\\/Emails\\/Mailer.php","line":531}', 0, '2024-03-04 11:21:05'),
(1111, 'Mailer: Other SMTP\r\nPHPMailer was able to connect to SMTP server but failed while trying to send an email.', '{"file":"\\/home\\/kouilwmy\\/public_html\\/pappabears\\/wp-content\\/plugins\\/wpforms-lite\\/src\\/Emails\\/Mailer.php","line":531}', 0, '2024-03-04 14:00:31'),
(1112, 'Mailer: Other SMTP\r\nSMTP Error: The following recipients failed: webdev@parrishconsulting.com: No Such User Here', '{"file":"\\/home\\/kouilwmy\\/public_html\\/pappabears\\/wp-content\\/plugins\\/wpforms-lite\\/src\\/Emails\\/Mailer.php","line":531}', 0, '2024-03-04 14:00:31'),
(1113, 'Mailer: Other SMTP\r\nPHPMailer was able to connect to SMTP server but failed while trying to send an email.', '{"file":"\\/home\\/kouilwmy\\/public_html\\/pappabears\\/wp-content\\/plugins\\/wpforms-lite\\/src\\/Emails\\/Mailer.php","line":531}', 0, '2024-03-04 18:47:59'),
(1114, 'Mailer: Other SMTP\r\nSMTP Error: The following recipients failed: O.Snyder@parrishconsulting.com: No Such User Here', '{"file":"\\/home\\/kouilwmy\\/public_html\\/pappabears\\/wp-content\\/plugins\\/wpforms-lite\\/src\\/Emails\\/Mailer.php","line":531}', 0, '2024-03-04 18:47:59'),
(1115, 'Mailer: Other SMTP\r\nPHPMailer was able to connect to SMTP server but failed while trying to send an email.', '{"file":"\\/home\\/kouilwmy\\/public_html\\/pappabears\\/wp-content\\/plugins\\/wp-mail-smtp\\/src\\/Reports\\/Emails\\/Summary.php","line":112}', 0, '2024-03-04 19:36:53'),
(1116, 'Mailer: Other SMTP\r\nSMTP Error: The following recipients failed: webdev@parrishconsulting.com: No Such User Here', '{"file":"\\/home\\/kouilwmy\\/public_html\\/pappabears\\/wp-content\\/plugins\\/wp-mail-smtp\\/src\\/Reports\\/Emails\\/Summary.php","line":112}', 0, '2024-03-04 19:36:53'),
(1117, 'Mailer: Other SMTP\r\nPHPMailer was able to connect to SMTP server but failed while trying to send an email.', '{"file":"\\/home\\/kouilwmy\\/public_html\\/pappabears\\/wp-admin\\/includes\\/class-wp-automatic-updater.php","line":1359}', 0, '2024-03-05 16:21:37'),
(1118, 'Mailer: Other SMTP\r\nSMTP Error: The following recipients failed: webdev@parrishconsulting.com: No Such User Here', '{"file":"\\/home\\/kouilwmy\\/public_html\\/pappabears\\/wp-admin\\/includes\\/class-wp-automatic-updater.php","line":1359}', 0, '2024-03-05 16:21:37'),
(1119, 'Mailer: Other SMTP\r\nPHPMailer was able to connect to SMTP server but failed while trying to send an email.', '{"file":"\\/home\\/kouilwmy\\/public_html\\/pappabears\\/wp-admin\\/includes\\/class-wp-automatic-updater.php","line":1359}', 0, '2024-03-07 04:09:41'),
(1120, 'Mailer: Other SMTP\r\nSMTP Error: The following recipients failed: webdev@parrishconsulting.com: No Such User Here', '{"file":"\\/home\\/kouilwmy\\/public_html\\/pappabears\\/wp-admin\\/includes\\/class-wp-automatic-updater.php","line":1359}', 0, '2024-03-07 04:09:41'),
(1121, 'Mailer: Other SMTP\r\nPHPMailer was able to connect to SMTP server but failed while trying to send an email.', '{"file":"\\/home\\/kouilwmy\\/public_html\\/pappabears\\/wp-admin\\/includes\\/class-wp-automatic-updater.php","line":1359}', 0, '2024-03-07 16:12:21'),
(1122, 'Mailer: Other SMTP\r\nSMTP Error: The following recipients failed: webdev@parrishconsulting.com: No Such User Here', '{"file":"\\/home\\/kouilwmy\\/public_html\\/pappabears\\/wp-admin\\/includes\\/class-wp-automatic-updater.php","line":1359}', 0, '2024-03-07 16:12:21'),
(1123, 'Mailer: Other SMTP\r\nPHPMailer was able to connect to SMTP server but failed while trying to send an email.', '{"file":"\\/home\\/kouilwmy\\/public_html\\/pappabears\\/wp-content\\/plugins\\/wpforms-lite\\/src\\/Emails\\/Mailer.php","line":531}', 0, '2024-03-07 18:05:28'),
(1124, 'Mailer: Other SMTP\r\nSMTP Error: The following recipients failed: O.Snyder@parrishconsulting.com: No Such User Here', '{"file":"\\/home\\/kouilwmy\\/public_html\\/pappabears\\/wp-content\\/plugins\\/wpforms-lite\\/src\\/Emails\\/Mailer.php","line":531}', 0, '2024-03-07 18:05:28'),
(1125, 'Mailer: Other SMTP\r\nPHPMailer was able to connect to SMTP server but failed while trying to send an email.', '{"file":"\\/home\\/kouilwmy\\/public_html\\/pappabears\\/wp-admin\\/includes\\/class-wp-automatic-updater.php","line":1359}', 0, '2024-03-08 16:18:05'),
(1126, 'Mailer: Other SMTP\r\nSMTP Error: The following recipients failed: webdev@parrishconsulting.com: No Such User Here', '{"file":"\\/home\\/kouilwmy\\/public_html\\/pappabears\\/wp-admin\\/includes\\/class-wp-automatic-updater.php","line":1359}', 0, '2024-03-08 16:18:05'),
(1127, 'Mailer: Other SMTP\r\nPHPMailer was able to connect to SMTP server but failed while trying to send an email.', '{"file":"\\/home\\/kouilwmy\\/public_html\\/pappabears\\/wp-content\\/plugins\\/wpforms-lite\\/src\\/Emails\\/Mailer.php","line":531}', 0, '2024-03-08 22:35:55'),
(1128, 'Mailer: Other SMTP\r\nSMTP Error: The following recipients failed: O.Snyder@parrishconsulting.com: No Such User Here', '{"file":"\\/home\\/kouilwmy\\/public_html\\/pappabears\\/wp-content\\/plugins\\/wpforms-lite\\/src\\/Emails\\/Mailer.php","line":531}', 0, '2024-03-08 22:35:55'),
(1129, 'Mailer: Other SMTP\r\nPHPMailer was able to connect to SMTP server but failed while trying to send an email.', '{"file":"\\/home\\/kouilwmy\\/public_html\\/pappabears\\/wp-content\\/plugins\\/wpforms-lite\\/src\\/Emails\\/Mailer.php","line":531}', 0, '2024-03-09 01:49:27'),
(1130, 'Mailer: Other SMTP\r\nSMTP Error: The following recipients failed: O.Snyder@parrishconsulting.com: No Such User Here', '{"file":"\\/home\\/kouilwmy\\/public_html\\/pappabears\\/wp-content\\/plugins\\/wpforms-lite\\/src\\/Emails\\/Mailer.php","line":531}', 0, '2024-03-09 01:49:27'),
(1131, 'Mailer: Other SMTP\r\nPHPMailer was able to connect to SMTP server but failed while trying to send an email.', '{"file":"\\/home\\/kouilwmy\\/public_html\\/pappabears\\/wp-admin\\/includes\\/class-wp-automatic-updater.php","line":1359}', 0, '2024-03-09 16:10:29'),
(1132, 'Mailer: Other SMTP\r\nSMTP Error: The following recipients failed: webdev@parrishconsulting.com: No Such User Here', '{"file":"\\/home\\/kouilwmy\\/public_html\\/pappabears\\/wp-admin\\/includes\\/class-wp-automatic-updater.php","line":1359}', 0, '2024-03-09 16:10:29');
INSERT INTO `PE0_wpmailsmtp_debug_events` VALUES
(1133, 'Mailer: Other SMTP\r\nPHPMailer was able to connect to SMTP server but failed while trying to send an email.', '{"file":"\\/home\\/kouilwmy\\/public_html\\/pappabears\\/wp-content\\/plugins\\/wpforms-lite\\/src\\/Emails\\/Mailer.php","line":531}', 0, '2024-03-09 19:19:12'),
(1134, 'Mailer: Other SMTP\r\nSMTP Error: The following recipients failed: O.Snyder@parrishconsulting.com: No Such User Here', '{"file":"\\/home\\/kouilwmy\\/public_html\\/pappabears\\/wp-content\\/plugins\\/wpforms-lite\\/src\\/Emails\\/Mailer.php","line":531}', 0, '2024-03-09 19:19:12'),
(1135, 'Mailer: Other SMTP\r\nPHPMailer was able to connect to SMTP server but failed while trying to send an email.', '{"file":"\\/home\\/kouilwmy\\/public_html\\/pappabears\\/wp-admin\\/includes\\/class-wp-automatic-updater.php","line":1359}', 0, '2024-03-10 16:07:45'),
(1136, 'Mailer: Other SMTP\r\nSMTP Error: The following recipients failed: webdev@parrishconsulting.com: No Such User Here', '{"file":"\\/home\\/kouilwmy\\/public_html\\/pappabears\\/wp-admin\\/includes\\/class-wp-automatic-updater.php","line":1359}', 0, '2024-03-10 16:07:45'),
(1137, 'Mailer: Other SMTP\r\nPHPMailer was able to connect to SMTP server but failed while trying to send an email.', '{"file":"\\/home\\/kouilwmy\\/public_html\\/pappabears\\/wp-content\\/plugins\\/wpforms-lite\\/src\\/Emails\\/Mailer.php","line":531}', 0, '2024-03-11 13:50:11'),
(1138, 'Mailer: Other SMTP\r\nSMTP Error: The following recipients failed: O.Snyder@parrishconsulting.com: No Such User Here', '{"file":"\\/home\\/kouilwmy\\/public_html\\/pappabears\\/wp-content\\/plugins\\/wpforms-lite\\/src\\/Emails\\/Mailer.php","line":531}', 0, '2024-03-11 13:50:11'),
(1139, 'Mailer: Other SMTP\r\nPHPMailer was able to connect to SMTP server but failed while trying to send an email.', '{"file":"\\/home\\/kouilwmy\\/public_html\\/pappabears\\/wp-content\\/plugins\\/wpforms-lite\\/src\\/Emails\\/Mailer.php","line":531}', 0, '2024-03-11 14:01:20'),
(1140, 'Mailer: Other SMTP\r\nSMTP Error: The following recipients failed: webdev@parrishconsulting.com: No Such User Here', '{"file":"\\/home\\/kouilwmy\\/public_html\\/pappabears\\/wp-content\\/plugins\\/wpforms-lite\\/src\\/Emails\\/Mailer.php","line":531}', 0, '2024-03-11 14:01:20'),
(1141, 'Mailer: Other SMTP\r\nPHPMailer was able to connect to SMTP server but failed while trying to send an email.', '{"file":"\\/home\\/kouilwmy\\/public_html\\/pappabears\\/wp-admin\\/includes\\/class-wp-automatic-updater.php","line":1359}', 0, '2024-03-11 16:09:11'),
(1142, 'Mailer: Other SMTP\r\nSMTP Error: The following recipients failed: webdev@parrishconsulting.com: No Such User Here', '{"file":"\\/home\\/kouilwmy\\/public_html\\/pappabears\\/wp-admin\\/includes\\/class-wp-automatic-updater.php","line":1359}', 0, '2024-03-11 16:09:11'),
(1143, 'Mailer: Other SMTP\r\nPHPMailer was able to connect to SMTP server but failed while trying to send an email.', '{"file":"\\/home\\/kouilwmy\\/public_html\\/pappabears\\/wp-content\\/plugins\\/wp-mail-smtp\\/src\\/Reports\\/Emails\\/Summary.php","line":112}', 0, '2024-03-11 19:38:27'),
(1144, 'Mailer: Other SMTP\r\nSMTP Error: The following recipients failed: webdev@parrishconsulting.com: No Such User Here', '{"file":"\\/home\\/kouilwmy\\/public_html\\/pappabears\\/wp-content\\/plugins\\/wp-mail-smtp\\/src\\/Reports\\/Emails\\/Summary.php","line":112}', 0, '2024-03-11 19:38:27'),
(1145, 'Mailer: Other SMTP\r\nPHPMailer was able to connect to SMTP server but failed while trying to send an email.', '{"file":"\\/home\\/kouilwmy\\/public_html\\/pappabears\\/wp-content\\/plugins\\/wpforms-lite\\/src\\/Emails\\/Mailer.php","line":531}', 0, '2024-03-11 23:00:57'),
(1146, 'Mailer: Other SMTP\r\nSMTP Error: The following recipients failed: O.Snyder@parrishconsulting.com: No Such User Here', '{"file":"\\/home\\/kouilwmy\\/public_html\\/pappabears\\/wp-content\\/plugins\\/wpforms-lite\\/src\\/Emails\\/Mailer.php","line":531}', 0, '2024-03-11 23:00:57'),
(1147, 'Mailer: Other SMTP\r\nPHPMailer was able to connect to SMTP server but failed while trying to send an email.', '{"file":"\\/home\\/kouilwmy\\/public_html\\/pappabears\\/wp-content\\/plugins\\/wpforms-lite\\/src\\/Emails\\/Mailer.php","line":531}', 0, '2024-03-12 09:28:33'),
(1148, 'Mailer: Other SMTP\r\nSMTP Error: The following recipients failed: O.Snyder@parrishconsulting.com: No Such User Here', '{"file":"\\/home\\/kouilwmy\\/public_html\\/pappabears\\/wp-content\\/plugins\\/wpforms-lite\\/src\\/Emails\\/Mailer.php","line":531}', 0, '2024-03-12 09:28:33'),
(1149, 'Mailer: Other SMTP\r\nPHPMailer was able to connect to SMTP server but failed while trying to send an email.', '{"file":"\\/home\\/kouilwmy\\/public_html\\/pappabears\\/wp-content\\/plugins\\/wpforms-lite\\/src\\/Emails\\/Mailer.php","line":531}', 0, '2024-03-12 16:05:28'),
(1150, 'Mailer: Other SMTP\r\nSMTP Error: The following recipients failed: O.Snyder@parrishconsulting.com: No Such User Here', '{"file":"\\/home\\/kouilwmy\\/public_html\\/pappabears\\/wp-content\\/plugins\\/wpforms-lite\\/src\\/Emails\\/Mailer.php","line":531}', 0, '2024-03-12 16:05:28'),
(1151, 'Mailer: Other SMTP\r\nPHPMailer was able to connect to SMTP server but failed while trying to send an email.', '{"file":"\\/home\\/kouilwmy\\/public_html\\/pappabears\\/wp-content\\/plugins\\/wpforms-lite\\/src\\/Emails\\/Mailer.php","line":531}', 0, '2024-03-12 19:37:40'),
(1152, 'Mailer: Other SMTP\r\nSMTP Error: The following recipients failed: O.Snyder@parrishconsulting.com: No Such User Here', '{"file":"\\/home\\/kouilwmy\\/public_html\\/pappabears\\/wp-content\\/plugins\\/wpforms-lite\\/src\\/Emails\\/Mailer.php","line":531}', 0, '2024-03-12 19:37:40'),
(1153, 'Mailer: Other SMTP\r\nPHPMailer was able to connect to SMTP server but failed while trying to send an email.', '{"file":"\\/home\\/kouilwmy\\/public_html\\/pappabears\\/wp-content\\/plugins\\/wpforms-lite\\/src\\/Emails\\/Mailer.php","line":531}', 0, '2024-03-13 03:04:58'),
(1154, 'Mailer: Other SMTP\r\nSMTP Error: The following recipients failed: O.Snyder@parrishconsulting.com: No Such User Here', '{"file":"\\/home\\/kouilwmy\\/public_html\\/pappabears\\/wp-content\\/plugins\\/wpforms-lite\\/src\\/Emails\\/Mailer.php","line":531}', 0, '2024-03-13 03:04:58'),
(1155, 'Mailer: Other SMTP\r\nPHPMailer was able to connect to SMTP server but failed while trying to send an email.', '{"file":"\\/home\\/kouilwmy\\/public_html\\/pappabears\\/wp-admin\\/includes\\/class-wp-automatic-updater.php","line":1359}', 0, '2024-03-13 04:08:02'),
(1156, 'Mailer: Other SMTP\r\nSMTP Error: The following recipients failed: webdev@parrishconsulting.com: No Such User Here', '{"file":"\\/home\\/kouilwmy\\/public_html\\/pappabears\\/wp-admin\\/includes\\/class-wp-automatic-updater.php","line":1359}', 0, '2024-03-13 04:08:02'),
(1157, 'Mailer: Other SMTP\r\nPHPMailer was able to connect to SMTP server but failed while trying to send an email.', '{"file":"\\/home\\/kouilwmy\\/public_html\\/pappabears\\/wp-admin\\/includes\\/class-wp-automatic-updater.php","line":1359}', 0, '2024-03-13 16:08:52'),
(1158, 'Mailer: Other SMTP\r\nSMTP Error: The following recipients failed: webdev@parrishconsulting.com: No Such User Here', '{"file":"\\/home\\/kouilwmy\\/public_html\\/pappabears\\/wp-admin\\/includes\\/class-wp-automatic-updater.php","line":1359}', 0, '2024-03-13 16:08:52'),
(1159, 'Mailer: Other SMTP\r\nPHPMailer was able to connect to SMTP server but failed while trying to send an email.', '{"file":"\\/home\\/kouilwmy\\/public_html\\/pappabears\\/wp-content\\/plugins\\/wpforms-lite\\/src\\/Emails\\/Mailer.php","line":531}', 0, '2024-03-13 17:22:08'),
(1160, 'Mailer: Other SMTP\r\nSMTP Error: The following recipients failed: O.Snyder@parrishconsulting.com: No Such User Here', '{"file":"\\/home\\/kouilwmy\\/public_html\\/pappabears\\/wp-content\\/plugins\\/wpforms-lite\\/src\\/Emails\\/Mailer.php","line":531}', 0, '2024-03-13 17:22:08'),
(1161, 'Mailer: Other SMTP\r\nPHPMailer was able to connect to SMTP server but failed while trying to send an email.', '{"file":"\\/home\\/kouilwmy\\/public_html\\/pappabears\\/wp-content\\/plugins\\/wpforms-lite\\/src\\/Emails\\/Mailer.php","line":531}', 0, '2024-03-13 17:29:00'),
(1162, 'Mailer: Other SMTP\r\nSMTP Error: The following recipients failed: O.Snyder@parrishconsulting.com: No Such User Here', '{"file":"\\/home\\/kouilwmy\\/public_html\\/pappabears\\/wp-content\\/plugins\\/wpforms-lite\\/src\\/Emails\\/Mailer.php","line":531}', 0, '2024-03-13 17:29:00'),
(1163, 'Mailer: Other SMTP\r\nPHPMailer was able to connect to SMTP server but failed while trying to send an email.', '{"file":"\\/home\\/kouilwmy\\/public_html\\/pappabears\\/wp-admin\\/includes\\/class-wp-automatic-updater.php","line":1359}', 0, '2024-03-14 16:09:11'),
(1164, 'Mailer: Other SMTP\r\nSMTP Error: The following recipients failed: webdev@parrishconsulting.com: No Such User Here', '{"file":"\\/home\\/kouilwmy\\/public_html\\/pappabears\\/wp-admin\\/includes\\/class-wp-automatic-updater.php","line":1359}', 0, '2024-03-14 16:09:11'),
(1165, 'Mailer: Other SMTP\r\nPHPMailer was able to connect to SMTP server but failed while trying to send an email.', '{"file":"\\/home\\/kouilwmy\\/public_html\\/pappabears\\/wp-admin\\/includes\\/class-wp-automatic-updater.php","line":1359}', 0, '2024-03-15 04:07:57'),
(1166, 'Mailer: Other SMTP\r\nSMTP Error: The following recipients failed: webdev@parrishconsulting.com: No Such User Here', '{"file":"\\/home\\/kouilwmy\\/public_html\\/pappabears\\/wp-admin\\/includes\\/class-wp-automatic-updater.php","line":1359}', 0, '2024-03-15 04:07:57'),
(1167, 'Mailer: Other SMTP\r\nPHPMailer was able to connect to SMTP server but failed while trying to send an email.', '{"file":"\\/home\\/kouilwmy\\/public_html\\/pappabears\\/wp-content\\/plugins\\/wpforms-lite\\/src\\/Emails\\/Mailer.php","line":531}', 0, '2024-03-15 18:42:34'),
(1168, 'Mailer: Other SMTP\r\nSMTP Error: The following recipients failed: O.Snyder@parrishconsulting.com: No Such User Here', '{"file":"\\/home\\/kouilwmy\\/public_html\\/pappabears\\/wp-content\\/plugins\\/wpforms-lite\\/src\\/Emails\\/Mailer.php","line":531}', 0, '2024-03-15 18:42:34'),
(1169, 'Mailer: Other SMTP\r\nPHPMailer was able to connect to SMTP server but failed while trying to send an email.', '{"file":"\\/home\\/kouilwmy\\/public_html\\/pappabears\\/wp-content\\/plugins\\/wpforms-lite\\/src\\/Emails\\/Mailer.php","line":531}', 0, '2024-03-15 22:01:51'),
(1170, 'Mailer: Other SMTP\r\nSMTP Error: The following recipients failed: O.Snyder@parrishconsulting.com: No Such User Here', '{"file":"\\/home\\/kouilwmy\\/public_html\\/pappabears\\/wp-content\\/plugins\\/wpforms-lite\\/src\\/Emails\\/Mailer.php","line":531}', 0, '2024-03-15 22:01:51'),
(1171, 'Mailer: Other SMTP\r\nPHPMailer was able to connect to SMTP server but failed while trying to send an email.', '{"file":"\\/home\\/kouilwmy\\/public_html\\/pappabears\\/wp-content\\/plugins\\/wpforms-lite\\/src\\/Emails\\/Mailer.php","line":531}', 0, '2024-03-15 23:13:57'),
(1172, 'Mailer: Other SMTP\r\nSMTP Error: The following recipients failed: O.Snyder@parrishconsulting.com: No Such User Here', '{"file":"\\/home\\/kouilwmy\\/public_html\\/pappabears\\/wp-content\\/plugins\\/wpforms-lite\\/src\\/Emails\\/Mailer.php","line":531}', 0, '2024-03-15 23:13:57'),
(1173, 'Mailer: Other SMTP\r\nPHPMailer was able to connect to SMTP server but failed while trying to send an email.', '{"file":"\\/home\\/kouilwmy\\/public_html\\/pappabears\\/wp-content\\/plugins\\/wpforms-lite\\/src\\/Emails\\/Mailer.php","line":531}', 0, '2024-03-16 11:38:51'),
(1174, 'Mailer: Other SMTP\r\nSMTP Error: The following recipients failed: O.Snyder@parrishconsulting.com: No Such User Here', '{"file":"\\/home\\/kouilwmy\\/public_html\\/pappabears\\/wp-content\\/plugins\\/wpforms-lite\\/src\\/Emails\\/Mailer.php","line":531}', 0, '2024-03-16 11:38:51'),
(1175, 'Mailer: Other SMTP\r\nPHPMailer was able to connect to SMTP server but failed while trying to send an email.', '{"file":"\\/home\\/kouilwmy\\/public_html\\/pappabears\\/wp-content\\/plugins\\/wpforms-lite\\/src\\/Emails\\/Mailer.php","line":531}', 0, '2024-03-18 14:02:00'),
(1176, 'Mailer: Other SMTP\r\nSMTP Error: The following recipients failed: webdev@parrishconsulting.com: No Such User Here', '{"file":"\\/home\\/kouilwmy\\/public_html\\/pappabears\\/wp-content\\/plugins\\/wpforms-lite\\/src\\/Emails\\/Mailer.php","line":531}', 0, '2024-03-18 14:02:00'),
(1177, 'Mailer: Other SMTP\r\nPHPMailer was able to connect to SMTP server but failed while trying to send an email.', '{"file":"\\/home\\/kouilwmy\\/public_html\\/pappabears\\/wp-content\\/plugins\\/wpforms-lite\\/src\\/Emails\\/Mailer.php","line":531}', 0, '2024-03-18 17:53:13'),
(1178, 'Mailer: Other SMTP\r\nSMTP Error: The following recipients failed: O.Snyder@parrishconsulting.com: No Such User Here', '{"file":"\\/home\\/kouilwmy\\/public_html\\/pappabears\\/wp-content\\/plugins\\/wpforms-lite\\/src\\/Emails\\/Mailer.php","line":531}', 0, '2024-03-18 17:53:13'),
(1179, 'Mailer: Other SMTP\r\nPHPMailer was able to connect to SMTP server but failed while trying to send an email.', '{"file":"\\/home\\/kouilwmy\\/public_html\\/pappabears\\/wp-content\\/plugins\\/wp-mail-smtp\\/src\\/Reports\\/Emails\\/Summary.php","line":112}', 0, '2024-03-18 19:41:02'),
(1180, 'Mailer: Other SMTP\r\nSMTP Error: The following recipients failed: webdev@parrishconsulting.com: No Such User Here', '{"file":"\\/home\\/kouilwmy\\/public_html\\/pappabears\\/wp-content\\/plugins\\/wp-mail-smtp\\/src\\/Reports\\/Emails\\/Summary.php","line":112}', 0, '2024-03-18 19:41:02'),
(1181, 'Mailer: Other SMTP\r\nPHPMailer was able to connect to SMTP server but failed while trying to send an email.', '{"file":"\\/home\\/kouilwmy\\/public_html\\/pappabears\\/wp-admin\\/includes\\/class-wp-automatic-updater.php","line":1359}', 0, '2024-03-19 04:07:35'),
(1182, 'Mailer: Other SMTP\r\nSMTP Error: The following recipients failed: webdev@parrishconsulting.com: No Such User Here', '{"file":"\\/home\\/kouilwmy\\/public_html\\/pappabears\\/wp-admin\\/includes\\/class-wp-automatic-updater.php","line":1359}', 0, '2024-03-19 04:07:35'),
(1183, 'Mailer: Other SMTP\r\nPHPMailer was able to connect to SMTP server but failed while trying to send an email.', '{"file":"\\/home\\/kouilwmy\\/public_html\\/pappabears\\/wp-content\\/plugins\\/wpforms-lite\\/src\\/Emails\\/Mailer.php","line":531}', 0, '2024-03-19 12:56:08'),
(1184, 'Mailer: Other SMTP\r\nSMTP Error: The following recipients failed: O.Snyder@parrishconsulting.com: No Such User Here', '{"file":"\\/home\\/kouilwmy\\/public_html\\/pappabears\\/wp-content\\/plugins\\/wpforms-lite\\/src\\/Emails\\/Mailer.php","line":531}', 0, '2024-03-19 12:56:08'),
(1185, 'Mailer: Other SMTP\r\nPHPMailer was able to connect to SMTP server but failed while trying to send an email.', '{"file":"\\/home\\/kouilwmy\\/public_html\\/pappabears\\/wp-content\\/plugins\\/wpforms-lite\\/src\\/Emails\\/Mailer.php","line":531}', 0, '2024-03-19 15:24:16'),
(1186, 'Mailer: Other SMTP\r\nSMTP Error: The following recipients failed: O.Snyder@parrishconsulting.com: No Such User Here', '{"file":"\\/home\\/kouilwmy\\/public_html\\/pappabears\\/wp-content\\/plugins\\/wpforms-lite\\/src\\/Emails\\/Mailer.php","line":531}', 0, '2024-03-19 15:24:16'),
(1187, 'Mailer: Other SMTP\r\nPHPMailer was able to connect to SMTP server but failed while trying to send an email.', '{"file":"\\/home\\/kouilwmy\\/public_html\\/pappabears\\/wp-admin\\/includes\\/class-wp-automatic-updater.php","line":1359}', 0, '2024-03-19 16:10:45'),
(1188, 'Mailer: Other SMTP\r\nSMTP Error: The following recipients failed: webdev@parrishconsulting.com: No Such User Here', '{"file":"\\/home\\/kouilwmy\\/public_html\\/pappabears\\/wp-admin\\/includes\\/class-wp-automatic-updater.php","line":1359}', 0, '2024-03-19 16:10:45'),
(1189, 'Mailer: Other SMTP\r\nPHPMailer was able to connect to SMTP server but failed while trying to send an email.', '{"file":"\\/home\\/kouilwmy\\/public_html\\/pappabears\\/wp-content\\/plugins\\/wpforms-lite\\/src\\/Emails\\/Mailer.php","line":531}', 0, '2024-03-20 14:27:30'),
(1190, 'Mailer: Other SMTP\r\nSMTP Error: The following recipients failed: O.Snyder@parrishconsulting.com: No Such User Here', '{"file":"\\/home\\/kouilwmy\\/public_html\\/pappabears\\/wp-content\\/plugins\\/wpforms-lite\\/src\\/Emails\\/Mailer.php","line":531}', 0, '2024-03-20 14:27:30'),
(1191, 'Mailer: Other SMTP\r\nPHPMailer was able to connect to SMTP server but failed while trying to send an email.', '{"file":"\\/home\\/kouilwmy\\/public_html\\/pappabears\\/wp-admin\\/includes\\/class-wp-automatic-updater.php","line":1359}', 0, '2024-03-20 16:09:09'),
(1192, 'Mailer: Other SMTP\r\nSMTP Error: The following recipients failed: webdev@parrishconsulting.com: No Such User Here', '{"file":"\\/home\\/kouilwmy\\/public_html\\/pappabears\\/wp-admin\\/includes\\/class-wp-automatic-updater.php","line":1359}', 0, '2024-03-20 16:09:09'),
(1193, 'Mailer: Other SMTP\r\nPHPMailer was able to connect to SMTP server but failed while trying to send an email.', '{"file":"\\/home\\/kouilwmy\\/public_html\\/pappabears\\/wp-content\\/plugins\\/wpforms-lite\\/src\\/Emails\\/Mailer.php","line":531}', 0, '2024-03-20 22:25:41'),
(1194, 'Mailer: Other SMTP\r\nSMTP Error: The following recipients failed: O.Snyder@parrishconsulting.com: No Such User Here', '{"file":"\\/home\\/kouilwmy\\/public_html\\/pappabears\\/wp-content\\/plugins\\/wpforms-lite\\/src\\/Emails\\/Mailer.php","line":531}', 0, '2024-03-20 22:25:41'),
(1195, 'Mailer: Other SMTP\r\nPHPMailer was able to connect to SMTP server but failed while trying to send an email.', '{"file":"\\/home\\/kouilwmy\\/public_html\\/pappabears\\/wp-admin\\/includes\\/class-wp-automatic-updater.php","line":1359}', 0, '2024-03-21 04:08:37'),
(1196, 'Mailer: Other SMTP\r\nSMTP Error: The following recipients failed: webdev@parrishconsulting.com: No Such User Here', '{"file":"\\/home\\/kouilwmy\\/public_html\\/pappabears\\/wp-admin\\/includes\\/class-wp-automatic-updater.php","line":1359}', 0, '2024-03-21 04:08:37'),
(1197, 'Mailer: Other SMTP\r\nPHPMailer was able to connect to SMTP server but failed while trying to send an email.', '{"file":"\\/home\\/kouilwmy\\/public_html\\/pappabears\\/wp-content\\/plugins\\/wpforms-lite\\/src\\/Emails\\/Mailer.php","line":531}', 0, '2024-03-21 14:27:14'),
(1198, 'Mailer: Other SMTP\r\nSMTP Error: The following recipients failed: O.Snyder@parrishconsulting.com: No Such User Here', '{"file":"\\/home\\/kouilwmy\\/public_html\\/pappabears\\/wp-content\\/plugins\\/wpforms-lite\\/src\\/Emails\\/Mailer.php","line":531}', 0, '2024-03-21 14:27:14'),
(1199, 'Mailer: Other SMTP\r\nPHPMailer was able to connect to SMTP server but failed while trying to send an email.', '{"file":"\\/home\\/kouilwmy\\/public_html\\/pappabears\\/wp-admin\\/includes\\/class-wp-automatic-updater.php","line":1359}', 0, '2024-03-21 16:08:57'),
(1200, 'Mailer: Other SMTP\r\nSMTP Error: The following recipients failed: webdev@parrishconsulting.com: No Such User Here', '{"file":"\\/home\\/kouilwmy\\/public_html\\/pappabears\\/wp-admin\\/includes\\/class-wp-automatic-updater.php","line":1359}', 0, '2024-03-21 16:08:57'),
(1201, 'Mailer: Other SMTP\r\nPHPMailer was able to connect to SMTP server but failed while trying to send an email.', '{"file":"\\/home\\/kouilwmy\\/public_html\\/pappabears\\/wp-admin\\/includes\\/class-wp-automatic-updater.php","line":1359}', 0, '2024-03-22 16:09:33'),
(1202, 'Mailer: Other SMTP\r\nSMTP Error: The following recipients failed: webdev@parrishconsulting.com: No Such User Here', '{"file":"\\/home\\/kouilwmy\\/public_html\\/pappabears\\/wp-admin\\/includes\\/class-wp-automatic-updater.php","line":1359}', 0, '2024-03-22 16:09:33'),
(1203, 'Mailer: Other SMTP\r\nPHPMailer was able to connect to SMTP server but failed while trying to send an email.', '{"file":"\\/home\\/kouilwmy\\/public_html\\/pappabears\\/wp-content\\/plugins\\/wpforms-lite\\/src\\/Emails\\/Mailer.php","line":531}', 0, '2024-03-22 18:54:34'),
(1204, 'Mailer: Other SMTP\r\nSMTP Error: The following recipients failed: O.Snyder@parrishconsulting.com: No Such User Here', '{"file":"\\/home\\/kouilwmy\\/public_html\\/pappabears\\/wp-content\\/plugins\\/wpforms-lite\\/src\\/Emails\\/Mailer.php","line":531}', 0, '2024-03-22 18:54:34'),
(1205, 'Mailer: Other SMTP\r\nPHPMailer was able to connect to SMTP server but failed while trying to send an email.', '{"file":"\\/home\\/kouilwmy\\/public_html\\/pappabears\\/wp-content\\/plugins\\/wpforms-lite\\/src\\/Emails\\/Mailer.php","line":531}', 0, '2024-03-23 21:38:36'),
(1206, 'Mailer: Other SMTP\r\nSMTP Error: The following recipients failed: O.Snyder@parrishconsulting.com: No Such User Here', '{"file":"\\/home\\/kouilwmy\\/public_html\\/pappabears\\/wp-content\\/plugins\\/wpforms-lite\\/src\\/Emails\\/Mailer.php","line":531}', 0, '2024-03-23 21:38:36'),
(1207, 'Mailer: Other SMTP\r\nPHPMailer was able to connect to SMTP server but failed while trying to send an email.', '{"file":"\\/home\\/kouilwmy\\/public_html\\/pappabears\\/wp-content\\/plugins\\/wpforms-lite\\/src\\/Emails\\/Mailer.php","line":531}', 0, '2024-03-25 14:05:35'),
(1208, 'Mailer: Other SMTP\r\nSMTP Error: The following recipients failed: webdev@parrishconsulting.com: No Such User Here', '{"file":"\\/home\\/kouilwmy\\/public_html\\/pappabears\\/wp-content\\/plugins\\/wpforms-lite\\/src\\/Emails\\/Mailer.php","line":531}', 0, '2024-03-25 14:05:35'),
(1209, 'Mailer: Other SMTP\r\nPHPMailer was able to connect to SMTP server but failed while trying to send an email.', '{"file":"\\/home\\/kouilwmy\\/public_html\\/pappabears\\/wp-admin\\/includes\\/class-wp-automatic-updater.php","line":1359}', 0, '2024-03-25 16:08:22'),
(1210, 'Mailer: Other SMTP\r\nSMTP Error: The following recipients failed: webdev@parrishconsulting.com: No Such User Here', '{"file":"\\/home\\/kouilwmy\\/public_html\\/pappabears\\/wp-admin\\/includes\\/class-wp-automatic-updater.php","line":1359}', 0, '2024-03-25 16:08:22'),
(1211, 'Mailer: Other SMTP\r\nPHPMailer was able to connect to SMTP server but failed while trying to send an email.', '{"file":"\\/home\\/kouilwmy\\/public_html\\/pappabears\\/wp-content\\/plugins\\/wp-mail-smtp\\/src\\/Reports\\/Emails\\/Summary.php","line":112}', 0, '2024-03-25 19:42:59'),
(1212, 'Mailer: Other SMTP\r\nSMTP Error: The following recipients failed: webdev@parrishconsulting.com: No Such User Here', '{"file":"\\/home\\/kouilwmy\\/public_html\\/pappabears\\/wp-content\\/plugins\\/wp-mail-smtp\\/src\\/Reports\\/Emails\\/Summary.php","line":112}', 0, '2024-03-25 19:42:59'),
(1213, 'Mailer: Other SMTP\r\nPHPMailer was able to connect to SMTP server but failed while trying to send an email.', '{"file":"\\/home\\/kouilwmy\\/public_html\\/pappabears\\/wp-admin\\/includes\\/class-wp-automatic-updater.php","line":1359}', 0, '2024-03-26 16:08:46'),
(1214, 'Mailer: Other SMTP\r\nSMTP Error: The following recipients failed: webdev@parrishconsulting.com: No Such User Here', '{"file":"\\/home\\/kouilwmy\\/public_html\\/pappabears\\/wp-admin\\/includes\\/class-wp-automatic-updater.php","line":1359}', 0, '2024-03-26 16:08:46'),
(1215, 'Mailer: Other SMTP\r\nPHPMailer was able to connect to SMTP server but failed while trying to send an email.', '{"file":"\\/home\\/kouilwmy\\/public_html\\/pappabears\\/wp-admin\\/includes\\/class-wp-automatic-updater.php","line":1359}', 0, '2024-03-27 16:07:51'),
(1216, 'Mailer: Other SMTP\r\nSMTP Error: The following recipients failed: webdev@parrishconsulting.com: No Such User Here', '{"file":"\\/home\\/kouilwmy\\/public_html\\/pappabears\\/wp-admin\\/includes\\/class-wp-automatic-updater.php","line":1359}', 0, '2024-03-27 16:07:51'),
(1217, 'Mailer: Other SMTP\r\nPHPMailer was able to connect to SMTP server but failed while trying to send an email.', '{"file":"\\/home\\/kouilwmy\\/public_html\\/pappabears\\/wp-content\\/plugins\\/wpforms-lite\\/src\\/Emails\\/Mailer.php","line":531}', 0, '2024-03-28 15:07:13'),
(1218, 'Mailer: Other SMTP\r\nSMTP Error: The following recipients failed: O.Snyder@parrishconsulting.com: No Such User Here', '{"file":"\\/home\\/kouilwmy\\/public_html\\/pappabears\\/wp-content\\/plugins\\/wpforms-lite\\/src\\/Emails\\/Mailer.php","line":531}', 0, '2024-03-28 15:07:13'),
(1219, 'Mailer: Other SMTP\r\nPHPMailer was able to connect to SMTP server but failed while trying to send an email.', '{"file":"\\/home\\/kouilwmy\\/public_html\\/pappabears\\/wp-admin\\/includes\\/class-wp-automatic-updater.php","line":1359}', 0, '2024-03-28 16:08:31'),
(1220, 'Mailer: Other SMTP\r\nSMTP Error: The following recipients failed: webdev@parrishconsulting.com: No Such User Here', '{"file":"\\/home\\/kouilwmy\\/public_html\\/pappabears\\/wp-admin\\/includes\\/class-wp-automatic-updater.php","line":1359}', 0, '2024-03-28 16:08:31'),
(1221, 'Mailer: Other SMTP\r\nPHPMailer was able to connect to SMTP server but failed while trying to send an email.', '{"file":"\\/home\\/kouilwmy\\/public_html\\/pappabears\\/wp-content\\/plugins\\/wpforms-lite\\/src\\/Emails\\/Mailer.php","line":531}', 0, '2024-03-29 01:07:05'),
(1222, 'Mailer: Other SMTP\r\nSMTP Error: The following recipients failed: O.Snyder@parrishconsulting.com: No Such User Here', '{"file":"\\/home\\/kouilwmy\\/public_html\\/pappabears\\/wp-content\\/plugins\\/wpforms-lite\\/src\\/Emails\\/Mailer.php","line":531}', 0, '2024-03-29 01:07:05'),
(1223, 'Mailer: Other SMTP\r\nPHPMailer was able to connect to SMTP server but failed while trying to send an email.', '{"file":"\\/home\\/kouilwmy\\/public_html\\/pappabears\\/wp-content\\/plugins\\/wpforms-lite\\/src\\/Emails\\/Mailer.php","line":531}', 0, '2024-03-29 01:32:40'),
(1224, 'Mailer: Other SMTP\r\nSMTP Error: The following recipients failed: O.Snyder@parrishconsulting.com: No Such User Here', '{"file":"\\/home\\/kouilwmy\\/public_html\\/pappabears\\/wp-content\\/plugins\\/wpforms-lite\\/src\\/Emails\\/Mailer.php","line":531}', 0, '2024-03-29 01:32:40'),
(1225, 'Mailer: Other SMTP\r\nPHPMailer was able to connect to SMTP server but failed while trying to send an email.', '{"file":"\\/home\\/kouilwmy\\/public_html\\/pappabears\\/wp-admin\\/includes\\/class-wp-automatic-updater.php","line":1359}', 0, '2024-03-29 04:07:54'),
(1226, 'Mailer: Other SMTP\r\nSMTP Error: The following recipients failed: webdev@parrishconsulting.com: No Such User Here', '{"file":"\\/home\\/kouilwmy\\/public_html\\/pappabears\\/wp-admin\\/includes\\/class-wp-automatic-updater.php","line":1359}', 0, '2024-03-29 04:07:54'),
(1227, 'Mailer: Other SMTP\r\nPHPMailer was able to connect to SMTP server but failed while trying to send an email.', '{"file":"\\/home\\/kouilwmy\\/public_html\\/pappabears\\/wp-content\\/plugins\\/wpforms-lite\\/src\\/Emails\\/Mailer.php","line":531}', 0, '2024-03-30 06:53:20'),
(1228, 'Mailer: Other SMTP\r\nSMTP Error: The following recipients failed: O.Snyder@parrishconsulting.com: No Such User Here', '{"file":"\\/home\\/kouilwmy\\/public_html\\/pappabears\\/wp-content\\/plugins\\/wpforms-lite\\/src\\/Emails\\/Mailer.php","line":531}', 0, '2024-03-30 06:53:20'),
(1229, 'Mailer: Other SMTP\r\nPHPMailer was able to connect to SMTP server but failed while trying to send an email.', '{"file":"\\/home\\/kouilwmy\\/public_html\\/pappabears\\/wp-content\\/plugins\\/wpforms-lite\\/src\\/Emails\\/Mailer.php","line":531}', 0, '2024-04-01 14:03:31'),
(1230, 'Mailer: Other SMTP\r\nSMTP Error: The following recipients failed: webdev@parrishconsulting.com: No Such User Here', '{"file":"\\/home\\/kouilwmy\\/public_html\\/pappabears\\/wp-content\\/plugins\\/wpforms-lite\\/src\\/Emails\\/Mailer.php","line":531}', 0, '2024-04-01 14:03:31'),
(1231, 'Mailer: Other SMTP\r\nPHPMailer was able to connect to SMTP server but failed while trying to send an email.', '{"file":"\\/home\\/kouilwmy\\/public_html\\/pappabears\\/wp-content\\/plugins\\/wpforms-lite\\/src\\/Emails\\/Mailer.php","line":531}', 0, '2024-04-01 15:57:00'),
(1232, 'Mailer: Other SMTP\r\nSMTP Error: The following recipients failed: O.Snyder@parrishconsulting.com: No Such User Here', '{"file":"\\/home\\/kouilwmy\\/public_html\\/pappabears\\/wp-content\\/plugins\\/wpforms-lite\\/src\\/Emails\\/Mailer.php","line":531}', 0, '2024-04-01 15:57:00'),
(1233, 'Mailer: Other SMTP\r\nPHPMailer was able to connect to SMTP server but failed while trying to send an email.', '{"file":"\\/home\\/kouilwmy\\/public_html\\/pappabears\\/wp-content\\/plugins\\/wp-mail-smtp\\/src\\/Reports\\/Emails\\/Summary.php","line":112}', 0, '2024-04-01 19:58:50'),
(1234, 'Mailer: Other SMTP\r\nSMTP Error: The following recipients failed: webdev@parrishconsulting.com: No Such User Here', '{"file":"\\/home\\/kouilwmy\\/public_html\\/pappabears\\/wp-content\\/plugins\\/wp-mail-smtp\\/src\\/Reports\\/Emails\\/Summary.php","line":112}', 0, '2024-04-01 19:58:50'),
(1235, 'Mailer: Other SMTP\r\nPHPMailer was able to connect to SMTP server but failed while trying to send an email.', '{"file":"\\/home\\/kouilwmy\\/public_html\\/pappabears\\/wp-content\\/plugins\\/wpforms-lite\\/src\\/Emails\\/Mailer.php","line":531}', 0, '2024-04-02 12:38:58'),
(1236, 'Mailer: Other SMTP\r\nSMTP Error: The following recipients failed: O.Snyder@parrishconsulting.com: No Such User Here', '{"file":"\\/home\\/kouilwmy\\/public_html\\/pappabears\\/wp-content\\/plugins\\/wpforms-lite\\/src\\/Emails\\/Mailer.php","line":531}', 0, '2024-04-02 12:38:58'),
(1237, 'Mailer: Other SMTP\r\nPHPMailer was able to connect to SMTP server but failed while trying to send an email.', '{"file":"\\/home\\/kouilwmy\\/public_html\\/pappabears\\/wp-admin\\/includes\\/class-wp-automatic-updater.php","line":1359}', 0, '2024-04-02 16:33:44'),
(1238, 'Mailer: Other SMTP\r\nSMTP Error: The following recipients failed: webdev@parrishconsulting.com: No Such User Here', '{"file":"\\/home\\/kouilwmy\\/public_html\\/pappabears\\/wp-admin\\/includes\\/class-wp-automatic-updater.php","line":1359}', 0, '2024-04-02 16:33:44'),
(1239, 'Mailer: Other SMTP\r\nPHPMailer was able to connect to SMTP server but failed while trying to send an email.', '{"file":"\\/home\\/kouilwmy\\/public_html\\/pappabears\\/wp-admin\\/includes\\/class-wp-automatic-updater.php","line":976}', 0, '2024-04-03 04:09:05'),
(1240, 'Mailer: Other SMTP\r\nSMTP Error: The following recipients failed: webdev@parrishconsulting.com: No Such User Here', '{"file":"\\/home\\/kouilwmy\\/public_html\\/pappabears\\/wp-admin\\/includes\\/class-wp-automatic-updater.php","line":976}', 0, '2024-04-03 04:09:05'),
(1241, 'Mailer: Other SMTP\r\nPHPMailer was able to connect to SMTP server but failed while trying to send an email.', '{"file":"\\/home\\/kouilwmy\\/public_html\\/pappabears\\/wp-admin\\/includes\\/class-wp-automatic-updater.php","line":1359}', 0, '2024-04-03 16:15:35'),
(1242, 'Mailer: Other SMTP\r\nSMTP Error: The following recipients failed: webdev@parrishconsulting.com: No Such User Here', '{"file":"\\/home\\/kouilwmy\\/public_html\\/pappabears\\/wp-admin\\/includes\\/class-wp-automatic-updater.php","line":1359}', 0, '2024-04-03 16:15:35'),
(1243, 'Mailer: Other SMTP\r\nPHPMailer was able to connect to SMTP server but failed while trying to send an email.', '{"file":"\\/home\\/kouilwmy\\/public_html\\/pappabears\\/wp-admin\\/includes\\/class-wp-automatic-updater.php","line":1359}', 0, '2024-04-04 04:10:48'),
(1244, 'Mailer: Other SMTP\r\nSMTP Error: The following recipients failed: webdev@parrishconsulting.com: No Such User Here', '{"file":"\\/home\\/kouilwmy\\/public_html\\/pappabears\\/wp-admin\\/includes\\/class-wp-automatic-updater.php","line":1359}', 0, '2024-04-04 04:10:48'),
(1245, 'Mailer: Other SMTP\r\nPHPMailer was able to connect to SMTP server but failed while trying to send an email.', '{"file":"\\/home\\/kouilwmy\\/public_html\\/pappabears\\/wp-admin\\/includes\\/class-wp-automatic-updater.php","line":1359}', 0, '2024-04-04 16:09:40'),
(1246, 'Mailer: Other SMTP\r\nSMTP Error: The following recipients failed: webdev@parrishconsulting.com: No Such User Here', '{"file":"\\/home\\/kouilwmy\\/public_html\\/pappabears\\/wp-admin\\/includes\\/class-wp-automatic-updater.php","line":1359}', 0, '2024-04-04 16:09:40'),
(1247, 'Mailer: Other SMTP\r\nPHPMailer was able to connect to SMTP server but failed while trying to send an email.', '{"file":"\\/home\\/kouilwmy\\/public_html\\/pappabears\\/wp-content\\/plugins\\/wpforms-lite\\/src\\/Emails\\/Mailer.php","line":531}', 0, '2024-04-05 02:43:04'),
(1248, 'Mailer: Other SMTP\r\nSMTP Error: The following recipients failed: O.Snyder@parrishconsulting.com: No Such User Here', '{"file":"\\/home\\/kouilwmy\\/public_html\\/pappabears\\/wp-content\\/plugins\\/wpforms-lite\\/src\\/Emails\\/Mailer.php","line":531}', 0, '2024-04-05 02:43:04'),
(1249, 'Mailer: Other SMTP\r\nPHPMailer was able to connect to SMTP server but failed while trying to send an email.', '{"file":"\\/home\\/kouilwmy\\/public_html\\/pappabears\\/wp-content\\/plugins\\/wpforms-lite\\/src\\/Emails\\/Mailer.php","line":531}', 0, '2024-04-08 14:16:37'),
(1250, 'Mailer: Other SMTP\r\nSMTP Error: The following recipients failed: webdev@parrishconsulting.com: No Such User Here', '{"file":"\\/home\\/kouilwmy\\/public_html\\/pappabears\\/wp-content\\/plugins\\/wpforms-lite\\/src\\/Emails\\/Mailer.php","line":531}', 0, '2024-04-08 14:16:37'),
(1251, 'Mailer: Other SMTP\r\nPHPMailer was able to connect to SMTP server but failed while trying to send an email.', '{"file":"\\/home\\/kouilwmy\\/public_html\\/pappabears\\/wp-admin\\/includes\\/class-wp-automatic-updater.php","line":1359}', 0, '2024-04-08 16:13:07'),
(1252, 'Mailer: Other SMTP\r\nSMTP Error: The following recipients failed: webdev@parrishconsulting.com: No Such User Here', '{"file":"\\/home\\/kouilwmy\\/public_html\\/pappabears\\/wp-admin\\/includes\\/class-wp-automatic-updater.php","line":1359}', 0, '2024-04-08 16:13:07'),
(1253, 'Mailer: Other SMTP\r\nPHPMailer was able to connect to SMTP server but failed while trying to send an email.', '{"file":"\\/home\\/kouilwmy\\/public_html\\/pappabears\\/wp-content\\/plugins\\/wp-mail-smtp\\/src\\/Reports\\/Emails\\/Summary.php","line":112}', 0, '2024-04-08 20:04:01'),
(1254, 'Mailer: Other SMTP\r\nSMTP Error: The following recipients failed: webdev@parrishconsulting.com: No Such User Here', '{"file":"\\/home\\/kouilwmy\\/public_html\\/pappabears\\/wp-content\\/plugins\\/wp-mail-smtp\\/src\\/Reports\\/Emails\\/Summary.php","line":112}', 0, '2024-04-08 20:04:01'),
(1255, 'Mailer: Other SMTP\r\nPHPMailer was able to connect to SMTP server but failed while trying to send an email.', '{"file":"\\/home\\/kouilwmy\\/public_html\\/pappabears\\/wp-content\\/plugins\\/wpforms-lite\\/src\\/Emails\\/Mailer.php","line":531}', 0, '2024-04-09 04:26:52'),
(1256, 'Mailer: Other SMTP\r\nSMTP Error: The following recipients failed: O.Snyder@parrishconsulting.com: No Such User Here', '{"file":"\\/home\\/kouilwmy\\/public_html\\/pappabears\\/wp-content\\/plugins\\/wpforms-lite\\/src\\/Emails\\/Mailer.php","line":531}', 0, '2024-04-09 04:26:52'),
(1257, 'Mailer: Other SMTP\r\nPHPMailer was able to connect to SMTP server but failed while trying to send an email.', '{"file":"\\/home\\/kouilwmy\\/public_html\\/pappabears\\/wp-admin\\/includes\\/class-wp-automatic-updater.php","line":1359}', 0, '2024-04-09 16:19:50'),
(1258, 'Mailer: Other SMTP\r\nSMTP Error: The following recipients failed: webdev@parrishconsulting.com: No Such User Here', '{"file":"\\/home\\/kouilwmy\\/public_html\\/pappabears\\/wp-admin\\/includes\\/class-wp-automatic-updater.php","line":1359}', 0, '2024-04-09 16:19:50'),
(1259, 'Mailer: Other SMTP\r\nPHPMailer was able to connect to SMTP server but failed while trying to send an email.', '{"file":"\\/home\\/kouilwmy\\/public_html\\/pappabears\\/wp-content\\/plugins\\/wpforms-lite\\/src\\/Emails\\/Mailer.php","line":531}', 0, '2024-04-09 18:12:50'),
(1260, 'Mailer: Other SMTP\r\nSMTP Error: The following recipients failed: O.Snyder@parrishconsulting.com: No Such User Here', '{"file":"\\/home\\/kouilwmy\\/public_html\\/pappabears\\/wp-content\\/plugins\\/wpforms-lite\\/src\\/Emails\\/Mailer.php","line":531}', 0, '2024-04-09 18:12:50'),
(1261, 'Mailer: Other SMTP\r\nPHPMailer was able to connect to SMTP server but failed while trying to send an email.', '{"file":"\\/home\\/kouilwmy\\/public_html\\/pappabears\\/wp-admin\\/includes\\/class-wp-automatic-updater.php","line":976}', 0, '2024-04-09 22:47:08'),
(1262, 'Mailer: Other SMTP\r\nSMTP Error: The following recipients failed: webdev@parrishconsulting.com: No Such User Here', '{"file":"\\/home\\/kouilwmy\\/public_html\\/pappabears\\/wp-admin\\/includes\\/class-wp-automatic-updater.php","line":976}', 0, '2024-04-09 22:47:08'),
(1263, 'Mailer: Other SMTP\r\nPHPMailer was able to connect to SMTP server but failed while trying to send an email.', '{"file":"\\/home\\/kouilwmy\\/public_html\\/pappabears\\/wp-admin\\/includes\\/class-wp-automatic-updater.php","line":1359}', 0, '2024-04-10 16:09:01'),
(1264, 'Mailer: Other SMTP\r\nSMTP Error: The following recipients failed: webdev@parrishconsulting.com: No Such User Here', '{"file":"\\/home\\/kouilwmy\\/public_html\\/pappabears\\/wp-admin\\/includes\\/class-wp-automatic-updater.php","line":1359}', 0, '2024-04-10 16:09:01'),
(1265, 'Mailer: Other SMTP\r\nPHPMailer was able to connect to SMTP server but failed while trying to send an email.', '{"file":"\\/home\\/kouilwmy\\/public_html\\/pappabears\\/wp-admin\\/includes\\/class-wp-automatic-updater.php","line":1359}', 0, '2024-04-11 04:08:45'),
(1266, 'Mailer: Other SMTP\r\nSMTP Error: The following recipients failed: webdev@parrishconsulting.com: No Such User Here', '{"file":"\\/home\\/kouilwmy\\/public_html\\/pappabears\\/wp-admin\\/includes\\/class-wp-automatic-updater.php","line":1359}', 0, '2024-04-11 04:08:46'),
(1267, 'Mailer: Other SMTP\r\nPHPMailer was able to connect to SMTP server but failed while trying to send an email.', '{"file":"\\/home\\/kouilwmy\\/public_html\\/pappabears\\/wp-content\\/plugins\\/wpforms-lite\\/src\\/Emails\\/Mailer.php","line":531}', 0, '2024-04-11 21:19:58'),
(1268, 'Mailer: Other SMTP\r\nSMTP Error: The following recipients failed: O.Snyder@parrishconsulting.com: No Such User Here', '{"file":"\\/home\\/kouilwmy\\/public_html\\/pappabears\\/wp-content\\/plugins\\/wpforms-lite\\/src\\/Emails\\/Mailer.php","line":531}', 0, '2024-04-11 21:19:58'),
(1269, 'Mailer: Other SMTP\r\nPHPMailer was able to connect to SMTP server but failed while trying to send an email.', '{"file":"\\/home\\/kouilwmy\\/public_html\\/pappabears\\/wp-admin\\/includes\\/class-wp-automatic-updater.php","line":1359}', 0, '2024-04-12 04:08:50'),
(1270, 'Mailer: Other SMTP\r\nSMTP Error: The following recipients failed: webdev@parrishconsulting.com: No Such User Here', '{"file":"\\/home\\/kouilwmy\\/public_html\\/pappabears\\/wp-admin\\/includes\\/class-wp-automatic-updater.php","line":1359}', 0, '2024-04-12 04:08:50'),
(1271, 'Mailer: Other SMTP\r\nPHPMailer was able to connect to SMTP server but failed while trying to send an email.', '{"file":"\\/home\\/kouilwmy\\/public_html\\/pappabears\\/wp-content\\/plugins\\/wpforms-lite\\/src\\/Emails\\/Mailer.php","line":531}', 0, '2024-04-13 00:45:34'),
(1272, 'Mailer: Other SMTP\r\nSMTP Error: The following recipients failed: O.Snyder@parrishconsulting.com: No Such User Here', '{"file":"\\/home\\/kouilwmy\\/public_html\\/pappabears\\/wp-content\\/plugins\\/wpforms-lite\\/src\\/Emails\\/Mailer.php","line":531}', 0, '2024-04-13 00:45:34'),
(1273, 'Mailer: Other SMTP\r\nPHPMailer was able to connect to SMTP server but failed while trying to send an email.', '{"file":"\\/home\\/kouilwmy\\/public_html\\/pappabears\\/wp-content\\/plugins\\/wpforms-lite\\/src\\/Emails\\/Mailer.php","line":531}', 0, '2024-04-15 08:24:40'),
(1274, 'Mailer: Other SMTP\r\nSMTP Error: The following recipients failed: O.Snyder@parrishconsulting.com: No Such User Here', '{"file":"\\/home\\/kouilwmy\\/public_html\\/pappabears\\/wp-content\\/plugins\\/wpforms-lite\\/src\\/Emails\\/Mailer.php","line":531}', 0, '2024-04-15 08:24:40'),
(1275, 'Mailer: Other SMTP\r\nPHPMailer was able to connect to SMTP server but failed while trying to send an email.', '{"file":"\\/home\\/kouilwmy\\/public_html\\/pappabears\\/wp-content\\/plugins\\/wpforms-lite\\/src\\/Emails\\/Mailer.php","line":531}', 0, '2024-04-15 14:04:42'),
(1276, 'Mailer: Other SMTP\r\nSMTP Error: The following recipients failed: webdev@parrishconsulting.com: No Such User Here', '{"file":"\\/home\\/kouilwmy\\/public_html\\/pappabears\\/wp-content\\/plugins\\/wpforms-lite\\/src\\/Emails\\/Mailer.php","line":531}', 0, '2024-04-15 14:04:42'),
(1277, 'Mailer: Other SMTP\r\nPHPMailer was able to connect to SMTP server but failed while trying to send an email.', '{"file":"\\/home\\/kouilwmy\\/public_html\\/pappabears\\/wp-admin\\/includes\\/class-wp-automatic-updater.php","line":1359}', 0, '2024-04-15 16:08:59'),
(1278, 'Mailer: Other SMTP\r\nSMTP Error: The following recipients failed: webdev@parrishconsulting.com: No Such User Here', '{"file":"\\/home\\/kouilwmy\\/public_html\\/pappabears\\/wp-admin\\/includes\\/class-wp-automatic-updater.php","line":1359}', 0, '2024-04-15 16:08:59'),
(1279, 'Mailer: Other SMTP\r\nPHPMailer was able to connect to SMTP server but failed while trying to send an email.', '{"file":"\\/home\\/kouilwmy\\/public_html\\/pappabears\\/wp-content\\/plugins\\/wpforms-lite\\/src\\/Emails\\/Mailer.php","line":531}', 0, '2024-04-15 18:11:33'),
(1280, 'Mailer: Other SMTP\r\nSMTP Error: The following recipients failed: O.Snyder@parrishconsulting.com: No Such User Here', '{"file":"\\/home\\/kouilwmy\\/public_html\\/pappabears\\/wp-content\\/plugins\\/wpforms-lite\\/src\\/Emails\\/Mailer.php","line":531}', 0, '2024-04-15 18:11:33'),
(1281, 'Mailer: Other SMTP\r\nPHPMailer was able to connect to SMTP server but failed while trying to send an email.', '{"file":"\\/home\\/kouilwmy\\/public_html\\/pappabears\\/wp-content\\/plugins\\/wp-mail-smtp\\/src\\/Reports\\/Emails\\/Summary.php","line":112}', 0, '2024-04-15 20:06:21'),
(1282, 'Mailer: Other SMTP\r\nSMTP Error: The following recipients failed: webdev@parrishconsulting.com: No Such User Here', '{"file":"\\/home\\/kouilwmy\\/public_html\\/pappabears\\/wp-content\\/plugins\\/wp-mail-smtp\\/src\\/Reports\\/Emails\\/Summary.php","line":112}', 0, '2024-04-15 20:06:21'),
(1283, 'Mailer: Other SMTP\r\nPHPMailer was able to connect to SMTP server but failed while trying to send an email.', '{"file":"\\/home\\/kouilwmy\\/public_html\\/pappabears\\/wp-content\\/plugins\\/wpforms-lite\\/src\\/Emails\\/Mailer.php","line":531}', 0, '2024-04-16 14:05:56'),
(1284, 'Mailer: Other SMTP\r\nSMTP Error: The following recipients failed: O.Snyder@parrishconsulting.com: No Such User Here', '{"file":"\\/home\\/kouilwmy\\/public_html\\/pappabears\\/wp-content\\/plugins\\/wpforms-lite\\/src\\/Emails\\/Mailer.php","line":531}', 0, '2024-04-16 14:05:56'),
(1285, 'Mailer: Other SMTP\r\nPHPMailer was able to connect to SMTP server but failed while trying to send an email.', '{"file":"\\/home\\/kouilwmy\\/public_html\\/pappabears\\/wp-admin\\/includes\\/class-wp-automatic-updater.php","line":1359}', 0, '2024-04-16 17:32:21'),
(1286, 'Mailer: Other SMTP\r\nSMTP Error: The following recipients failed: webdev@parrishconsulting.com: No Such User Here', '{"file":"\\/home\\/kouilwmy\\/public_html\\/pappabears\\/wp-admin\\/includes\\/class-wp-automatic-updater.php","line":1359}', 0, '2024-04-16 17:32:21'),
(1287, 'Mailer: Other SMTP\r\nPHPMailer was able to connect to SMTP server but failed while trying to send an email.', '{"file":"\\/home\\/kouilwmy\\/public_html\\/pappabears\\/wp-content\\/plugins\\/wpforms-lite\\/src\\/Emails\\/Mailer.php","line":531}', 0, '2024-04-17 01:47:03'),
(1288, 'Mailer: Other SMTP\r\nSMTP Error: The following recipients failed: O.Snyder@parrishconsulting.com: No Such User Here', '{"file":"\\/home\\/kouilwmy\\/public_html\\/pappabears\\/wp-content\\/plugins\\/wpforms-lite\\/src\\/Emails\\/Mailer.php","line":531}', 0, '2024-04-17 01:47:03'),
(1289, 'Mailer: Other SMTP\r\nPHPMailer was able to connect to SMTP server but failed while trying to send an email.', '{"file":"\\/home\\/kouilwmy\\/public_html\\/pappabears\\/wp-content\\/plugins\\/wpforms-lite\\/src\\/Emails\\/Mailer.php","line":531}', 0, '2024-04-17 15:57:21'),
(1290, 'Mailer: Other SMTP\r\nSMTP Error: The following recipients failed: O.Snyder@parrishconsulting.com: No Such User Here', '{"file":"\\/home\\/kouilwmy\\/public_html\\/pappabears\\/wp-content\\/plugins\\/wpforms-lite\\/src\\/Emails\\/Mailer.php","line":531}', 0, '2024-04-17 15:57:21'),
(1291, 'Mailer: Other SMTP\r\nPHPMailer was able to connect to SMTP server but failed while trying to send an email.', '{"file":"\\/home\\/kouilwmy\\/public_html\\/pappabears\\/wp-admin\\/includes\\/class-wp-automatic-updater.php","line":1359}', 0, '2024-04-17 16:08:19'),
(1292, 'Mailer: Other SMTP\r\nSMTP Error: The following recipients failed: webdev@parrishconsulting.com: No Such User Here', '{"file":"\\/home\\/kouilwmy\\/public_html\\/pappabears\\/wp-admin\\/includes\\/class-wp-automatic-updater.php","line":1359}', 0, '2024-04-17 16:08:19'),
(1293, 'Mailer: Other SMTP\r\nPHPMailer was able to connect to SMTP server but failed while trying to send an email.', '{"file":"\\/home\\/kouilwmy\\/public_html\\/pappabears\\/wp-admin\\/includes\\/class-wp-automatic-updater.php","line":1359}', 0, '2024-04-18 16:13:04'),
(1294, 'Mailer: Other SMTP\r\nSMTP Error: The following recipients failed: webdev@parrishconsulting.com: No Such User Here', '{"file":"\\/home\\/kouilwmy\\/public_html\\/pappabears\\/wp-admin\\/includes\\/class-wp-automatic-updater.php","line":1359}', 0, '2024-04-18 16:13:04'),
(1295, 'Mailer: Other SMTP\r\nPHPMailer was able to connect to SMTP server but failed while trying to send an email.', '{"file":"\\/home\\/kouilwmy\\/public_html\\/pappabears\\/wp-admin\\/includes\\/class-wp-automatic-updater.php","line":1359}', 0, '2024-04-19 04:07:20'),
(1296, 'Mailer: Other SMTP\r\nSMTP Error: The following recipients failed: webdev@parrishconsulting.com: No Such User Here', '{"file":"\\/home\\/kouilwmy\\/public_html\\/pappabears\\/wp-admin\\/includes\\/class-wp-automatic-updater.php","line":1359}', 0, '2024-04-19 04:07:20'),
(1297, 'Mailer: Other SMTP\r\nPHPMailer was able to connect to SMTP server but failed while trying to send an email.', '{"file":"\\/home\\/kouilwmy\\/public_html\\/pappabears\\/wp-content\\/plugins\\/wpforms-lite\\/src\\/Emails\\/Mailer.php","line":531}', 0, '2024-04-19 14:33:34'),
(1298, 'Mailer: Other SMTP\r\nSMTP Error: The following recipients failed: O.Snyder@parrishconsulting.com: No Such User Here', '{"file":"\\/home\\/kouilwmy\\/public_html\\/pappabears\\/wp-content\\/plugins\\/wpforms-lite\\/src\\/Emails\\/Mailer.php","line":531}', 0, '2024-04-19 14:33:34'),
(1299, 'Mailer: Other SMTP\r\nPHPMailer was able to connect to SMTP server but failed while trying to send an email.', '{"file":"\\/home\\/kouilwmy\\/public_html\\/pappabears\\/wp-content\\/plugins\\/wpforms-lite\\/src\\/Emails\\/Mailer.php","line":531}', 0, '2024-04-19 20:14:57'),
(1300, 'Mailer: Other SMTP\r\nSMTP Error: The following recipients failed: O.Snyder@parrishconsulting.com: No Such User Here', '{"file":"\\/home\\/kouilwmy\\/public_html\\/pappabears\\/wp-content\\/plugins\\/wpforms-lite\\/src\\/Emails\\/Mailer.php","line":531}', 0, '2024-04-19 20:14:57'),
(1301, 'Mailer: Other SMTP\r\nPHPMailer was able to connect to SMTP server but failed while trying to send an email.', '{"file":"\\/home\\/kouilwmy\\/public_html\\/pappabears\\/wp-content\\/plugins\\/wpforms-lite\\/src\\/Emails\\/Mailer.php","line":531}', 0, '2024-04-20 16:21:53'),
(1302, 'Mailer: Other SMTP\r\nSMTP Error: The following recipients failed: O.Snyder@parrishconsulting.com: No Such User Here', '{"file":"\\/home\\/kouilwmy\\/public_html\\/pappabears\\/wp-content\\/plugins\\/wpforms-lite\\/src\\/Emails\\/Mailer.php","line":531}', 0, '2024-04-20 16:21:53'),
(1303, 'Mailer: Other SMTP\r\nPHPMailer was able to connect to SMTP server but failed while trying to send an email.', '{"file":"\\/home\\/kouilwmy\\/public_html\\/pappabears\\/wp-admin\\/includes\\/class-wp-automatic-updater.php","line":1359}', 0, '2024-04-21 18:24:36'),
(1304, 'Mailer: Other SMTP\r\nSMTP Error: The following recipients failed: webdev@parrishconsulting.com: No Such User Here', '{"file":"\\/home\\/kouilwmy\\/public_html\\/pappabears\\/wp-admin\\/includes\\/class-wp-automatic-updater.php","line":1359}', 0, '2024-04-21 18:24:36'),
(1305, 'Mailer: Other SMTP\r\nPHPMailer was able to connect to SMTP server but failed while trying to send an email.', '{"file":"\\/home\\/kouilwmy\\/public_html\\/pappabears\\/wp-content\\/plugins\\/wpforms-lite\\/src\\/Emails\\/Mailer.php","line":531}', 0, '2024-04-22 14:05:26'),
(1306, 'Mailer: Other SMTP\r\nSMTP Error: The following recipients failed: webdev@parrishconsulting.com: No Such User Here', '{"file":"\\/home\\/kouilwmy\\/public_html\\/pappabears\\/wp-content\\/plugins\\/wpforms-lite\\/src\\/Emails\\/Mailer.php","line":531}', 0, '2024-04-22 14:05:26'),
(1307, 'Mailer: Other SMTP\r\nPHPMailer was able to connect to SMTP server but failed while trying to send an email.', '{"file":"\\/home\\/kouilwmy\\/public_html\\/pappabears\\/wp-content\\/plugins\\/wp-mail-smtp\\/src\\/Reports\\/Emails\\/Summary.php","line":112}', 0, '2024-04-22 20:16:46'),
(1308, 'Mailer: Other SMTP\r\nSMTP Error: The following recipients failed: webdev@parrishconsulting.com: No Such User Here', '{"file":"\\/home\\/kouilwmy\\/public_html\\/pappabears\\/wp-content\\/plugins\\/wp-mail-smtp\\/src\\/Reports\\/Emails\\/Summary.php","line":112}', 0, '2024-04-22 20:16:46'),
(1309, 'Mailer: Other SMTP\r\nPHPMailer was able to connect to SMTP server but failed while trying to send an email.', '{"file":"\\/home\\/kouilwmy\\/public_html\\/pappabears\\/wp-content\\/plugins\\/wpforms-lite\\/src\\/Emails\\/Mailer.php","line":531}', 0, '2024-04-23 14:03:57'),
(1310, 'Mailer: Other SMTP\r\nSMTP Error: The following recipients failed: O.Snyder@parrishconsulting.com: No Such User Here', '{"file":"\\/home\\/kouilwmy\\/public_html\\/pappabears\\/wp-content\\/plugins\\/wpforms-lite\\/src\\/Emails\\/Mailer.php","line":531}', 0, '2024-04-23 14:03:57'),
(1311, 'Mailer: Other SMTP\r\nPHPMailer was able to connect to SMTP server but failed while trying to send an email.', '{"file":"\\/home\\/kouilwmy\\/public_html\\/pappabears\\/wp-admin\\/includes\\/class-wp-automatic-updater.php","line":1359}', 0, '2024-04-23 16:12:10'),
(1312, 'Mailer: Other SMTP\r\nSMTP Error: The following recipients failed: webdev@parrishconsulting.com: No Such User Here', '{"file":"\\/home\\/kouilwmy\\/public_html\\/pappabears\\/wp-admin\\/includes\\/class-wp-automatic-updater.php","line":1359}', 0, '2024-04-23 16:12:10'),
(1313, 'Mailer: Other SMTP\r\nPHPMailer was able to connect to SMTP server but failed while trying to send an email.', '{"file":"\\/home\\/kouilwmy\\/public_html\\/pappabears\\/wp-admin\\/includes\\/class-wp-automatic-updater.php","line":976}', 0, '2024-06-29 13:41:31'),
(1314, 'Mailer: Other SMTP\r\nSMTP Error: The following recipients failed: webdev@parrishconsulting.com: No Such User Here', '{"file":"\\/home\\/kouilwmy\\/public_html\\/pappabears\\/wp-admin\\/includes\\/class-wp-automatic-updater.php","line":976}', 0, '2024-06-29 13:41:31'),
(1315, 'Mailer: Other SMTP\r\nPHPMailer was able to connect to SMTP server but failed while trying to send an email.', '{"file":"\\/home\\/kouilwmy\\/public_html\\/pappabears\\/wp-content\\/plugins\\/wpforms-lite\\/src\\/Emails\\/Mailer.php","line":563}', 0, '2024-06-30 23:50:27'),
(1316, 'Mailer: Other SMTP\r\nSMTP Error: The following recipients failed: O.Snyder@parrishconsulting.com: No Such User Here', '{"file":"\\/home\\/kouilwmy\\/public_html\\/pappabears\\/wp-content\\/plugins\\/wpforms-lite\\/src\\/Emails\\/Mailer.php","line":563}', 0, '2024-06-30 23:50:27');

-- --------------------------------------------------------

--
-- Table structure for table `PE0_wpmailsmtp_tasks_meta`
--

CREATE TABLE `PE0_wpmailsmtp_tasks_meta` (
  `id` bigint(20) NOT NULL AUTO_INCREMENT,
  `action` varchar(255) COLLATE utf8mb4_unicode_520_ci NOT NULL,
  `data` longtext COLLATE utf8mb4_unicode_520_ci NOT NULL,
  `date` datetime NOT NULL,
  PRIMARY KEY (`id`)
) ENGINE=MyISAM  DEFAULT CHARSET=utf8mb4 COLLATE=utf8mb4_unicode_520_ci;

--
-- Dumping data for table `PE0_wpmailsmtp_tasks_meta`
--

INSERT INTO `PE0_wpmailsmtp_tasks_meta` VALUES
(1, 'wp_mail_smtp_summary_report_email', 'W10=', '2022-12-06 19:42:33'),
(13, 'wp_mail_smtp_admin_notifications_update', 'W10=', '2024-04-29 20:32:39');

-- --------------------------------------------------------

--
-- Table structure for table `PE0_yoast_indexable`
--

CREATE TABLE `PE0_yoast_indexable` (
  `id` int(11) unsigned NOT NULL AUTO_INCREMENT,
  `permalink` longtext COLLATE utf8mb4_unicode_520_ci,
  `permalink_hash` varchar(40) COLLATE utf8mb4_unicode_520_ci DEFAULT NULL,
  `object_id` bigint(20) DEFAULT NULL,
  `object_type` varchar(32) COLLATE utf8mb4_unicode_520_ci NOT NULL,
  `object_sub_type` varchar(32) COLLATE utf8mb4_unicode_520_ci DEFAULT NULL,
  `author_id` bigint(20) DEFAULT NULL,
  `post_parent` bigint(20) DEFAULT NULL,
  `title` text COLLATE utf8mb4_unicode_520_ci,
  `description` mediumtext COLLATE utf8mb4_unicode_520_ci,
  `breadcrumb_title` text COLLATE utf8mb4_unicode_520_ci,
  `post_status` varchar(20) COLLATE utf8mb4_unicode_520_ci DEFAULT NULL,
  `is_public` tinyint(1) DEFAULT NULL,
  `is_protected` tinyint(1) DEFAULT '0',
  `has_public_posts` tinyint(1) DEFAULT NULL,
  `number_of_pages` int(11) unsigned DEFAULT NULL,
  `canonical` longtext COLLATE utf8mb4_unicode_520_ci,
  `primary_focus_keyword` varchar(191) COLLATE utf8mb4_unicode_520_ci DEFAULT NULL,
  `primary_focus_keyword_score` int(3) DEFAULT NULL,
  `readability_score` int(3) DEFAULT NULL,
  `is_cornerstone` tinyint(1) DEFAULT '0',
  `is_robots_noindex` tinyint(1) DEFAULT '0',
  `is_robots_nofollow` tinyint(1) DEFAULT '0',
  `is_robots_noarchive` tinyint(1) DEFAULT '0',
  `is_robots_noimageindex` tinyint(1) DEFAULT '0',
  `is_robots_nosnippet` tinyint(1) DEFAULT '0',
  `twitter_title` text COLLATE utf8mb4_unicode_520_ci,
  `twitter_image` longtext COLLATE utf8mb4_unicode_520_ci,
  `twitter_description` longtext COLLATE utf8mb4_unicode_520_ci,
  `twitter_image_id` varchar(191) COLLATE utf8mb4_unicode_520_ci DEFAULT NULL,
  `twitter_image_source` text COLLATE utf8mb4_unicode_520_ci,
  `open_graph_title` text COLLATE utf8mb4_unicode_520_ci,
  `open_graph_description` longtext COLLATE utf8mb4_unicode_520_ci,
  `open_graph_image` longtext COLLATE utf8mb4_unicode_520_ci,
  `open_graph_image_id` varchar(191) COLLATE utf8mb4_unicode_520_ci DEFAULT NULL,
  `open_graph_image_source` text COLLATE utf8mb4_unicode_520_ci,
  `open_graph_image_meta` mediumtext COLLATE utf8mb4_unicode_520_ci,
  `link_count` int(11) DEFAULT NULL,
  `incoming_link_count` int(11) DEFAULT NULL,
  `prominent_words_version` int(11) unsigned DEFAULT NULL,
  `created_at` datetime DEFAULT NULL,
  `updated_at` timestamp NOT NULL DEFAULT CURRENT_TIMESTAMP ON UPDATE CURRENT_TIMESTAMP,
  `blog_id` bigint(20) NOT NULL DEFAULT '1',
  `language` varchar(32) COLLATE utf8mb4_unicode_520_ci DEFAULT NULL,
  `region` varchar(32) COLLATE utf8mb4_unicode_520_ci DEFAULT NULL,
  `schema_page_type` varchar(64) COLLATE utf8mb4_unicode_520_ci DEFAULT NULL,
  `schema_article_type` varchar(64) COLLATE utf8mb4_unicode_520_ci DEFAULT NULL,
  `has_ancestors` tinyint(1) DEFAULT '0',
  `estimated_reading_time_minutes` int(11) DEFAULT NULL,
  `version` int(11) DEFAULT '1',
  `object_last_modified` datetime DEFAULT NULL,
  `object_published_at` datetime DEFAULT NULL,
  `inclusive_language_score` int(3) DEFAULT NULL,
  PRIMARY KEY (`id`),
  KEY `object_type_and_sub_type` (`object_type`,`object_sub_type`),
  KEY `object_id_and_type` (`object_id`,`object_type`),
  KEY `permalink_hash_and_object_type` (`permalink_hash`,`object_type`),
  KEY `subpages` (`post_parent`,`object_type`,`post_status`,`object_id`),
  KEY `prominent_words` (`prominent_words_version`,`object_type`,`object_sub_type`,`post_status`),
  KEY `published_sitemap_index` (`object_published_at`,`is_robots_noindex`,`object_type`,`object_sub_type`)
) ENGINE=MyISAM  DEFAULT CHARSET=utf8mb4 COLLATE=utf8mb4_unicode_520_ci;

--
-- Dumping data for table `PE0_yoast_indexable`
--

INSERT INTO `PE0_yoast_indexable` VALUES
(1, 'https://pappabearscatering.com/author/webdev/', '45:951788011d9562c895d624dbfc994efd', 1, 'user', NULL, NULL, NULL, NULL, NULL, NULL, NULL, NULL, 0, NULL, NULL, NULL, NULL, NULL, NULL, 0, 0, NULL, NULL, NULL, NULL, NULL, 'https://secure.gravatar.com/avatar/fadb55c7b16b134dccc06da9a2271e44?s=500&d=mm&r=g', NULL, NULL, 'gravatar-image', NULL, NULL, 'https://secure.gravatar.com/avatar/fadb55c7b16b134dccc06da9a2271e44?s=500&d=mm&r=g', NULL, 'gravatar-image', NULL, NULL, NULL, NULL, '2022-06-03 18:25:01', '2023-09-26 15:51:43', 1, NULL, NULL, NULL, NULL, 0, NULL, 2, '2023-09-26 15:51:38', '2022-06-03 16:07:11', NULL),
(4, 'http://pappabearscatering.com/hello-world/', '42:06fc5910553145177bea86d7ac4bc356', 1, 'post', 'post', 1, 0, NULL, NULL, 'Hello world!', 'publish', NULL, 0, NULL, NULL, NULL, NULL, NULL, 0, 0, NULL, 0, NULL, NULL, NULL, NULL, NULL, NULL, NULL, NULL, NULL, NULL, NULL, NULL, NULL, NULL, 0, NULL, NULL, '2022-06-03 18:25:01', '2022-12-12 15:58:27', 1, NULL, NULL, NULL, NULL, 0, NULL, 2, '2022-06-03 16:07:11', '2022-06-03 16:07:11', NULL),
(5, 'https://pappabearscatering.com/category/uncategorized/', '54:08ba006d30190b6f7b9b10c2a3bb4d4b', 1, 'term', 'category', NULL, NULL, NULL, NULL, 'Uncategorized', NULL, NULL, 0, NULL, NULL, NULL, NULL, NULL, NULL, 0, NULL, NULL, NULL, NULL, NULL, NULL, NULL, NULL, NULL, NULL, NULL, NULL, NULL, NULL, NULL, NULL, 0, NULL, NULL, '2022-06-03 18:25:01', '2022-12-06 19:42:31', 1, NULL, NULL, NULL, NULL, 0, NULL, 2, '2022-06-03 16:07:11', '2022-06-03 16:07:11', NULL),
(6, NULL, NULL, NULL, 'system-page', '404', NULL, NULL, 'Page not found %%sep%% %%sitename%%', NULL, 'Error 404: Page not found', NULL, NULL, 0, NULL, NULL, NULL, NULL, NULL, NULL, 0, 1, 0, 0, 0, 0, NULL, NULL, NULL, NULL, NULL, NULL, NULL, NULL, NULL, NULL, NULL, NULL, NULL, NULL, '2022-06-03 18:25:01', '2022-11-30 16:41:47', 1, NULL, NULL, NULL, NULL, 0, NULL, 1, NULL, NULL, NULL),
(7, NULL, NULL, NULL, 'system-page', 'search-result', NULL, NULL, 'You searched for %%searchphrase%% %%page%% %%sep%% %%sitename%%', NULL, NULL, NULL, NULL, 0, NULL, NULL, NULL, NULL, NULL, NULL, 0, 1, 0, 0, 0, 0, NULL, NULL, NULL, NULL, NULL, NULL, NULL, NULL, NULL, NULL, NULL, NULL, NULL, NULL, '2022-06-03 18:25:01', '2022-12-01 14:48:45', 1, NULL, NULL, NULL, NULL, 0, NULL, 1, NULL, NULL, NULL),
(8, NULL, NULL, NULL, 'date-archive', NULL, NULL, NULL, '%%date%% %%page%% %%sep%% %%sitename%%', '', NULL, NULL, 0, 0, NULL, NULL, NULL, NULL, NULL, NULL, 0, 1, 0, 0, 0, 0, NULL, NULL, NULL, NULL, NULL, NULL, NULL, NULL, NULL, NULL, NULL, NULL, NULL, NULL, '2022-06-03 18:25:01', '2022-12-01 14:48:45', 1, NULL, NULL, NULL, NULL, 0, NULL, 1, NULL, NULL, NULL),
(9, 'https://pappabearscatering.com/', '31:54204d06e90239413062431ae66ca6c2', NULL, 'home-page', NULL, NULL, NULL, '%%sitename%% %%page%% %%sep%% %%sitedesc%%', 'Pappa Bears', 'Home', NULL, NULL, 0, NULL, NULL, NULL, NULL, NULL, NULL, 0, 0, 0, 0, 0, 0, NULL, NULL, NULL, NULL, NULL, '%%sitename%%', '', '', '0', NULL, NULL, NULL, 5, NULL, '2022-06-03 18:25:01', '2023-09-26 15:51:43', 1, NULL, NULL, NULL, NULL, 0, NULL, 2, '2023-09-26 15:51:38', '2022-06-03 16:07:11', NULL),
(11, 'https://pappabearscatering.com/find-the-truck/', '46:fcde3cb865aa54c6b7bf42f0edde836e', 6, 'post', 'page', 1, 0, NULL, NULL, 'Find The Truck', 'publish', NULL, 0, NULL, NULL, NULL, 'Food Truck', 54, 90, 0, NULL, 0, NULL, NULL, NULL, NULL, 'http://pappabearscatering.com/wp-content/uploads/2022/06/Food-Truck-ICON.png', NULL, NULL, 'first-content-image', NULL, NULL, 'http://pappabearscatering.com/wp-content/uploads/2022/06/Food-Truck-ICON.png', NULL, 'first-content-image', NULL, 19, 5, NULL, '2022-06-03 18:27:06', '2023-09-26 15:50:05', 1, NULL, NULL, NULL, NULL, 0, 5, 2, '2023-09-26 15:49:59', '2022-06-03 18:27:06', 0),
(50, 'https://pappabearscatering.com/bbq-central/', '43:504ea4ab98a463ba59ff826c805620ac', 127, 'post', 'page', 1, 0, NULL, NULL, 'BBQ Central', 'publish', NULL, 0, NULL, NULL, NULL, 'Dewigs Catering', 50, 90, 0, NULL, 0, NULL, NULL, NULL, NULL, 'http://pappabearscatering.com/wp-content/uploads/2022/06/Food-Truck-ICON.png', NULL, NULL, 'first-content-image', NULL, NULL, 'http://pappabearscatering.com/wp-content/uploads/2022/06/Food-Truck-ICON.png', NULL, 'first-content-image', NULL, 20, 5, NULL, '2022-06-06 16:08:16', '2023-09-26 15:46:30', 1, NULL, NULL, NULL, NULL, 0, 7, 2, '2023-09-26 15:46:26', '2022-06-06 16:08:16', 0),
(57, 'https://pappabearscatering.com/merch-store/', '43:43ce0993b9073be3155bd8c8caf0e8e7', 200, 'post', 'page', 1, 0, NULL, NULL, 'Merch Store', 'publish', NULL, 0, NULL, NULL, NULL, 'Pappa Bears Merch', 39, 90, 0, NULL, 0, NULL, NULL, NULL, NULL, 'http://pappabearscatering.com/wp-content/uploads/2022/06/Food-Truck-ICON.png', NULL, NULL, 'first-content-image', NULL, NULL, 'http://pappabearscatering.com/wp-content/uploads/2022/06/Food-Truck-ICON.png', NULL, 'first-content-image', NULL, 20, 5, NULL, '2022-06-06 17:38:26', '2023-09-26 15:51:08', 1, NULL, NULL, NULL, NULL, 0, 6, 2, '2023-09-26 15:51:04', '2022-06-06 17:38:25', 0),
(63, 'https://pappabearscatering.com/our-story/', '41:55a71544e34a8d07f0d0cd3d72cd44db', 222, 'post', 'page', 1, 0, NULL, NULL, 'Our Story', 'publish', NULL, 0, NULL, NULL, NULL, 'Weddings', 53, 30, 0, NULL, 0, NULL, NULL, NULL, NULL, 'http://pappabearscatering.com/wp-content/uploads/2022/06/Food-Truck-ICON.png', NULL, NULL, 'first-content-image', NULL, NULL, 'http://pappabearscatering.com/wp-content/uploads/2022/06/Food-Truck-ICON.png', NULL, 'first-content-image', NULL, 14, 10, NULL, '2022-06-06 18:05:31', '2023-09-26 15:51:43', 1, NULL, NULL, NULL, NULL, 0, 16, 2, '2023-09-26 15:51:38', '2022-06-06 18:05:30', 0),
(81, 'https://pappabearscatering.com/catering/', '40:fe6cbf36db360a34d0bc05bdf5be6c9e', 255, 'post', 'page', 1, 0, NULL, NULL, 'Catering', 'publish', NULL, 0, NULL, NULL, NULL, 'Evansville area catering', 54, 90, 0, NULL, 0, NULL, NULL, NULL, NULL, 'http://pappabearscatering.com/wp-content/uploads/2022/06/Food-Truck-ICON.png', NULL, NULL, 'first-content-image', NULL, NULL, 'http://pappabearscatering.com/wp-content/uploads/2022/06/Food-Truck-ICON.png', NULL, 'first-content-image', NULL, 17, 16, NULL, '2022-06-07 16:22:36', '2023-09-26 15:48:54', 1, NULL, NULL, NULL, NULL, 0, 13, 2, '2023-09-26 15:48:49', '2022-06-07 16:22:36', 0),
(100, 'https://pappabearscatering.com/', '31:54204d06e90239413062431ae66ca6c2', 338, 'post', 'page', 1, 0, NULL, NULL, 'Home', 'publish', NULL, 0, NULL, NULL, NULL, 'Papa bears', 53, 90, 0, NULL, 0, NULL, NULL, NULL, NULL, 'http://pappabearscatering.com/wp-content/uploads/2022/06/Food-Truck-ICON.png', NULL, NULL, 'first-content-image', NULL, NULL, 'http://pappabearscatering.com/wp-content/uploads/2022/06/Food-Truck-ICON.png', NULL, 'first-content-image', NULL, 26, 0, NULL, '2022-06-09 17:01:59', '2023-09-26 15:50:33', 1, NULL, NULL, NULL, NULL, 0, 6, 2, '2023-09-26 15:50:32', '2022-06-09 17:01:59', 0);

-- --------------------------------------------------------

--
-- Table structure for table `PE0_yoast_indexable_hierarchy`
--

CREATE TABLE `PE0_yoast_indexable_hierarchy` (
  `indexable_id` int(11) unsigned NOT NULL,
  `ancestor_id` int(11) unsigned NOT NULL,
  `depth` int(11) unsigned DEFAULT NULL,
  `blog_id` bigint(20) NOT NULL DEFAULT '1',
  PRIMARY KEY (`indexable_id`,`ancestor_id`),
  KEY `indexable_id` (`indexable_id`),
  KEY `ancestor_id` (`ancestor_id`),
  KEY `depth` (`depth`)
) ENGINE=MyISAM DEFAULT CHARSET=utf8mb4 COLLATE=utf8mb4_unicode_520_ci;

--
-- Dumping data for table `PE0_yoast_indexable_hierarchy`
--

INSERT INTO `PE0_yoast_indexable_hierarchy` VALUES
(11, 0, 0, 1),
(1, 0, 0, 1),
(4, 0, 0, 1),
(5, 0, 0, 1),
(9, 0, 0, 1),
(50, 0, 0, 1),
(57, 0, 0, 1),
(63, 0, 0, 1),
(81, 0, 0, 1),
(100, 0, 0, 1),
(7, 0, 0, 1);

-- --------------------------------------------------------

--
-- Table structure for table `PE0_yoast_migrations`
--

CREATE TABLE `PE0_yoast_migrations` (
  `id` int(11) unsigned NOT NULL AUTO_INCREMENT,
  `version` varchar(191) COLLATE utf8mb4_unicode_520_ci DEFAULT NULL,
  PRIMARY KEY (`id`),
  UNIQUE KEY `PE0_yoast_migrations_version` (`version`)
) ENGINE=MyISAM  DEFAULT CHARSET=utf8mb4 COLLATE=utf8mb4_unicode_520_ci;

--
-- Dumping data for table `PE0_yoast_migrations`
--

INSERT INTO `PE0_yoast_migrations` VALUES
(1, '20171228151840'),
(2, '20171228151841'),
(3, '20190529075038'),
(4, '20191011111109'),
(5, '20200408101900'),
(6, '20200420073606'),
(7, '20200428123747'),
(8, '20200428194858'),
(9, '20200429105310'),
(10, '20200430075614'),
(11, '20200430150130'),
(12, '20200507054848'),
(13, '20200513133401'),
(14, '20200609154515'),
(15, '20200616130143'),
(16, '20200617122511'),
(17, '20200702141921'),
(18, '20200728095334'),
(19, '20201202144329'),
(20, '20201216124002'),
(21, '20201216141134'),
(22, '20210817092415'),
(23, '20211020091404'),
(24, '20230417083836');

-- --------------------------------------------------------

--
-- Table structure for table `PE0_yoast_primary_term`
--

CREATE TABLE `PE0_yoast_primary_term` (
  `id` int(11) unsigned NOT NULL AUTO_INCREMENT,
  `post_id` bigint(20) DEFAULT NULL,
  `term_id` bigint(20) DEFAULT NULL,
  `taxonomy` varchar(32) COLLATE utf8mb4_unicode_520_ci NOT NULL,
  `created_at` datetime DEFAULT NULL,
  `updated_at` timestamp NOT NULL DEFAULT CURRENT_TIMESTAMP ON UPDATE CURRENT_TIMESTAMP,
  `blog_id` bigint(20) NOT NULL DEFAULT '1',
  PRIMARY KEY (`id`),
  KEY `post_taxonomy` (`post_id`,`taxonomy`),
  KEY `post_term` (`post_id`,`term_id`)
) ENGINE=MyISAM DEFAULT CHARSET=utf8mb4 COLLATE=utf8mb4_unicode_520_ci;

-- --------------------------------------------------------

--
-- Table structure for table `PE0_yoast_seo_links`
--

CREATE TABLE `PE0_yoast_seo_links` (
  `id` bigint(20) unsigned NOT NULL AUTO_INCREMENT,
  `url` varchar(255) DEFAULT NULL,
  `post_id` bigint(20) unsigned DEFAULT NULL,
  `target_post_id` bigint(20) unsigned DEFAULT NULL,
  `type` varchar(8) DEFAULT NULL,
  `indexable_id` int(11) unsigned DEFAULT NULL,
  `target_indexable_id` int(11) unsigned DEFAULT NULL,
  `height` int(11) unsigned DEFAULT NULL,
  `width` int(11) unsigned DEFAULT NULL,
  `size` int(11) unsigned DEFAULT NULL,
  `language` varchar(32) DEFAULT NULL,
  `region` varchar(32) DEFAULT NULL,
  PRIMARY KEY (`id`),
  KEY `link_direction` (`post_id`,`type`),
  KEY `indexable_link_direction` (`indexable_id`,`type`)
) ENGINE=MyISAM  DEFAULT CHARSET=utf8;

--
-- Dumping data for table `PE0_yoast_seo_links`
--

INSERT INTO `PE0_yoast_seo_links` VALUES
(1202, 'https://i0.wp.com/pappabearscatering.com/wp-content/uploads/2022/06/YouTube-ICON.png?resize=35%2C34', 127, NULL, 'image-ex', 50, NULL, NULL, NULL, NULL, NULL, NULL),
(1201, 'https://i0.wp.com/pappabearscatering.com/wp-content/uploads/2022/06/FB-ICON.png?resize=35%2C34', 127, NULL, 'image-ex', 50, NULL, NULL, NULL, NULL, NULL, NULL),
(491, 'https://pappabearscatering.com/find-the-truck/', 338, 6, 'internal', 100, 11, NULL, NULL, NULL, NULL, NULL),
(1216, 'https://i0.wp.com/pappabearscatering.com/wp-content/uploads/2022/06/HogCutting.png?resize=600%2C437', 127, NULL, 'image-ex', 50, NULL, NULL, NULL, NULL, NULL, NULL),
(1439, 'https://i0.wp.com/pappabearscatering.com/wp-content/uploads/2022/06/Phone-ICON.png?resize=38%2C39', 6, NULL, 'image-ex', 11, NULL, NULL, NULL, NULL, NULL, NULL),
(1405, 'https://i0.wp.com/pappabearscatering.com/wp-content/uploads/2022/06/Dewig_Footer.png?resize=163%2C56', 338, NULL, 'image-ex', 100, NULL, NULL, NULL, NULL, NULL, NULL),
(1426, 'https://i0.wp.com/pappabearscatering.com/wp-content/uploads/2022/06/YouTube-ICON.png?resize=35%2C34', 6, NULL, 'image-ex', 11, NULL, NULL, NULL, NULL, NULL, NULL),
(642, 'https://pappabearscatering.com/merch-store/', 6, 200, 'internal', 11, 57, NULL, NULL, NULL, NULL, NULL),
(643, 'https://pappabearscatering.com/our-story/', 6, 222, 'internal', 11, 63, NULL, NULL, NULL, NULL, NULL),
(644, 'https://pappabearscatering.com/catering/', 6, 255, 'internal', 11, 81, NULL, NULL, NULL, NULL, NULL),
(645, 'https://pappabearscatering.com/our-story/#contactform', 6, 222, 'internal', 11, 63, NULL, NULL, NULL, NULL, NULL),
(722, 'https://pappabearscatering.com/catering/#wholehoganchor', 6, 255, 'internal', 11, 81, NULL, NULL, NULL, NULL, NULL),
(1223, 'https://i0.wp.com/pappabearscatering.com/wp-content/uploads/2022/06/Dewig_Footer.png?resize=163%2C56', 127, NULL, 'image-ex', 50, NULL, NULL, NULL, NULL, NULL, NULL),
(1222, 'https://i0.wp.com/pappabearscatering.com/wp-content/uploads/2022/06/Mail-ICON.png?resize=38%2C39', 127, NULL, 'image-ex', 50, NULL, NULL, NULL, NULL, NULL, NULL),
(1221, 'https://i0.wp.com/pappabearscatering.com/wp-content/uploads/2022/06/Phone-ICON.png?resize=38%2C39', 127, NULL, 'image-ex', 50, NULL, NULL, NULL, NULL, NULL, NULL),
(1220, 'https://i0.wp.com/pappabearscatering.com/wp-content/uploads/2022/06/PB_App-ICON.png?resize=82%2C82', 127, NULL, 'image-ex', 50, NULL, NULL, NULL, NULL, NULL, NULL),
(1219, 'https://i0.wp.com/pappabearscatering.com/wp-content/uploads/2022/08/GreenBeans.png?resize=750%2C422', 127, NULL, 'image-ex', 50, NULL, NULL, NULL, NULL, NULL, NULL),
(1218, 'https://i0.wp.com/pappabearscatering.com/wp-content/uploads/2022/08/BBQ.Sandwich.png?resize=750%2C422', 127, NULL, 'image-ex', 50, NULL, NULL, NULL, NULL, NULL, NULL),
(1217, 'https://i0.wp.com/pappabearscatering.com/wp-content/uploads/2022/06/Food-Truck.png?resize=431%2C286', 127, NULL, 'image-ex', 50, NULL, NULL, NULL, NULL, NULL, NULL),
(1438, 'https://i0.wp.com/pappabearscatering.com/wp-content/uploads/2022/06/Dewig_Footer.png?resize=163%2C56', 6, NULL, 'image-ex', 11, NULL, NULL, NULL, NULL, NULL, NULL),
(1215, 'https://i0.wp.com/pappabearscatering.com/wp-content/uploads/2022/08/GreenBeans.png?resize=750%2C422', 127, NULL, 'image-ex', 50, NULL, NULL, NULL, NULL, NULL, NULL),
(1377, 'https://i0.wp.com/pappabearscatering.com/wp-content/uploads/2022/06/Pappa-Approved-LOGO.png?resize=255%2C254', 200, NULL, 'image-ex', 57, NULL, NULL, NULL, NULL, NULL, NULL),
(1378, 'https://i0.wp.com/pappabearscatering.com/wp-content/uploads/2022/06/PB_App-ICON.png?resize=82%2C82', 200, NULL, 'image-ex', 57, NULL, NULL, NULL, NULL, NULL, NULL),
(1379, 'https://i0.wp.com/pappabearscatering.com/wp-content/uploads/2022/06/Phone-ICON.png?resize=38%2C39', 200, NULL, 'image-ex', 57, NULL, NULL, NULL, NULL, NULL, NULL),
(1380, 'https://i0.wp.com/pappabearscatering.com/wp-content/uploads/2022/06/Mail-ICON.png?resize=38%2C39', 200, NULL, 'image-ex', 57, NULL, NULL, NULL, NULL, NULL, NULL),
(244, 'tel:%208125688890', 200, NULL, 'external', 57, NULL, NULL, NULL, NULL, NULL, NULL),
(1372, 'https://i0.wp.com/pappabearscatering.com/wp-content/uploads/2022/06/PB_App-ICON.png?resize=82%2C82', 200, NULL, 'image-ex', 57, NULL, NULL, NULL, NULL, NULL, NULL),
(1373, 'https://i0.wp.com/pappabearscatering.com/wp-content/uploads/2022/06/Shirt.png?resize=234%2C176', 200, NULL, 'image-ex', 57, NULL, NULL, NULL, NULL, NULL, NULL),
(1374, 'https://i0.wp.com/pappabearscatering.com/wp-content/uploads/2022/06/Shirts.png?resize=234%2C176', 200, NULL, 'image-ex', 57, NULL, NULL, NULL, NULL, NULL, NULL),
(1375, 'https://i0.wp.com/pappabearscatering.com/wp-content/uploads/2022/06/Hat-1.png?resize=234%2C176', 200, NULL, 'image-ex', 57, NULL, NULL, NULL, NULL, NULL, NULL),
(1376, 'https://i0.wp.com/pappabearscatering.com/wp-content/uploads/2022/06/Hat-2.png?resize=234%2C176', 200, NULL, 'image-ex', 57, NULL, NULL, NULL, NULL, NULL, NULL),
(1311, 'https://i0.wp.com/pappabearscatering.com/wp-content/uploads/2022/06/YouTube-ICON.png?resize=35%2C34', 222, NULL, 'image-ex', 63, NULL, NULL, NULL, NULL, NULL, NULL),
(1312, 'https://i0.wp.com/pappabearscatering.com/wp-content/uploads/2022/06/Insta-ICON.png?resize=35%2C34', 222, NULL, 'image-ex', 63, NULL, NULL, NULL, NULL, NULL, NULL),
(1288, 'https://i0.wp.com/pappabearscatering.com/wp-content/uploads/2022/06/Dewig_Footer.png?resize=163%2C56', 255, NULL, 'image-ex', 81, NULL, NULL, NULL, NULL, NULL, NULL),
(1286, 'https://i0.wp.com/pappabearscatering.com/wp-content/uploads/2022/06/Phone-ICON.png?resize=38%2C39', 255, NULL, 'image-ex', 81, NULL, NULL, NULL, NULL, NULL, NULL),
(1285, 'https://i0.wp.com/pappabearscatering.com/wp-content/uploads/2022/06/Dewig_Footer.png?resize=163%2C56', 255, NULL, 'image-ex', 81, NULL, NULL, NULL, NULL, NULL, NULL),
(442, 'mailto:info@pappabears.com', 200, NULL, 'external', 57, NULL, NULL, NULL, NULL, NULL, NULL),
(443, 'mailto:info@pappabears.com', 222, NULL, 'external', 63, NULL, NULL, NULL, NULL, NULL, NULL),
(444, 'mailto:info@pappabears.com', 222, NULL, 'external', 63, NULL, NULL, NULL, NULL, NULL, NULL),
(445, 'mailto:info@pappabears.com', 6, NULL, 'external', 11, NULL, NULL, NULL, NULL, NULL, NULL),
(446, 'mailto:info@pappabears.com', 6, NULL, 'external', 11, NULL, NULL, NULL, NULL, NULL, NULL),
(447, 'https://play.google.com/store/apps/details?id=com.again.papabearscatering&#038;hl=en&#038;gl=US', 338, NULL, 'external', 100, NULL, NULL, NULL, NULL, NULL, NULL),
(448, 'https://play.google.com/store/apps/details?id=com.again.papabearscatering&#038;hl=en&#038;gl=US', 338, NULL, 'external', 100, NULL, NULL, NULL, NULL, NULL, NULL),
(1360, 'https://i0.wp.com/pappabearscatering.com/wp-content/uploads/2022/06/Dewig_Footer.png?resize=163%2C56', 222, NULL, 'image-ex', 63, NULL, NULL, NULL, NULL, NULL, NULL),
(1390, 'https://i0.wp.com/pappabearscatering.com/wp-content/uploads/2022/06/PB_Logo-Homepage-header.png?resize=344%2C248', 338, NULL, 'image-ex', 100, NULL, NULL, NULL, NULL, NULL, NULL),
(1389, 'https://i0.wp.com/pappabearscatering.com/wp-content/uploads/2022/06/Insta-ICON.png?resize=35%2C34', 338, NULL, 'image-ex', 100, NULL, NULL, NULL, NULL, NULL, NULL),
(1357, 'https://i0.wp.com/pappabearscatering.com/wp-content/uploads/2022/06/Dewig_Footer.png?resize=163%2C56', 222, NULL, 'image-ex', 63, NULL, NULL, NULL, NULL, NULL, NULL),
(1404, 'https://i0.wp.com/pappabearscatering.com/wp-content/uploads/2022/06/Mail-ICON.png?resize=38%2C39', 338, NULL, 'image-ex', 100, NULL, NULL, NULL, NULL, NULL, NULL),
(1403, 'https://i0.wp.com/pappabearscatering.com/wp-content/uploads/2022/06/Phone-ICON.png?resize=38%2C39', 338, NULL, 'image-ex', 100, NULL, NULL, NULL, NULL, NULL, NULL),
(1402, 'https://i0.wp.com/pappabearscatering.com/wp-content/uploads/2022/06/Logs-trimmed-1.png?resize=750%2C110', 338, NULL, 'image-ex', 100, NULL, NULL, NULL, NULL, NULL, NULL),
(1401, 'https://i0.wp.com/pappabearscatering.com/wp-content/uploads/2022/06/Dewig_Footer.png?resize=163%2C56', 338, NULL, 'image-ex', 100, NULL, NULL, NULL, NULL, NULL, NULL),
(1400, 'https://i0.wp.com/pappabearscatering.com/wp-content/uploads/2022/06/Mail-ICON.png?resize=38%2C39', 338, NULL, 'image-ex', 100, NULL, NULL, NULL, NULL, NULL, NULL),
(1399, 'https://i0.wp.com/pappabearscatering.com/wp-content/uploads/2022/06/Phone-ICON.png?resize=38%2C39', 338, NULL, 'image-ex', 100, NULL, NULL, NULL, NULL, NULL, NULL),
(1398, 'https://i0.wp.com/pappabearscatering.com/wp-content/uploads/elementor/thumbs/WoodPile-pt5vwcte5f1eyb44bdpeaugq0angtqqqmsjac4n2f4.png?w=750', 338, NULL, 'image-ex', 100, NULL, NULL, NULL, NULL, NULL, NULL),
(1397, 'https://i0.wp.com/pappabearscatering.com/wp-content/uploads/2022/06/Pappa-Approved-LOGO.png?resize=255%2C254', 338, NULL, 'image-ex', 100, NULL, NULL, NULL, NULL, NULL, NULL),
(1396, 'https://i0.wp.com/pappabearscatering.com/wp-content/uploads/2022/06/Apple-logo.png?resize=750%2C219', 338, NULL, 'image-ex', 100, NULL, NULL, NULL, NULL, NULL, NULL),
(1284, 'https://i0.wp.com/pappabearscatering.com/wp-content/uploads/2022/06/Mail-ICON.png?resize=38%2C39', 255, NULL, 'image-ex', 81, NULL, NULL, NULL, NULL, NULL, NULL),
(1391, 'https://i0.wp.com/pappabearscatering.com/wp-content/uploads/2022/08/Mobile-Home.png?resize=500%2C142', 338, NULL, 'image-ex', 100, NULL, NULL, NULL, NULL, NULL, NULL),
(1392, 'https://i0.wp.com/pappabearscatering.com/wp-content/uploads/2022/08/ProductsWeOffer.png?resize=750%2C422', 338, NULL, 'image-ex', 100, NULL, NULL, NULL, NULL, NULL, NULL),
(1393, 'https://i0.wp.com/pappabearscatering.com/wp-content/uploads/2022/08/Professional-HomePage.png?resize=750%2C422', 338, NULL, 'image-ex', 100, NULL, NULL, NULL, NULL, NULL, NULL),
(1394, 'https://i0.wp.com/pappabearscatering.com/wp-content/uploads/2022/06/PB_App-ICON.png?resize=82%2C82', 338, NULL, 'image-ex', 100, NULL, NULL, NULL, NULL, NULL, NULL),
(1395, 'https://i0.wp.com/pappabearscatering.com/wp-content/uploads/2022/06/google-logo.png?resize=750%2C220', 338, NULL, 'image-ex', 100, NULL, NULL, NULL, NULL, NULL, NULL),
(100, 'https://www.facebook.com/pappabearscatering/', 338, NULL, 'external', 100, NULL, NULL, NULL, NULL, NULL, NULL),
(101, 'https://www.youtube.com/', 338, NULL, 'external', 100, NULL, NULL, NULL, NULL, NULL, NULL),
(102, 'https://www.instagram.com/', 338, NULL, 'external', 100, NULL, NULL, NULL, NULL, NULL, NULL),
(1442, 'https://g.page/r/CT_bM9ykyNQJEAI/review', 338, NULL, 'external', 100, NULL, NULL, NULL, NULL, NULL, NULL),
(487, 'https://pappabearscatering.com/bbq-central/', 338, 127, 'internal', 100, 50, NULL, NULL, NULL, NULL, NULL),
(513, 'https://pappabearscatering.com/our-story/#contactform', 338, 222, 'internal', 100, 63, NULL, NULL, NULL, NULL, NULL),
(1281, 'https://i0.wp.com/pappabearscatering.com/wp-content/uploads/2022/08/Bulk2.png?resize=750%2C422', 255, NULL, 'image-ex', 81, NULL, NULL, NULL, NULL, NULL, NULL),
(1282, 'https://i0.wp.com/pappabearscatering.com/wp-content/uploads/2022/08/Bulk3.png?resize=750%2C422', 255, NULL, 'image-ex', 81, NULL, NULL, NULL, NULL, NULL, NULL),
(1283, 'https://i0.wp.com/pappabearscatering.com/wp-content/uploads/2022/06/Phone-ICON.png?resize=38%2C39', 255, NULL, 'image-ex', 81, NULL, NULL, NULL, NULL, NULL, NULL),
(512, 'https://pappabearscatering.com/catering/#weddinganchor', 338, 255, 'internal', 100, 81, NULL, NULL, NULL, NULL, NULL),
(1213, 'https://i0.wp.com/pappabearscatering.com/wp-content/uploads/2022/10/Food-Truck-1.png?resize=750%2C346', 127, NULL, 'image-ex', 50, NULL, NULL, NULL, NULL, NULL, NULL),
(1212, 'https://i0.wp.com/pappabearscatering.com/wp-content/uploads/2022/08/BBQ.Sandwich.png?resize=750%2C422', 127, NULL, 'image-ex', 50, NULL, NULL, NULL, NULL, NULL, NULL),
(1214, 'https://i0.wp.com/pappabearscatering.com/wp-content/uploads/2022/10/Aligator1.png?resize=750%2C422', 127, NULL, 'image-ex', 50, NULL, NULL, NULL, NULL, NULL, NULL),
(121, 'https://www.facebook.com/pappabearscatering/', 127, NULL, 'external', 50, NULL, NULL, NULL, NULL, NULL, NULL),
(122, 'https://www.youtube.com/', 127, NULL, 'external', 50, NULL, NULL, NULL, NULL, NULL, NULL),
(123, 'https://www.instagram.com/', 127, NULL, 'external', 50, NULL, NULL, NULL, NULL, NULL, NULL),
(1208, 'https://i0.wp.com/pappabearscatering.com/wp-content/uploads/2022/10/Cuts-of-Meat.png?resize=500%2C160', 127, NULL, 'image-ex', 50, NULL, NULL, NULL, NULL, NULL, NULL),
(1209, 'https://i0.wp.com/pappabearscatering.com/wp-content/uploads/2022/06/Cuts-of-Meat.png?resize=601%2C307', 127, NULL, 'image-ex', 50, NULL, NULL, NULL, NULL, NULL, NULL),
(1210, 'https://i0.wp.com/pappabearscatering.com/wp-content/uploads/2022/06/PB_App-ICON.png?resize=82%2C82', 127, NULL, 'image-ex', 50, NULL, NULL, NULL, NULL, NULL, NULL),
(1211, 'https://i0.wp.com/pappabearscatering.com/wp-content/uploads/2022/06/HogCutting.png?resize=600%2C437', 127, NULL, 'image-ex', 50, NULL, NULL, NULL, NULL, NULL, NULL),
(129, 'https://www.facebook.com/pappabearscatering/', 255, NULL, 'external', 81, NULL, NULL, NULL, NULL, NULL, NULL),
(130, 'https://www.youtube.com/', 255, NULL, 'external', 81, NULL, NULL, NULL, NULL, NULL, NULL),
(131, 'https://www.instagram.com/', 255, NULL, 'external', 81, NULL, NULL, NULL, NULL, NULL, NULL),
(1280, 'https://i0.wp.com/pappabearscatering.com/wp-content/uploads/2022/08/Bulk1.png?resize=750%2C422', 255, NULL, 'image-ex', 81, NULL, NULL, NULL, NULL, NULL, NULL),
(1279, 'https://i0.wp.com/pappabearscatering.com/wp-content/uploads/2022/08/FullService3.png?resize=750%2C422', 255, NULL, 'image-ex', 81, NULL, NULL, NULL, NULL, NULL, NULL),
(1278, 'https://i0.wp.com/pappabearscatering.com/wp-content/uploads/2022/08/FullService2.png?resize=750%2C422', 255, NULL, 'image-ex', 81, NULL, NULL, NULL, NULL, NULL, NULL),
(1277, 'https://i0.wp.com/pappabearscatering.com/wp-content/uploads/2022/08/FullService1.png?resize=750%2C422', 255, NULL, 'image-ex', 81, NULL, NULL, NULL, NULL, NULL, NULL),
(1432, 'https://i0.wp.com/pappabearscatering.com/wp-content/uploads/2022/10/Family-PacksLGHeader-1.png?resize=750%2C429', 6, NULL, 'image-ex', 11, NULL, NULL, NULL, NULL, NULL, NULL),
(1433, 'https://i0.wp.com/pappabearscatering.com/wp-content/uploads/2022/06/OrderUpLOGO.png?resize=647%2C144', 6, NULL, 'image-ex', 11, NULL, NULL, NULL, NULL, NULL, NULL),
(1434, 'https://i0.wp.com/pappabearscatering.com/wp-content/uploads/2022/06/MidSzFBicon.png?resize=64%2C64', 6, NULL, 'image-ex', 11, NULL, NULL, NULL, NULL, NULL, NULL),
(141, 'https://www.facebook.com/pappabearscatering/', 6, NULL, 'external', 11, NULL, NULL, NULL, NULL, NULL, NULL),
(142, 'https://www.youtube.com/', 6, NULL, 'external', 11, NULL, NULL, NULL, NULL, NULL, NULL),
(143, 'https://www.instagram.com/', 6, NULL, 'external', 11, NULL, NULL, NULL, NULL, NULL, NULL),
(1358, 'https://i0.wp.com/pappabearscatering.com/wp-content/uploads/2022/06/Phone-ICON.png?resize=38%2C39', 222, NULL, 'image-ex', 63, NULL, NULL, NULL, NULL, NULL, NULL),
(1437, 'https://i0.wp.com/pappabearscatering.com/wp-content/uploads/2022/06/Mail-ICON.png?resize=38%2C39', 6, NULL, 'image-ex', 11, NULL, NULL, NULL, NULL, NULL, NULL),
(1436, 'https://i0.wp.com/pappabearscatering.com/wp-content/uploads/2022/06/Phone-ICON.png?resize=38%2C39', 6, NULL, 'image-ex', 11, NULL, NULL, NULL, NULL, NULL, NULL),
(1435, 'https://i0.wp.com/pappabearscatering.com/wp-content/uploads/2022/10/Food-Truck.png?resize=750%2C346', 6, NULL, 'image-ex', 11, NULL, NULL, NULL, NULL, NULL, NULL),
(1367, 'https://i0.wp.com/pappabearscatering.com/wp-content/uploads/2022/06/Shirt.png?resize=234%2C176', 200, NULL, 'image-ex', 57, NULL, NULL, NULL, NULL, NULL, NULL),
(716, 'https://pappabearscatering.com/catering/#wholehoganchor', 200, 255, 'internal', 57, 81, NULL, NULL, NULL, NULL, NULL),
(391, 'https://www.facebook.com/pappabearscatering/', 200, NULL, 'external', 57, NULL, NULL, NULL, NULL, NULL, NULL),
(392, 'https://www.youtube.com/', 200, NULL, 'external', 57, NULL, NULL, NULL, NULL, NULL, NULL),
(393, 'https://www.instagram.com/', 200, NULL, 'external', 57, NULL, NULL, NULL, NULL, NULL, NULL),
(1366, 'https://i0.wp.com/pappabearscatering.com/wp-content/uploads/2022/08/Mobile-Merch-Store.png?resize=500%2C142', 200, NULL, 'image-ex', 57, NULL, NULL, NULL, NULL, NULL, NULL),
(612, 'https://pappabearscatering.com/our-story/', 200, 222, 'internal', 57, 63, NULL, NULL, NULL, NULL, NULL),
(1359, 'https://i0.wp.com/pappabearscatering.com/wp-content/uploads/2022/06/Mail-ICON.png?resize=38%2C39', 222, NULL, 'image-ex', 63, NULL, NULL, NULL, NULL, NULL, NULL),
(614, 'https://pappabearscatering.com/find-the-truck/', 200, 6, 'internal', 57, 11, NULL, NULL, NULL, NULL, NULL),
(613, 'https://pappabearscatering.com/catering/', 200, 255, 'internal', 57, 81, NULL, NULL, NULL, NULL, NULL),
(615, 'https://pappabearscatering.com/our-story/#contactform', 200, 222, 'internal', 57, 63, NULL, NULL, NULL, NULL, NULL),
(1356, 'https://i0.wp.com/pappabearscatering.com/wp-content/uploads/2022/06/Mail-ICON.png?resize=38%2C39', 222, NULL, 'image-ex', 63, NULL, NULL, NULL, NULL, NULL, NULL),
(1355, 'https://i0.wp.com/pappabearscatering.com/wp-content/uploads/2022/06/Phone-ICON.png?resize=38%2C39', 222, NULL, 'image-ex', 63, NULL, NULL, NULL, NULL, NULL, NULL),
(165, 'https://www.facebook.com/pappabearscatering/', 222, NULL, 'external', 63, NULL, NULL, NULL, NULL, NULL, NULL),
(166, 'https://www.youtube.com/', 222, NULL, 'external', 63, NULL, NULL, NULL, NULL, NULL, NULL),
(167, 'https://www.instagram.com/', 222, NULL, 'external', 63, NULL, NULL, NULL, NULL, NULL, NULL),
(1354, 'https://i0.wp.com/pappabearscatering.com/wp-content/uploads/2022/10/Plate-1.png?resize=750%2C346', 222, NULL, 'image-ex', 63, NULL, NULL, NULL, NULL, NULL, NULL),
(1340, 'https://i0.wp.com/pappabearscatering.com/wp-content/uploads/2022/08/AboutUs1.png?resize=750%2C339', 222, NULL, 'image-ex', 63, NULL, NULL, NULL, NULL, NULL, NULL),
(1347, 'https://i0.wp.com/pappabearscatering.com/wp-content/uploads/2022/08/AboutUs8.png?resize=750%2C339', 222, NULL, 'image-ex', 63, NULL, NULL, NULL, NULL, NULL, NULL),
(1346, 'https://i0.wp.com/pappabearscatering.com/wp-content/uploads/2022/08/AboutUs7.png?resize=750%2C339', 222, NULL, 'image-ex', 63, NULL, NULL, NULL, NULL, NULL, NULL),
(1226, 'https://i0.wp.com/pappabearscatering.com/wp-content/uploads/2022/06/Dewig_Footer.png?resize=163%2C56', 127, NULL, 'image-ex', 50, NULL, NULL, NULL, NULL, NULL, NULL),
(1225, 'https://i0.wp.com/pappabearscatering.com/wp-content/uploads/2022/06/Mail-ICON.png?resize=38%2C39', 127, NULL, 'image-ex', 50, NULL, NULL, NULL, NULL, NULL, NULL),
(1224, 'https://i0.wp.com/pappabearscatering.com/wp-content/uploads/2022/06/Phone-ICON.png?resize=38%2C39', 127, NULL, 'image-ex', 50, NULL, NULL, NULL, NULL, NULL, NULL),
(576, 'https://pappabearscatering.com/catering/#wholehoganchor', 338, 255, 'internal', 100, 81, NULL, NULL, NULL, NULL, NULL),
(178, 'https://dewigmeats.com/', 338, NULL, 'external', 100, NULL, NULL, NULL, NULL, NULL, NULL),
(179, 'https://parrishconsulting.com/', 338, NULL, 'external', 100, NULL, NULL, NULL, NULL, NULL, NULL),
(180, 'tel:8125688890', 338, NULL, 'external', 100, NULL, NULL, NULL, NULL, NULL, NULL),
(181, 'mailto:%20Pappa@Pappabearscatering.com', 338, NULL, 'external', 100, NULL, NULL, NULL, NULL, NULL, NULL),
(182, 'mailto:%20Pappa@Pappabearscatering.com', 338, NULL, 'external', 100, NULL, NULL, NULL, NULL, NULL, NULL),
(183, 'tel:8125688890', 127, NULL, 'external', 50, NULL, NULL, NULL, NULL, NULL, NULL),
(184, 'mailto:%20Pappa@Pappabearscatering.com', 127, NULL, 'external', 50, NULL, NULL, NULL, NULL, NULL, NULL),
(185, 'tel:8125688890', 127, NULL, 'external', 50, NULL, NULL, NULL, NULL, NULL, NULL),
(186, 'mailto:%20Pappa@Pappabearscatering.com', 127, NULL, 'external', 50, NULL, NULL, NULL, NULL, NULL, NULL),
(1200, 'https://i0.wp.com/pappabearscatering.com/wp-content/uploads/2022/06/Food-Truck-ICON.png?resize=87%2C50', 127, NULL, 'image-ex', 50, NULL, NULL, NULL, NULL, NULL, NULL),
(721, 'https://pappabearscatering.com/catering/#wholehoganchor', 127, 255, 'internal', 50, 81, NULL, NULL, NULL, NULL, NULL),
(720, 'mailto:info@pappabears.com', 127, NULL, 'external', 50, NULL, NULL, NULL, NULL, NULL, NULL),
(193, 'https://dewigmeats.com/', 127, NULL, 'external', 50, NULL, NULL, NULL, NULL, NULL, NULL),
(194, 'https://parrishconsulting.com/', 127, NULL, 'external', 50, NULL, NULL, NULL, NULL, NULL, NULL),
(195, 'tel:8125688890', 255, NULL, 'external', 81, NULL, NULL, NULL, NULL, NULL, NULL),
(196, 'mailto:%20Pappa@Pappabearscatering.com', 255, NULL, 'external', 81, NULL, NULL, NULL, NULL, NULL, NULL),
(197, 'tel:8125688890', 255, NULL, 'external', 81, NULL, NULL, NULL, NULL, NULL, NULL),
(198, 'mailto:%20Pappa@Pappabearscatering.com', 255, NULL, 'external', 81, NULL, NULL, NULL, NULL, NULL, NULL),
(1364, 'https://i0.wp.com/pappabearscatering.com/wp-content/uploads/2022/06/Insta-ICON.png?resize=35%2C34', 200, NULL, 'image-ex', 57, NULL, NULL, NULL, NULL, NULL, NULL),
(1365, 'https://i0.wp.com/pappabearscatering.com/wp-content/uploads/elementor/thumbs/Merch-Store-pt619r3yb9scl4mef4lytc65agelj1lbsb22pa03k0.png?w=750', 200, NULL, 'image-ex', 57, NULL, NULL, NULL, NULL, NULL, NULL),
(1276, 'https://i0.wp.com/pappabearscatering.com/wp-content/uploads/2022/08/PrivateEvent3.png?resize=750%2C422', 255, NULL, 'image-ex', 81, NULL, NULL, NULL, NULL, NULL, NULL),
(204, 'https://dewigmeats.com/', 255, NULL, 'external', 81, NULL, NULL, NULL, NULL, NULL, NULL),
(205, 'https://parrishconsulting.com/', 255, NULL, 'external', 81, NULL, NULL, NULL, NULL, NULL, NULL),
(206, 'tel:8125688890', 6, NULL, 'external', 11, NULL, NULL, NULL, NULL, NULL, NULL),
(207, 'mailto:%20Pappa@Pappabearscatering.com', 6, NULL, 'external', 11, NULL, NULL, NULL, NULL, NULL, NULL),
(208, 'tel:8125688890', 6, NULL, 'external', 11, NULL, NULL, NULL, NULL, NULL, NULL),
(209, 'mailto:%20Pappa@Pappabearscatering.com', 6, NULL, 'external', 11, NULL, NULL, NULL, NULL, NULL, NULL),
(1353, 'https://i0.wp.com/pappabearscatering.com/wp-content/uploads/2022/10/Hog2-1.png?resize=750%2C346', 222, NULL, 'image-ex', 63, NULL, NULL, NULL, NULL, NULL, NULL),
(1352, 'https://i0.wp.com/pappabearscatering.com/wp-content/uploads/2022/10/Hog-1.png?resize=750%2C346', 222, NULL, 'image-ex', 63, NULL, NULL, NULL, NULL, NULL, NULL),
(1362, 'https://i0.wp.com/pappabearscatering.com/wp-content/uploads/2022/06/FB-ICON.png?resize=35%2C34', 200, NULL, 'image-ex', 57, NULL, NULL, NULL, NULL, NULL, NULL),
(1363, 'https://i0.wp.com/pappabearscatering.com/wp-content/uploads/2022/06/YouTube-ICON.png?resize=35%2C34', 200, NULL, 'image-ex', 57, NULL, NULL, NULL, NULL, NULL, NULL),
(723, 'https://pappabearscatering.com/catering/#wholehoganchor', 6, 255, 'internal', 11, 81, NULL, NULL, NULL, NULL, NULL),
(216, 'https://dewigmeats.com/', 6, NULL, 'external', 11, NULL, NULL, NULL, NULL, NULL, NULL),
(217, 'https://parrishconsulting.com/', 6, NULL, 'external', 11, NULL, NULL, NULL, NULL, NULL, NULL),
(218, 'tel:8125688890', 200, NULL, 'external', 57, NULL, NULL, NULL, NULL, NULL, NULL),
(219, 'mailto:%20Pappa@Pappabearscatering.com', 200, NULL, 'external', 57, NULL, NULL, NULL, NULL, NULL, NULL),
(220, 'tel:8125688890', 200, NULL, 'external', 57, NULL, NULL, NULL, NULL, NULL, NULL),
(221, 'mailto:%20Pappa@Pappabearscatering.com', 200, NULL, 'external', 57, NULL, NULL, NULL, NULL, NULL, NULL),
(1350, 'https://i0.wp.com/pappabearscatering.com/wp-content/uploads/2022/10/Aligator2-1.png?resize=750%2C346', 222, NULL, 'image-ex', 63, NULL, NULL, NULL, NULL, NULL, NULL),
(1351, 'https://i0.wp.com/pappabearscatering.com/wp-content/uploads/2022/10/Aligator3-1.png?resize=750%2C346', 222, NULL, 'image-ex', 63, NULL, NULL, NULL, NULL, NULL, NULL),
(1349, 'https://i0.wp.com/pappabearscatering.com/wp-content/uploads/2022/08/AboutUs12.png?resize=750%2C339', 222, NULL, 'image-ex', 63, NULL, NULL, NULL, NULL, NULL, NULL),
(717, 'https://pappabearscatering.com/catering/#wholehoganchor', 200, 255, 'internal', 57, 81, NULL, NULL, NULL, NULL, NULL),
(228, 'https://dewigmeats.com/', 200, NULL, 'external', 57, NULL, NULL, NULL, NULL, NULL, NULL),
(229, 'https://parrishconsulting.com/', 200, NULL, 'external', 57, NULL, NULL, NULL, NULL, NULL, NULL),
(230, 'tel:%208125688890', 222, NULL, 'external', 63, NULL, NULL, NULL, NULL, NULL, NULL),
(231, 'tel:8125688890', 222, NULL, 'external', 63, NULL, NULL, NULL, NULL, NULL, NULL),
(232, 'mailto:%20Pappa@Pappabearscatering.com', 222, NULL, 'external', 63, NULL, NULL, NULL, NULL, NULL, NULL),
(233, 'tel:8125688890', 222, NULL, 'external', 63, NULL, NULL, NULL, NULL, NULL, NULL),
(234, 'mailto:%20Pappa@Pappabearscatering.com', 222, NULL, 'external', 63, NULL, NULL, NULL, NULL, NULL, NULL),
(240, 'https://dewigmeats.com/', 222, NULL, 'external', 63, NULL, NULL, NULL, NULL, NULL, NULL),
(241, 'https://parrishconsulting.com/', 222, NULL, 'external', 63, NULL, NULL, NULL, NULL, NULL, NULL),
(1348, 'https://i0.wp.com/pappabearscatering.com/wp-content/uploads/2022/08/AboutUs11.png?resize=750%2C339', 222, NULL, 'image-ex', 63, NULL, NULL, NULL, NULL, NULL, NULL),
(1207, 'https://i0.wp.com/pappabearscatering.com/wp-content/uploads/2022/08/Whole-Hog.SM_.Header.png?resize=750%2C422', 127, NULL, 'image-ex', 50, NULL, NULL, NULL, NULL, NULL, NULL),
(1275, 'https://i0.wp.com/pappabearscatering.com/wp-content/uploads/2022/08/PrivateEvent2.png?resize=750%2C422', 255, NULL, 'image-ex', 81, NULL, NULL, NULL, NULL, NULL, NULL),
(449, 'https://apps.apple.com/us/app/pappa-bears-catering/id1620358070', 338, NULL, 'external', 100, NULL, NULL, NULL, NULL, NULL, NULL),
(1335, 'https://i0.wp.com/pappabearscatering.com/wp-content/uploads/2022/10/Aligator2-1.png?resize=750%2C346', 222, NULL, 'image-ex', 63, NULL, NULL, NULL, NULL, NULL, NULL),
(1336, 'https://i0.wp.com/pappabearscatering.com/wp-content/uploads/2022/10/Aligator3-1.png?resize=750%2C346', 222, NULL, 'image-ex', 63, NULL, NULL, NULL, NULL, NULL, NULL),
(1337, 'https://i0.wp.com/pappabearscatering.com/wp-content/uploads/2022/10/Hog-1.png?resize=750%2C346', 222, NULL, 'image-ex', 63, NULL, NULL, NULL, NULL, NULL, NULL),
(1338, 'https://i0.wp.com/pappabearscatering.com/wp-content/uploads/2022/10/Hog2-1.png?resize=750%2C346', 222, NULL, 'image-ex', 63, NULL, NULL, NULL, NULL, NULL, NULL),
(1339, 'https://i0.wp.com/pappabearscatering.com/wp-content/uploads/2022/10/Plate-1.png?resize=750%2C346', 222, NULL, 'image-ex', 63, NULL, NULL, NULL, NULL, NULL, NULL),
(1342, 'https://i0.wp.com/pappabearscatering.com/wp-content/uploads/2022/08/AboutUs3.png?resize=750%2C339', 222, NULL, 'image-ex', 63, NULL, NULL, NULL, NULL, NULL, NULL),
(1428, 'https://i0.wp.com/pappabearscatering.com/wp-content/uploads/elementor/thumbs/Food-Truck-psfulht8k5lwcuxibzruz18wabwi7gzzbf9ek3mpz4.png?w=750', 6, NULL, 'image-ex', 11, NULL, NULL, NULL, NULL, NULL, NULL),
(1345, 'https://i0.wp.com/pappabearscatering.com/wp-content/uploads/2022/08/AboutUs6.png?resize=750%2C339', 222, NULL, 'image-ex', 63, NULL, NULL, NULL, NULL, NULL, NULL),
(1206, 'https://i0.wp.com/pappabearscatering.com/wp-content/uploads/2022/10/MeatTemps.png?resize=500%2C145', 127, NULL, 'image-ex', 50, NULL, NULL, NULL, NULL, NULL, NULL),
(1344, 'https://i0.wp.com/pappabearscatering.com/wp-content/uploads/2022/08/AboutUs5.png?resize=750%2C339', 222, NULL, 'image-ex', 63, NULL, NULL, NULL, NULL, NULL, NULL),
(1343, 'https://i0.wp.com/pappabearscatering.com/wp-content/uploads/2022/08/AboutUs4.png?resize=750%2C339', 222, NULL, 'image-ex', 63, NULL, NULL, NULL, NULL, NULL, NULL),
(1387, 'https://i0.wp.com/pappabearscatering.com/wp-content/uploads/2022/06/FB-ICON.png?resize=35%2C34', 338, NULL, 'image-ex', 100, NULL, NULL, NULL, NULL, NULL, NULL),
(1388, 'https://i0.wp.com/pappabearscatering.com/wp-content/uploads/2022/06/YouTube-ICON.png?resize=35%2C34', 338, NULL, 'image-ex', 100, NULL, NULL, NULL, NULL, NULL, NULL),
(1332, 'https://i0.wp.com/pappabearscatering.com/wp-content/uploads/2022/08/AboutUs8.png?resize=750%2C339', 222, NULL, 'image-ex', 63, NULL, NULL, NULL, NULL, NULL, NULL),
(1274, 'https://i0.wp.com/pappabearscatering.com/wp-content/uploads/2022/08/PrivateEvent1.png?resize=750%2C422', 255, NULL, 'image-ex', 81, NULL, NULL, NULL, NULL, NULL, NULL),
(1371, 'https://i0.wp.com/pappabearscatering.com/wp-content/uploads/2022/06/Hat-2.png?resize=234%2C176', 200, NULL, 'image-ex', 57, NULL, NULL, NULL, NULL, NULL, NULL),
(1341, 'https://i0.wp.com/pappabearscatering.com/wp-content/uploads/2022/08/ABoutUs2.png?resize=750%2C339', 222, NULL, 'image-ex', 63, NULL, NULL, NULL, NULL, NULL, NULL),
(1273, 'https://i0.wp.com/pappabearscatering.com/wp-content/uploads/2022/08/Wedding11.png?resize=750%2C422', 255, NULL, 'image-ex', 81, NULL, NULL, NULL, NULL, NULL, NULL),
(1270, 'https://i0.wp.com/pappabearscatering.com/wp-content/uploads/2022/08/Wedding8.png?resize=750%2C422', 255, NULL, 'image-ex', 81, NULL, NULL, NULL, NULL, NULL, NULL),
(295, 'https://play.google.com/store/apps/details?id=com.again.papabearscatering', 200, NULL, 'external', 57, NULL, NULL, NULL, NULL, NULL, NULL),
(1369, 'https://i0.wp.com/pappabearscatering.com/wp-content/uploads/2022/06/Pappa-Approved-LOGO.png?resize=255%2C254', 200, NULL, 'image-ex', 57, NULL, NULL, NULL, NULL, NULL, NULL),
(1368, 'https://i0.wp.com/pappabearscatering.com/wp-content/uploads/2022/06/Shirts.png?resize=234%2C176', 200, NULL, 'image-ex', 57, NULL, NULL, NULL, NULL, NULL, NULL),
(298, 'https://play.google.com/store/apps/details?id=com.again.papabearscatering', 127, NULL, 'external', 50, NULL, NULL, NULL, NULL, NULL, NULL),
(582, 'https://pappabearscatering.com/our-story/#contactform', 127, 222, 'internal', 50, 63, NULL, NULL, NULL, NULL, NULL),
(1334, 'https://i0.wp.com/pappabearscatering.com/wp-content/uploads/2022/08/AboutUs12.png?resize=750%2C339', 222, NULL, 'image-ex', 63, NULL, NULL, NULL, NULL, NULL, NULL),
(1272, 'https://i0.wp.com/pappabearscatering.com/wp-content/uploads/2022/08/Wedding10.png?resize=750%2C422', 255, NULL, 'image-ex', 81, NULL, NULL, NULL, NULL, NULL, NULL),
(488, 'https://pappabearscatering.com/merch-store/', 338, 200, 'internal', 100, 57, NULL, NULL, NULL, NULL, NULL),
(1271, 'https://i0.wp.com/pappabearscatering.com/wp-content/uploads/2022/08/Wedding9.png?resize=750%2C422', 255, NULL, 'image-ex', 81, NULL, NULL, NULL, NULL, NULL, NULL),
(1264, 'https://i0.wp.com/pappabearscatering.com/wp-content/uploads/2022/08/Wedding2.png?resize=750%2C422', 255, NULL, 'image-ex', 81, NULL, NULL, NULL, NULL, NULL, NULL),
(1429, 'https://i0.wp.com/pappabearscatering.com/wp-content/uploads/2022/07/Mobile-Food-Truck.png?resize=500%2C142', 6, NULL, 'image-ex', 11, NULL, NULL, NULL, NULL, NULL, NULL),
(1430, 'https://i0.wp.com/pappabearscatering.com/wp-content/uploads/2022/06/PB_App-ICON.png?resize=82%2C82', 6, NULL, 'image-ex', 11, NULL, NULL, NULL, NULL, NULL, NULL),
(1431, 'https://i0.wp.com/pappabearscatering.com/wp-content/uploads/2022/06/OrderUpLOGO.png?resize=647%2C144', 6, NULL, 'image-ex', 11, NULL, NULL, NULL, NULL, NULL, NULL),
(1370, 'https://i0.wp.com/pappabearscatering.com/wp-content/uploads/2022/06/Hat-1.png?resize=234%2C176', 200, NULL, 'image-ex', 57, NULL, NULL, NULL, NULL, NULL, NULL),
(718, 'mailto:info@pappabears.com', 127, NULL, 'external', 50, NULL, NULL, NULL, NULL, NULL, NULL),
(719, 'https://pappabearscatering.com/catering/#wholehoganchor', 127, 255, 'internal', 50, 81, NULL, NULL, NULL, NULL, NULL),
(1269, 'https://i0.wp.com/pappabearscatering.com/wp-content/uploads/2022/08/Wedding-7.png?resize=750%2C422', 255, NULL, 'image-ex', 81, NULL, NULL, NULL, NULL, NULL, NULL),
(1268, 'https://i0.wp.com/pappabearscatering.com/wp-content/uploads/2022/08/Wedding6.png?resize=750%2C422', 255, NULL, 'image-ex', 81, NULL, NULL, NULL, NULL, NULL, NULL),
(1205, 'https://i0.wp.com/pappabearscatering.com/wp-content/uploads/2022/08/BBQ-Central.png?resize=500%2C142', 127, NULL, 'image-ex', 50, NULL, NULL, NULL, NULL, NULL, NULL),
(1287, 'https://i0.wp.com/pappabearscatering.com/wp-content/uploads/2022/06/Mail-ICON.png?resize=38%2C39', 255, NULL, 'image-ex', 81, NULL, NULL, NULL, NULL, NULL, NULL),
(1204, 'https://i0.wp.com/pappabearscatering.com/wp-content/uploads/elementor/thumbs/BBQ-Central-pshfsmx4agf24fwue2hl7f0wdqnkh7nef8a21yir5s.png?w=750', 127, NULL, 'image-ex', 50, NULL, NULL, NULL, NULL, NULL, NULL),
(1333, 'https://i0.wp.com/pappabearscatering.com/wp-content/uploads/2022/08/AboutUs11.png?resize=750%2C339', 222, NULL, 'image-ex', 63, NULL, NULL, NULL, NULL, NULL, NULL),
(1331, 'https://i0.wp.com/pappabearscatering.com/wp-content/uploads/2022/08/AboutUs7.png?resize=750%2C339', 222, NULL, 'image-ex', 63, NULL, NULL, NULL, NULL, NULL, NULL),
(1327, 'https://i0.wp.com/pappabearscatering.com/wp-content/uploads/2022/08/AboutUs3.png?resize=750%2C339', 222, NULL, 'image-ex', 63, NULL, NULL, NULL, NULL, NULL, NULL),
(439, 'mailto:info@pappabears.com', 255, NULL, 'external', 81, NULL, NULL, NULL, NULL, NULL, NULL),
(440, 'mailto:info@pappabears.com', 255, NULL, 'external', 81, NULL, NULL, NULL, NULL, NULL, NULL),
(441, 'mailto:info@pappabears.com', 200, NULL, 'external', 57, NULL, NULL, NULL, NULL, NULL, NULL),
(438, 'mailto:info@pappabears.com', 338, NULL, 'external', 100, NULL, NULL, NULL, NULL, NULL, NULL),
(1330, 'https://i0.wp.com/pappabearscatering.com/wp-content/uploads/2022/08/AboutUs6.png?resize=750%2C339', 222, NULL, 'image-ex', 63, NULL, NULL, NULL, NULL, NULL, NULL),
(610, 'https://pappabearscatering.com/', 200, NULL, 'internal', 57, 9, NULL, NULL, NULL, NULL, NULL),
(611, 'https://pappabearscatering.com/bbq-central/', 200, 127, 'internal', 57, 50, NULL, NULL, NULL, NULL, NULL),
(1203, 'https://i0.wp.com/pappabearscatering.com/wp-content/uploads/2022/06/Insta-ICON.png?resize=35%2C34', 127, NULL, 'image-ex', 50, NULL, NULL, NULL, NULL, NULL, NULL),
(489, 'https://pappabearscatering.com/our-story/', 338, 222, 'internal', 100, 63, NULL, NULL, NULL, NULL, NULL),
(575, 'https://pappabearscatering.com/catering/#wholehoganchor', 338, 255, 'internal', 100, 81, NULL, NULL, NULL, NULL, NULL),
(490, 'https://pappabearscatering.com/catering/', 338, 255, 'internal', 100, 81, NULL, NULL, NULL, NULL, NULL),
(1427, 'https://i0.wp.com/pappabearscatering.com/wp-content/uploads/2022/06/Insta-ICON.png?resize=35%2C34', 6, NULL, 'image-ex', 11, NULL, NULL, NULL, NULL, NULL, NULL),
(1260, 'https://i0.wp.com/pappabearscatering.com/wp-content/uploads/2022/08/WholeHog1.png?resize=750%2C422', 255, NULL, 'image-ex', 81, NULL, NULL, NULL, NULL, NULL, NULL),
(1261, 'https://i0.wp.com/pappabearscatering.com/wp-content/uploads/2022/08/WholeHog2.png?resize=750%2C422', 255, NULL, 'image-ex', 81, NULL, NULL, NULL, NULL, NULL, NULL),
(1262, 'https://i0.wp.com/pappabearscatering.com/wp-content/uploads/2022/08/WholeHog3.png?resize=750%2C422', 255, NULL, 'image-ex', 81, NULL, NULL, NULL, NULL, NULL, NULL),
(1263, 'https://i0.wp.com/pappabearscatering.com/wp-content/uploads/2022/08/Wedding1.png?resize=750%2C422', 255, NULL, 'image-ex', 81, NULL, NULL, NULL, NULL, NULL, NULL),
(1386, 'https://i0.wp.com/pappabearscatering.com/wp-content/uploads/2022/06/Food-Truck-ICON.png?resize=87%2C50', 338, NULL, 'image-ex', 100, NULL, NULL, NULL, NULL, NULL, NULL),
(1267, 'https://i0.wp.com/pappabearscatering.com/wp-content/uploads/2022/08/Wedding5.png?resize=750%2C422', 255, NULL, 'image-ex', 81, NULL, NULL, NULL, NULL, NULL, NULL),
(1265, 'https://i0.wp.com/pappabearscatering.com/wp-content/uploads/2022/08/Wedding3.png?resize=750%2C422', 255, NULL, 'image-ex', 81, NULL, NULL, NULL, NULL, NULL, NULL),
(1266, 'https://i0.wp.com/pappabearscatering.com/wp-content/uploads/2022/08/Wedding4.png?resize=750%2C422', 255, NULL, 'image-ex', 81, NULL, NULL, NULL, NULL, NULL, NULL),
(1258, 'https://i0.wp.com/pappabearscatering.com/wp-content/uploads/2022/08/WholeHog2.png?resize=750%2C422', 255, NULL, 'image-ex', 81, NULL, NULL, NULL, NULL, NULL, NULL),
(1255, 'https://i0.wp.com/pappabearscatering.com/wp-content/uploads/elementor/thumbs/Catering-psam5djq6untet8otirgwzecyxyj78ip95l4x2ieio.png?w=750', 255, NULL, 'image-ex', 81, NULL, NULL, NULL, NULL, NULL, NULL),
(1256, 'https://i0.wp.com/pappabearscatering.com/wp-content/uploads/2022/07/Mobile-Catering-.png?resize=500%2C142', 255, NULL, 'image-ex', 81, NULL, NULL, NULL, NULL, NULL, NULL),
(673, 'https://pappabearscatering.com/our-story/#contactform', 255, 222, 'internal', 81, 63, NULL, NULL, NULL, NULL, NULL),
(671, 'https://pappabearscatering.com/our-story/', 255, 222, 'internal', 81, 63, NULL, NULL, NULL, NULL, NULL),
(672, 'https://pappabearscatering.com/find-the-truck/', 255, 6, 'internal', 81, 11, NULL, NULL, NULL, NULL, NULL),
(670, 'https://pappabearscatering.com/merch-store/', 255, 200, 'internal', 81, 57, NULL, NULL, NULL, NULL, NULL),
(668, 'https://pappabearscatering.com/', 255, NULL, 'internal', 81, 9, NULL, NULL, NULL, NULL, NULL),
(669, 'https://pappabearscatering.com/bbq-central/', 255, 127, 'internal', 81, 50, NULL, NULL, NULL, NULL, NULL),
(1329, 'https://i0.wp.com/pappabearscatering.com/wp-content/uploads/2022/08/AboutUs5.png?resize=750%2C339', 222, NULL, 'image-ex', 63, NULL, NULL, NULL, NULL, NULL, NULL),
(1328, 'https://i0.wp.com/pappabearscatering.com/wp-content/uploads/2022/08/AboutUs4.png?resize=750%2C339', 222, NULL, 'image-ex', 63, NULL, NULL, NULL, NULL, NULL, NULL),
(714, 'https://pappabearscatering.com/catering/#wholehoganchor', 222, 255, 'internal', 63, 81, NULL, NULL, NULL, NULL, NULL),
(577, 'https://pappabearscatering.com/', 127, NULL, 'internal', 50, 9, NULL, NULL, NULL, NULL, NULL),
(1313, 'https://i0.wp.com/pappabearscatering.com/wp-content/uploads/elementor/thumbs/Our-Story-pt474grcb1zfsnkpgsx918wzz1gv7q1nq10o3grev4.png?w=750', 222, NULL, 'image-ex', 63, NULL, NULL, NULL, NULL, NULL, NULL),
(578, 'https://pappabearscatering.com/merch-store/', 127, 200, 'internal', 50, 57, NULL, NULL, NULL, NULL, NULL),
(640, 'https://pappabearscatering.com/', 6, NULL, 'internal', 11, 9, NULL, NULL, NULL, NULL, NULL),
(641, 'https://pappabearscatering.com/bbq-central/', 6, 127, 'internal', 11, 50, NULL, NULL, NULL, NULL, NULL),
(1324, 'https://i0.wp.com/pappabearscatering.com/wp-content/uploads/2022/08/AboutUs10.png?resize=750%2C339', 222, NULL, 'image-ex', 63, NULL, NULL, NULL, NULL, NULL, NULL),
(715, 'https://pappabearscatering.com/catering/#wholehoganchor', 222, 255, 'internal', 63, 81, NULL, NULL, NULL, NULL, NULL),
(518, 'https://pappabearscatering.com/find-the-truck/', 222, 6, 'internal', 63, 11, NULL, NULL, NULL, NULL, NULL),
(514, 'https://pappabearscatering.com/', 222, NULL, 'internal', 63, 9, NULL, NULL, NULL, NULL, NULL),
(515, 'https://pappabearscatering.com/bbq-central/', 222, 127, 'internal', 63, 50, NULL, NULL, NULL, NULL, NULL),
(579, 'https://pappabearscatering.com/our-story/', 127, 222, 'internal', 50, 63, NULL, NULL, NULL, NULL, NULL),
(580, 'https://pappabearscatering.com/catering/', 127, 255, 'internal', 50, 81, NULL, NULL, NULL, NULL, NULL),
(581, 'https://pappabearscatering.com/find-the-truck/', 127, 6, 'internal', 50, 11, NULL, NULL, NULL, NULL, NULL),
(516, 'https://pappabearscatering.com/merch-store/', 222, 200, 'internal', 63, 57, NULL, NULL, NULL, NULL, NULL),
(517, 'https://pappabearscatering.com/catering/', 222, 255, 'internal', 63, 81, NULL, NULL, NULL, NULL, NULL),
(1326, 'https://i0.wp.com/pappabearscatering.com/wp-content/uploads/2022/08/ABoutUs2.png?resize=750%2C339', 222, NULL, 'image-ex', 63, NULL, NULL, NULL, NULL, NULL, NULL),
(1325, 'https://i0.wp.com/pappabearscatering.com/wp-content/uploads/2022/08/AboutUs1.png?resize=750%2C339', 222, NULL, 'image-ex', 63, NULL, NULL, NULL, NULL, NULL, NULL),
(1323, 'https://i0.wp.com/pappabearscatering.com/wp-content/uploads/2022/06/DewigLogo.png?resize=235%2C144', 222, NULL, 'image-ex', 63, NULL, NULL, NULL, NULL, NULL, NULL),
(1321, 'https://i0.wp.com/pappabearscatering.com/wp-content/uploads/2022/10/AboutUs10.png?resize=750%2C339', 222, NULL, 'image-ex', 63, NULL, NULL, NULL, NULL, NULL, NULL),
(1322, 'https://i0.wp.com/pappabearscatering.com/wp-content/uploads/2022/06/Pappa-Approved-LOGO.png?resize=255%2C254', 222, NULL, 'image-ex', 63, NULL, NULL, NULL, NULL, NULL, NULL),
(1319, 'https://i0.wp.com/pappabearscatering.com/wp-content/uploads/2022/06/Pappa-Approved-LOGO.png?resize=255%2C254', 222, NULL, 'image-ex', 63, NULL, NULL, NULL, NULL, NULL, NULL),
(1320, 'https://i0.wp.com/pappabearscatering.com/wp-content/uploads/2022/06/DewigLogo.png?resize=235%2C144', 222, NULL, 'image-ex', 63, NULL, NULL, NULL, NULL, NULL, NULL),
(567, 'https://pappabearscatering.com/wp-content/plugins/wpforms-lite/assets/images/submit-spin.svg', 222, NULL, 'image-in', 63, NULL, NULL, NULL, NULL, NULL, NULL),
(568, 'https://pappabearscatering.com/wp-content/plugins/wpforms-lite/assets/images/submit-spin.svg', 222, NULL, 'image-in', 63, NULL, NULL, NULL, NULL, NULL, NULL),
(1317, 'https://i0.wp.com/pappabearscatering.com/wp-content/uploads/2022/06/Flag.png?resize=235%2C408', 222, NULL, 'image-ex', 63, NULL, NULL, NULL, NULL, NULL, NULL),
(1318, 'https://i0.wp.com/pappabearscatering.com/wp-content/uploads/2022/06/PB_Logo-Homepage-header.png?resize=344%2C248', 222, NULL, 'image-ex', 63, NULL, NULL, NULL, NULL, NULL, NULL),
(1316, 'https://i0.wp.com/pappabearscatering.com/wp-content/uploads/2022/06/PB_Logo-Homepage-header.png?resize=344%2C248', 222, NULL, 'image-ex', 63, NULL, NULL, NULL, NULL, NULL, NULL),
(1314, 'https://i0.wp.com/pappabearscatering.com/wp-content/uploads/2022/08/Mobile-Our-Story.png?resize=500%2C142', 222, NULL, 'image-ex', 63, NULL, NULL, NULL, NULL, NULL, NULL),
(1315, 'https://i0.wp.com/pappabearscatering.com/wp-content/uploads/2022/06/Flag.png?resize=235%2C408', 222, NULL, 'image-ex', 63, NULL, NULL, NULL, NULL, NULL, NULL),
(1424, 'https://i0.wp.com/pappabearscatering.com/wp-content/uploads/2022/06/Food-Truck-ICON.png?resize=87%2C50', 6, NULL, 'image-ex', 11, NULL, NULL, NULL, NULL, NULL, NULL),
(1361, 'https://i0.wp.com/pappabearscatering.com/wp-content/uploads/2022/06/Food-Truck-ICON.png?resize=87%2C50', 200, NULL, 'image-ex', 57, NULL, NULL, NULL, NULL, NULL, NULL),
(1425, 'https://i0.wp.com/pappabearscatering.com/wp-content/uploads/2022/06/FB-ICON.png?resize=35%2C34', 6, NULL, 'image-ex', 11, NULL, NULL, NULL, NULL, NULL, NULL),
(1381, 'https://i0.wp.com/pappabearscatering.com/wp-content/uploads/2022/06/Dewig_Footer.png?resize=163%2C56', 200, NULL, 'image-ex', 57, NULL, NULL, NULL, NULL, NULL, NULL),
(1382, 'https://i0.wp.com/pappabearscatering.com/wp-content/uploads/2022/06/Phone-ICON.png?resize=38%2C39', 200, NULL, 'image-ex', 57, NULL, NULL, NULL, NULL, NULL, NULL),
(1383, 'https://i0.wp.com/pappabearscatering.com/wp-content/uploads/2022/06/Mail-ICON.png?resize=38%2C39', 200, NULL, 'image-ex', 57, NULL, NULL, NULL, NULL, NULL, NULL),
(1384, 'https://i0.wp.com/pappabearscatering.com/wp-content/uploads/2022/06/Dewig_Footer.png?resize=163%2C56', 200, NULL, 'image-ex', 57, NULL, NULL, NULL, NULL, NULL, NULL),
(1310, 'https://i0.wp.com/pappabearscatering.com/wp-content/uploads/2022/06/FB-ICON.png?resize=35%2C34', 222, NULL, 'image-ex', 63, NULL, NULL, NULL, NULL, NULL, NULL),
(1309, 'https://i0.wp.com/pappabearscatering.com/wp-content/uploads/2022/06/Food-Truck-ICON.png?resize=87%2C50', 222, NULL, 'image-ex', 63, NULL, NULL, NULL, NULL, NULL, NULL),
(1440, 'https://i0.wp.com/pappabearscatering.com/wp-content/uploads/2022/06/Mail-ICON.png?resize=38%2C39', 6, NULL, 'image-ex', 11, NULL, NULL, NULL, NULL, NULL, NULL),
(1441, 'https://i0.wp.com/pappabearscatering.com/wp-content/uploads/2022/06/Dewig_Footer.png?resize=163%2C56', 6, NULL, 'image-ex', 11, NULL, NULL, NULL, NULL, NULL, NULL),
(665, 'https://play.google.com/store/apps/details?id=com.again.papabearscatering&#038;hl=en&#038;gl=US', 6, NULL, 'external', 11, NULL, NULL, NULL, NULL, NULL, NULL),
(666, 'https://orderupapps.com/', 6, NULL, 'external', 11, NULL, NULL, NULL, NULL, NULL, NULL),
(667, 'https://orderupapps.com/', 6, NULL, 'external', 11, NULL, NULL, NULL, NULL, NULL, NULL),
(1259, 'https://i0.wp.com/pappabearscatering.com/wp-content/uploads/2022/08/WholeHog3.png?resize=750%2C422', 255, NULL, 'image-ex', 81, NULL, NULL, NULL, NULL, NULL, NULL),
(1257, 'https://i0.wp.com/pappabearscatering.com/wp-content/uploads/2022/08/WholeHog1.png?resize=750%2C422', 255, NULL, 'image-ex', 81, NULL, NULL, NULL, NULL, NULL, NULL),
(1253, 'https://i0.wp.com/pappabearscatering.com/wp-content/uploads/2022/06/YouTube-ICON.png?resize=35%2C34', 255, NULL, 'image-ex', 81, NULL, NULL, NULL, NULL, NULL, NULL),
(1254, 'https://i0.wp.com/pappabearscatering.com/wp-content/uploads/2022/06/Insta-ICON.png?resize=35%2C34', 255, NULL, 'image-ex', 81, NULL, NULL, NULL, NULL, NULL, NULL),
(1251, 'https://i0.wp.com/pappabearscatering.com/wp-content/uploads/2022/06/Food-Truck-ICON.png?resize=87%2C50', 255, NULL, 'image-ex', 81, NULL, NULL, NULL, NULL, NULL, NULL),
(1252, 'https://i0.wp.com/pappabearscatering.com/wp-content/uploads/2022/06/FB-ICON.png?resize=35%2C34', 255, NULL, 'image-ex', 81, NULL, NULL, NULL, NULL, NULL, NULL);

-- --------------------------------------------------------

